Last updated on 2025-10-31 09:50:17 CET.
| Flavor | Version | Tinstall | Tcheck | Ttotal | Status | Flags | 
|---|---|---|---|---|---|---|
| r-devel-linux-x86_64-debian-clang | 1.5.2 | 2.40 | 51.92 | 54.32 | OK | |
| r-devel-linux-x86_64-debian-gcc | 1.5.2 | 1.88 | 38.23 | 40.11 | OK | |
| r-devel-linux-x86_64-fedora-clang | 1.5.2 | 10.00 | 75.42 | 85.42 | OK | |
| r-devel-linux-x86_64-fedora-gcc | 1.5.2 | 93.07 | OK | |||
| r-devel-windows-x86_64 | 1.5.2 | 5.00 | 144.00 | 149.00 | OK | |
| r-patched-linux-x86_64 | 1.5.2 | 2.49 | 48.35 | 50.84 | OK | |
| r-release-linux-x86_64 | 1.5.2 | 2.60 | 47.48 | 50.08 | OK | |
| r-release-macos-arm64 | 1.5.2 | 1.00 | 121.00 | 122.00 | OK | |
| r-release-macos-x86_64 | 1.5.2 | 2.00 | 150.00 | 152.00 | ERROR | |
| r-release-windows-x86_64 | 1.5.2 | 6.00 | 145.00 | 151.00 | OK | |
| r-oldrel-macos-arm64 | 1.5.2 | 1.00 | 109.00 | 110.00 | OK | |
| r-oldrel-macos-x86_64 | 1.5.2 | 2.00 | 148.00 | 150.00 | OK | |
| r-oldrel-windows-x86_64 | 1.5.2 | 6.00 | 162.00 | 168.00 | NOTE | 
Version: 1.5.2
Check: re-building of vignette outputs
Result: ERROR
  Error(s) in re-building vignettes:
  --- re-building ‘foreach.Rmd’ using rmarkdown
  --- finished re-building ‘foreach.Rmd’
  
  --- re-building ‘nested.Rmd’ using rmarkdown
  Error: processing vignette 'nested.Rmd' failed with diagnostics:
  there is no package called ‘htmltools’
  --- failed re-building ‘nested.Rmd’
  
  SUMMARY: processing the following file failed:
    ‘nested.Rmd’
  
  Error: Vignette re-building failed.
  Execution halted
Flavor: r-release-macos-x86_64
Version: 1.5.2
Check: package dependencies
Result: NOTE
  Package suggested but not available for checking: 'doMC'
Flavor: r-oldrel-windows-x86_64