Last updated on 2025-10-31 09:50:17 CET.
| Flavor | Version | Tinstall | Tcheck | Ttotal | Status | Flags | 
|---|---|---|---|---|---|---|
| r-devel-linux-x86_64-debian-clang | 0.4.0 | 4.29 | 41.96 | 46.25 | NOTE | |
| r-devel-linux-x86_64-debian-gcc | 0.4.0 | 2.82 | 31.40 | 34.22 | NOTE | |
| r-devel-linux-x86_64-fedora-clang | 0.4.0 | 18.00 | 54.22 | 72.22 | OK | |
| r-devel-linux-x86_64-fedora-gcc | 0.4.0 | 10.00 | 54.80 | 64.80 | OK | |
| r-devel-windows-x86_64 | 0.4.0 | 6.00 | 63.00 | 69.00 | OK | |
| r-patched-linux-x86_64 | 0.4.0 | 4.95 | 39.58 | 44.53 | OK | |
| r-release-linux-x86_64 | 0.4.0 | 4.57 | 39.54 | 44.11 | OK | |
| r-release-macos-arm64 | 0.4.0 | 2.00 | 21.00 | 23.00 | OK | |
| r-release-macos-x86_64 | 0.4.0 | 4.00 | 32.00 | 36.00 | OK | |
| r-release-windows-x86_64 | 0.4.0 | 7.00 | 64.00 | 71.00 | OK | |
| r-oldrel-macos-arm64 | 0.4.0 | 2.00 | 24.00 | 26.00 | OK | |
| r-oldrel-macos-x86_64 | 0.4.0 | 3.00 | 29.00 | 32.00 | OK | |
| r-oldrel-windows-x86_64 | 0.4.0 | 8.00 | 73.00 | 81.00 | OK | 
Version: 0.4.0
Check: CRAN incoming feasibility
Result: NOTE
  Maintainer: ‘Matthew J. Vavrek <matthew@matthewvavrek.com>’
  
  No Authors@R field in DESCRIPTION.
  Please add one, modifying
    Authors@R: person(given = c("Matthew", "J."),
                      family = "Vavrek",
                      role = c("aut", "cre"),
                      email = "matthew@matthewvavrek.com")
  as necessary.
  
  Package CITATION file contains call(s) to old-style citEntry().  Please
  use bibentry() instead.
Flavors: r-devel-linux-x86_64-debian-clang, r-devel-linux-x86_64-debian-gcc