CRAN Package Check Results for Package ggbiplot

Last updated on 2025-10-22 09:50:34 CEST.

Flavor Version Tinstall Tcheck Ttotal Status Flags
r-devel-linux-x86_64-debian-clang 0.6.2 5.10 58.92 64.02 NOTE
r-devel-linux-x86_64-debian-gcc 0.6.2 3.85 42.24 46.09 NOTE
r-devel-linux-x86_64-fedora-clang 0.6.2 13.00 81.00 94.00 NOTE
r-devel-linux-x86_64-fedora-gcc 0.6.2 12.00 79.44 91.44 NOTE
r-devel-windows-x86_64 0.6.2 7.00 67.00 74.00 NOTE
r-patched-linux-x86_64 0.6.2 5.53 53.59 59.12 NOTE
r-release-linux-x86_64 0.6.2 4.54 53.24 57.78 NOTE
r-release-macos-arm64 0.6.2 3.00 25.00 28.00 NOTE
r-release-macos-x86_64 0.6.2 4.00 37.00 41.00 NOTE
r-release-windows-x86_64 0.6.2 7.00 68.00 75.00 NOTE
r-oldrel-macos-arm64 0.6.2 2.00 23.00 25.00 OK
r-oldrel-macos-x86_64 0.6.2 3.00 34.00 37.00 OK
r-oldrel-windows-x86_64 0.6.2 10.00 85.00 95.00 OK

Check Details

Version: 0.6.2
Check: DESCRIPTION meta-information
Result: NOTE Missing dependency on R >= 4.1.0 because package code uses the pipe |> or function shorthand \(...) syntax added in R 4.1.0. File(s) using such syntax: ‘crime.Rd’ ‘get_SVD.Rd’ ‘ggscreeplot.Rd’ ‘reflect.Rd’ Flavors: r-devel-linux-x86_64-debian-clang, r-devel-linux-x86_64-debian-gcc, r-devel-linux-x86_64-fedora-clang, r-devel-linux-x86_64-fedora-gcc, r-devel-windows-x86_64, r-patched-linux-x86_64, r-release-linux-x86_64, r-release-macos-arm64, r-release-macos-x86_64, r-release-windows-x86_64