Last updated on 2025-11-21 09:49:06 CET.
| Flavor | Version | Tinstall | Tcheck | Ttotal | Status | Flags |
|---|---|---|---|---|---|---|
| r-devel-linux-x86_64-debian-clang | 1.1.2 | 53.98 | 167.69 | 221.67 | NOTE | |
| r-devel-linux-x86_64-debian-gcc | 1.1.2 | 34.96 | 123.94 | 158.90 | NOTE | |
| r-devel-linux-x86_64-fedora-clang | 1.1.2 | 130.00 | 240.08 | 370.08 | OK | |
| r-devel-linux-x86_64-fedora-gcc | 1.1.2 | 116.00 | 239.88 | 355.88 | OK | |
| r-devel-windows-x86_64 | 1.1.2 | 83.00 | 195.00 | 278.00 | OK | |
| r-patched-linux-x86_64 | 1.1.2 | 52.74 | 162.43 | 215.17 | OK | |
| r-release-linux-x86_64 | 1.1.2 | 51.02 | 160.89 | 211.91 | OK | |
| r-release-macos-arm64 | 1.1.2 | OK | ||||
| r-release-macos-x86_64 | 1.1.2 | 25.00 | 164.00 | 189.00 | OK | |
| r-release-windows-x86_64 | 1.1.2 | 59.00 | 196.00 | 255.00 | OK | |
| r-oldrel-macos-arm64 | 1.1.2 | NOTE | ||||
| r-oldrel-macos-x86_64 | 1.1.2 | 32.00 | 132.00 | 164.00 | NOTE | |
| r-oldrel-windows-x86_64 | 1.1.2 | 78.00 | 255.00 | 333.00 | NOTE |
Version: 1.1.2
Check: CRAN incoming feasibility
Result: NOTE
Maintainer: ‘Ezequiel Toum <etoum@mendoza-conicet.gob.ar>’
No Authors@R field in DESCRIPTION.
Please add one, modifying
Authors@R: person(given = "Ezequiel",
family = "Toum",
role = c("aut", "cre"),
email = "etoum@mendoza-conicet.gob.ar")
as necessary.
Flavors: r-devel-linux-x86_64-debian-clang, r-devel-linux-x86_64-debian-gcc
Version: 1.1.2
Check: installed package size
Result: NOTE
installed size is 8.1Mb
sub-directories of 1Mb or more:
extdata 5.5Mb
libs 1.7Mb
Flavors: r-oldrel-macos-arm64, r-oldrel-macos-x86_64, r-oldrel-windows-x86_64