Last updated on 2025-11-21 09:49:06 CET.
| Flavor | Version | Tinstall | Tcheck | Ttotal | Status | Flags |
|---|---|---|---|---|---|---|
| r-devel-linux-x86_64-debian-clang | 0.2.2.4 | 2.07 | 29.09 | 31.16 | OK | |
| r-devel-linux-x86_64-debian-gcc | 0.2.2.4 | 1.52 | 23.84 | 25.36 | OK | |
| r-devel-linux-x86_64-fedora-clang | 0.2.2.4 | 48.15 | NOTE | |||
| r-devel-linux-x86_64-fedora-gcc | 0.2.2.4 | 56.23 | NOTE | |||
| r-devel-windows-x86_64 | 0.2.2.4 | 6.00 | 47.00 | 53.00 | OK | |
| r-patched-linux-x86_64 | 0.2.2.4 | 1.90 | 27.34 | 29.24 | OK | |
| r-release-linux-x86_64 | 0.2.2.4 | 1.83 | 27.61 | 29.44 | OK | |
| r-release-macos-arm64 | 0.2.2.4 | OK | ||||
| r-release-macos-x86_64 | 0.2.2.4 | 2.00 | 42.00 | 44.00 | OK | |
| r-release-windows-x86_64 | 0.2.2.4 | 3.00 | 45.00 | 48.00 | OK | |
| r-oldrel-macos-arm64 | 0.2.2.4 | OK | ||||
| r-oldrel-macos-x86_64 | 0.2.2.4 | 2.00 | 32.00 | 34.00 | OK | |
| r-oldrel-windows-x86_64 | 0.2.2.4 | 4.00 | 57.00 | 61.00 | OK |
Version: 0.2.2.4
Check: dependencies in R code
Result: NOTE
Namespace in Imports field not imported from: ‘pscl’
All declared Imports should be used.
Flavors: r-devel-linux-x86_64-fedora-clang, r-devel-linux-x86_64-fedora-gcc