Last updated on 2025-10-30 09:49:53 CET.
| Flavor | Version | Tinstall | Tcheck | Ttotal | Status | Flags | 
|---|---|---|---|---|---|---|
| r-devel-linux-x86_64-debian-clang | 1.1 | 28.12 | 215.19 | 243.31 | NOTE | |
| r-devel-linux-x86_64-debian-gcc | 1.1 | 22.75 | 157.52 | 180.27 | NOTE | |
| r-devel-linux-x86_64-fedora-clang | 1.1 | 119.00 | 283.87 | 402.87 | OK | |
| r-devel-linux-x86_64-fedora-gcc | 1.1 | 70.00 | 283.84 | 353.84 | OK | |
| r-devel-windows-x86_64 | 1.1 | 22.00 | 142.00 | 164.00 | OK | |
| r-patched-linux-x86_64 | 1.1 | 27.37 | 204.25 | 231.62 | OK | |
| r-release-linux-x86_64 | 1.1 | 29.41 | 206.29 | 235.70 | OK | |
| r-release-macos-arm64 | 1.1 | 10.00 | 58.00 | 68.00 | OK | |
| r-release-macos-x86_64 | 1.1 | 13.00 | 88.00 | 101.00 | OK | |
| r-release-windows-x86_64 | 1.1 | 27.00 | 172.00 | 199.00 | WARN | |
| r-oldrel-macos-arm64 | 1.1 | 6.00 | 49.00 | 55.00 | OK | |
| r-oldrel-macos-x86_64 | 1.1 | 10.00 | 67.00 | 77.00 | OK | |
| r-oldrel-windows-x86_64 | 1.1 | 36.00 | 225.00 | 261.00 | WARN | 
Version: 1.1
Check: CRAN incoming feasibility
Result: NOTE
  Maintainer: ‘Giancarlo Vercellino <giancarlo.vercellino@gmail.com>’
  
  No Authors@R field in DESCRIPTION.
  Please add one, modifying
    Authors@R: person(given = "Giancarlo",
                      family = "Vercellino",
                      role = c("aut", "cre"),
                      email = "giancarlo.vercellino@gmail.com")
  as necessary.
Flavors: r-devel-linux-x86_64-debian-clang, r-devel-linux-x86_64-debian-gcc
Version: 1.1
Check: whether package can be installed
Result: WARN
  Found the following significant warnings:
    Warning: Torch libraries are installed but loading them caused a segfault.
Flavors: r-release-windows-x86_64, r-oldrel-windows-x86_64