CRAN Package Check Results for Package leafpm

Last updated on 2025-11-23 12:49:53 CET.

Flavor Version Tinstall Tcheck Ttotal Status Flags
r-devel-linux-x86_64-debian-clang 0.1.0 1.73 21.68 23.41 NOTE
r-devel-linux-x86_64-debian-gcc 0.1.0 1.57 18.04 19.61 NOTE
r-devel-linux-x86_64-fedora-clang 0.1.0 33.37 NOTE
r-devel-linux-x86_64-fedora-gcc 0.1.0 31.24 NOTE
r-devel-windows-x86_64 0.1.0 7.00 41.00 48.00 OK
r-patched-linux-x86_64 0.1.0 1.97 19.47 21.44 OK
r-release-linux-x86_64 0.1.0 1.67 19.32 20.99 OK
r-release-macos-arm64 0.1.0 OK
r-release-macos-x86_64 0.1.0 2.00 22.00 24.00 OK
r-release-windows-x86_64 0.1.0 4.00 39.00 43.00 OK
r-oldrel-macos-arm64 0.1.0 NOTE
r-oldrel-macos-x86_64 0.1.0 2.00 20.00 22.00 NOTE
r-oldrel-windows-x86_64 0.1.0 5.00 44.00 49.00 NOTE

Check Details

Version: 0.1.0
Check: CRAN incoming feasibility
Result: NOTE Maintainer: ‘Kenton Russell <kent.russell@timelyportfolio.com>’ Found the following (possibly) invalid file URI: URI: CODE_OF_CONDUCT.md From: README.md Flavors: r-devel-linux-x86_64-debian-clang, r-devel-linux-x86_64-debian-gcc

Version: 0.1.0
Check: dependencies in R code
Result: NOTE Namespaces in Imports field not imported from: ‘dplyr’ ‘htmlwidgets’ ‘jsonlite’ ‘sf’ All declared Imports should be used. Flavors: r-devel-linux-x86_64-fedora-clang, r-devel-linux-x86_64-fedora-gcc

Version: 0.1.0
Check: LazyData
Result: NOTE 'LazyData' is specified without a 'data' directory Flavors: r-oldrel-macos-arm64, r-oldrel-macos-x86_64, r-oldrel-windows-x86_64