Last updated on 2025-10-31 09:50:21 CET.
| Flavor | Version | Tinstall | Tcheck | Ttotal | Status | Flags | 
|---|---|---|---|---|---|---|
| r-devel-linux-x86_64-debian-clang | 1.1 | 5.78 | 76.76 | 82.54 | NOTE | |
| r-devel-linux-x86_64-debian-gcc | 1.1 | 4.58 | 53.66 | 58.24 | NOTE | |
| r-devel-linux-x86_64-fedora-clang | 1.1 | 12.00 | 117.88 | 129.88 | OK | |
| r-devel-linux-x86_64-fedora-gcc | 1.1 | 13.00 | 110.45 | 123.45 | OK | |
| r-devel-windows-x86_64 | 1.1 | 8.00 | 83.00 | 91.00 | OK | |
| r-patched-linux-x86_64 | 1.1 | 5.54 | 73.23 | 78.77 | OK | |
| r-release-linux-x86_64 | 1.1 | 5.70 | 72.13 | 77.83 | OK | |
| r-release-macos-arm64 | 1.1 | 3.00 | 29.00 | 32.00 | OK | |
| r-release-macos-x86_64 | 1.1 | 5.00 | 56.00 | 61.00 | OK | |
| r-release-windows-x86_64 | 1.1 | 9.00 | 81.00 | 90.00 | OK | |
| r-oldrel-macos-arm64 | 1.1 | 3.00 | 29.00 | 32.00 | OK | |
| r-oldrel-macos-x86_64 | 1.1 | 4.00 | 43.00 | 47.00 | OK | |
| r-oldrel-windows-x86_64 | 1.1 | 11.00 | 105.00 | 116.00 | OK | 
Version: 1.1
Check: CRAN incoming feasibility
Result: NOTE
  Maintainer: ‘Chris Grace <cgrace@well.ox.ac.uk>’
  
  No Authors@R field in DESCRIPTION.
  Please add one, modifying
    Authors@R: person(given = "Chris",
                      family = "Grace",
                      role = c("aut", "cre"),
                      email = "cgrace@well.ox.ac.uk")
  as necessary.
Flavors: r-devel-linux-x86_64-debian-clang, r-devel-linux-x86_64-debian-gcc