Last updated on 2025-10-30 09:49:54 CET.
| Flavor | Version | Tinstall | Tcheck | Ttotal | Status | Flags | 
|---|---|---|---|---|---|---|
| r-devel-linux-x86_64-debian-clang | 1.0.4.1 | 4.12 | 112.76 | 116.88 | NOTE | |
| r-devel-linux-x86_64-debian-gcc | 1.0.4.1 | 2.75 | 65.80 | 68.55 | NOTE | |
| r-devel-linux-x86_64-fedora-clang | 1.0.4.1 | 215.10 | OK | |||
| r-devel-linux-x86_64-fedora-gcc | 1.0.4.1 | 213.18 | OK | |||
| r-devel-windows-x86_64 | 1.0.4.1 | 6.00 | 175.00 | 181.00 | OK | |
| r-patched-linux-x86_64 | 1.0.4.1 | 4.35 | 127.82 | 132.17 | OK | |
| r-release-linux-x86_64 | 1.0.4.1 | 3.26 | 117.25 | 120.51 | OK | |
| r-release-macos-arm64 | 1.0.4.1 | 2.00 | 58.00 | 60.00 | OK | |
| r-release-macos-x86_64 | 1.0.4.1 | 5.00 | 103.00 | 108.00 | OK | |
| r-release-windows-x86_64 | 1.0.4.1 | 5.00 | 190.00 | 195.00 | OK | |
| r-oldrel-macos-arm64 | 1.0.4.1 | 2.00 | 60.00 | 62.00 | OK | |
| r-oldrel-macos-x86_64 | 1.0.4.1 | 6.00 | 159.00 | 165.00 | OK | |
| r-oldrel-windows-x86_64 | 1.0.4.1 | 10.00 | 200.00 | 210.00 | OK | 
Version: 1.0.4.1
Check: CRAN incoming feasibility
Result: NOTE
  Maintainer: ‘P. Roebuck <proebuck1701@gmail.com>’
  
  No Authors@R field in DESCRIPTION.
  Please add one, modifying
    Authors@R: person(given = "P.",
                      family = "Roebuck",
                      role = c("aut", "cre"),
                      email = "proebuck1701@gmail.com")
  as necessary.
Flavors: r-devel-linux-x86_64-debian-clang, r-devel-linux-x86_64-debian-gcc