Last updated on 2025-10-31 09:50:23 CET.
| Flavor | Version | Tinstall | Tcheck | Ttotal | Status | Flags | 
|---|---|---|---|---|---|---|
| r-devel-linux-x86_64-debian-clang | 1.0.0 | 2.68 | 30.79 | 33.47 | NOTE | |
| r-devel-linux-x86_64-debian-gcc | 1.0.0 | 2.01 | 24.38 | 26.39 | NOTE | |
| r-devel-linux-x86_64-fedora-clang | 1.0.0 | 50.88 | OK | |||
| r-devel-linux-x86_64-fedora-gcc | 1.0.0 | 49.02 | OK | |||
| r-devel-windows-x86_64 | 1.0.0 | 3.00 | 46.00 | 49.00 | OK | |
| r-patched-linux-x86_64 | 1.0.0 | 2.98 | 29.53 | 32.51 | OK | |
| r-release-linux-x86_64 | 1.0.0 | 2.46 | 29.80 | 32.26 | OK | |
| r-release-macos-arm64 | 1.0.0 | 2.00 | 22.00 | 24.00 | OK | |
| r-release-macos-x86_64 | 1.0.0 | 3.00 | 41.00 | 44.00 | OK | |
| r-release-windows-x86_64 | 1.0.0 | 4.00 | 49.00 | 53.00 | OK | |
| r-oldrel-macos-arm64 | 1.0.0 | 1.00 | 18.00 | 19.00 | OK | |
| r-oldrel-macos-x86_64 | 1.0.0 | 2.00 | 27.00 | 29.00 | OK | |
| r-oldrel-windows-x86_64 | 1.0.0 | 4.00 | 54.00 | 58.00 | OK | 
Version: 1.0.0
Check: CRAN incoming feasibility
Result: NOTE
  Maintainer: ‘Leo N. Geppert <geppert@statistik.uni-dortmund.de>’
  
  No Authors@R field in DESCRIPTION.
  Please add one, modifying
    Authors@R: c(person(given = "Esther",
                        family = "Denecke",
                        role = "aut"),
                 person(given = c("Leo", "N."),
                        family = "Geppert",
                        role = c("aut", "cre"),
                        email = "geppert@statistik.uni-dortmund.de"),
                 person(given = "Steffen",
                        family = "Maletz",
                        role = "ctb"),
                 person(given = c("R", "Core"),
                        family = "Team",
                        role = "ctb"))
  as necessary.
Flavors: r-devel-linux-x86_64-debian-clang, r-devel-linux-x86_64-debian-gcc