Last updated on 2025-10-31 09:50:23 CET.
| Flavor | Version | Tinstall | Tcheck | Ttotal | Status | Flags | 
|---|---|---|---|---|---|---|
| r-devel-linux-x86_64-debian-clang | 1.0.0.0 | 3.81 | 33.03 | 36.84 | NOTE | |
| r-devel-linux-x86_64-debian-gcc | 1.0.0.0 | 3.04 | 25.26 | 28.30 | NOTE | |
| r-devel-linux-x86_64-fedora-clang | 1.0.0.0 | 55.77 | OK | |||
| r-devel-linux-x86_64-fedora-gcc | 1.0.0.0 | 52.63 | OK | |||
| r-devel-windows-x86_64 | 1.0.0.0 | 5.00 | 48.00 | 53.00 | OK | |
| r-patched-linux-x86_64 | 1.0.0.0 | 3.43 | 31.12 | 34.55 | OK | |
| r-release-linux-x86_64 | 1.0.0.0 | 3.51 | 31.19 | 34.70 | OK | |
| r-release-macos-arm64 | 1.0.0.0 | 3.00 | 27.00 | 30.00 | OK | |
| r-release-macos-x86_64 | 1.0.0.0 | 3.00 | 33.00 | 36.00 | OK | |
| r-release-windows-x86_64 | 1.0.0.0 | 5.00 | 50.00 | 55.00 | OK | |
| r-oldrel-macos-arm64 | 1.0.0.0 | 2.00 | 19.00 | 21.00 | OK | |
| r-oldrel-macos-x86_64 | 1.0.0.0 | 3.00 | 28.00 | 31.00 | OK | |
| r-oldrel-windows-x86_64 | 1.0.0.0 | 6.00 | 58.00 | 64.00 | OK | 
Version: 1.0.0.0
Check: CRAN incoming feasibility
Result: NOTE
  Maintainer: ‘Kevin Michael Frick <kmfrick98@gmail.com>’
  
  No Authors@R field in DESCRIPTION.
  Please add one, modifying
    Authors@R: person(given = c("Kevin", "Michael"),
                      family = "Frick",
                      role = c("aut", "cre"),
                      email = "kmfrick98@gmail.com")
  as necessary.
Flavors: r-devel-linux-x86_64-debian-clang, r-devel-linux-x86_64-debian-gcc