Last updated on 2025-11-01 10:49:45 CET.
| Flavor | Version | Tinstall | Tcheck | Ttotal | Status | Flags |
|---|---|---|---|---|---|---|
| r-devel-linux-x86_64-debian-clang | 1.4-29 | 8.01 | 139.61 | 147.62 | OK | |
| r-devel-linux-x86_64-debian-gcc | 1.4-29 | 6.47 | 103.34 | 109.81 | OK | |
| r-devel-linux-x86_64-fedora-clang | 1.4-29 | 15.00 | 223.33 | 238.33 | OK | |
| r-devel-linux-x86_64-fedora-gcc | 1.4-29 | 34.00 | 215.62 | 249.62 | OK | |
| r-devel-windows-x86_64 | 1.4-29 | 13.00 | 195.00 | 208.00 | OK | |
| r-patched-linux-x86_64 | 1.4-29 | 9.10 | 137.07 | 146.17 | OK | |
| r-release-linux-x86_64 | 1.4-29 | 8.02 | 136.88 | 144.90 | OK | |
| r-release-macos-arm64 | 1.4-29 | 4.00 | 74.00 | 78.00 | OK | |
| r-release-macos-x86_64 | 1.4-29 | 7.00 | 141.00 | 148.00 | OK | |
| r-release-windows-x86_64 | 1.4-29 | 10.00 | 203.00 | 213.00 | OK | |
| r-oldrel-macos-arm64 | 1.4-29 | 4.00 | 79.00 | 83.00 | WARN | |
| r-oldrel-macos-x86_64 | 1.4-29 | 7.00 | 146.00 | 153.00 | WARN | |
| r-oldrel-windows-x86_64 | 1.4-29 | 16.00 | 219.00 | 235.00 | OK |
Version: 1.4-29
Check: package subdirectories
Result: WARN
Subdirectory 'demo' contains invalid file names:
‘Ch_Appl.Rout.save’ ‘Ch_GLM.Rout.save’ ‘Ch_Intro.Rout.save’
‘Ch_Misc.Rout.save’ ‘Ch_Theory.Rout.save’
Please remove or rename the files.
See section ‘Package subdirectories’ in the ‘Writing R Extensions’
manual.
Flavors: r-oldrel-macos-arm64, r-oldrel-macos-x86_64