Last updated on 2025-10-31 09:50:23 CET.
| Flavor | Version | Tinstall | Tcheck | Ttotal | Status | Flags | 
|---|---|---|---|---|---|---|
| r-devel-linux-x86_64-debian-clang | 0.3.2 | 13.51 | 167.60 | 181.11 | NOTE | |
| r-devel-linux-x86_64-debian-gcc | 0.3.2 | 10.06 | 120.66 | 130.72 | NOTE | |
| r-devel-linux-x86_64-fedora-clang | 0.3.2 | 30.00 | 240.88 | 270.88 | NOTE | |
| r-devel-linux-x86_64-fedora-gcc | 0.3.2 | 28.00 | 252.09 | 280.09 | NOTE | |
| r-devel-windows-x86_64 | 0.3.2 | 15.00 | 165.00 | 180.00 | NOTE | |
| r-patched-linux-x86_64 | 0.3.2 | 11.32 | 158.39 | 169.71 | NOTE | |
| r-release-linux-x86_64 | 0.3.2 | 12.98 | 157.76 | 170.74 | NOTE | |
| r-release-macos-arm64 | 0.3.2 | 7.00 | 110.00 | 117.00 | NOTE | |
| r-release-macos-x86_64 | 0.3.2 | 11.00 | 130.00 | 141.00 | NOTE | |
| r-release-windows-x86_64 | 0.3.2 | 14.00 | 167.00 | 181.00 | NOTE | |
| r-oldrel-macos-arm64 | 0.3.2 | 6.00 | 69.00 | 75.00 | NOTE | |
| r-oldrel-macos-x86_64 | 0.3.2 | 10.00 | 161.00 | 171.00 | NOTE | |
| r-oldrel-windows-x86_64 | 0.3.2 | 19.00 | 203.00 | 222.00 | NOTE | 
Version: 0.3.2
Check: DESCRIPTION meta-information
Result: NOTE
    Missing dependency on R >= 4.1.0 because package code uses the pipe
    |> or function shorthand \(...) syntax added in R 4.1.0.
    File(s) using such syntax:
      ‘as.data.frame.predict.R’
Flavors: r-devel-linux-x86_64-debian-clang, r-devel-linux-x86_64-debian-gcc, r-devel-linux-x86_64-fedora-clang, r-devel-linux-x86_64-fedora-gcc, r-devel-windows-x86_64, r-patched-linux-x86_64, r-release-linux-x86_64, r-release-macos-arm64, r-release-macos-x86_64, r-release-windows-x86_64
Version: 0.3.2
Check: Rd files
Result: NOTE
  checkRd: (-1) GSS.Rd:17: Lost braces
      17 | code{2016}.}
         |     ^
Flavors: r-devel-linux-x86_64-debian-clang, r-devel-linux-x86_64-debian-gcc, r-devel-linux-x86_64-fedora-clang, r-devel-linux-x86_64-fedora-gcc, r-devel-windows-x86_64, r-patched-linux-x86_64, r-release-linux-x86_64, r-release-macos-arm64, r-release-macos-x86_64, r-release-windows-x86_64, r-oldrel-macos-arm64, r-oldrel-macos-x86_64, r-oldrel-windows-x86_64