Last updated on 2025-10-31 09:50:25 CET.
| Flavor | Version | Tinstall | Tcheck | Ttotal | Status | Flags | 
|---|---|---|---|---|---|---|
| r-devel-linux-x86_64-debian-clang | 0.1.2 | 50.43 | 371.69 | 422.12 | OK | |
| r-devel-linux-x86_64-debian-gcc | 0.1.2 | 40.27 | 272.12 | 312.39 | OK | |
| r-devel-linux-x86_64-fedora-clang | 0.1.2 | 111.00 | 552.32 | 663.32 | OK | |
| r-devel-linux-x86_64-fedora-gcc | 0.1.2 | 235.00 | 471.49 | 706.49 | OK | |
| r-devel-windows-x86_64 | 0.1.2 | 42.00 | 489.00 | 531.00 | OK | |
| r-patched-linux-x86_64 | 0.1.2 | 0.36 | 1.94 | 2.30 | ERROR | |
| r-release-linux-x86_64 | 0.1.2 | 48.28 | 354.96 | 403.24 | OK | |
| r-release-macos-arm64 | 0.1.2 | 19.00 | 171.00 | 190.00 | OK | |
| r-release-macos-x86_64 | 0.1.2 | 45.00 | 291.00 | 336.00 | OK | |
| r-release-windows-x86_64 | 0.1.2 | 41.00 | 486.00 | 527.00 | OK | |
| r-oldrel-macos-arm64 | 0.1.2 | 18.00 | 220.00 | 238.00 | OK | |
| r-oldrel-macos-x86_64 | 0.1.2 | 44.00 | 439.00 | 483.00 | OK | |
| r-oldrel-windows-x86_64 | 0.1.2 | 58.00 | 641.00 | 699.00 | OK | 
Version: 0.1.2
Check: package dependencies
Result: ERROR
  Packages required but not available: 'DESeq2', 'SummarizedExperiment'
  
  See section ‘The DESCRIPTION file’ in the ‘Writing R Extensions’
  manual.
Flavor: r-patched-linux-x86_64