Last updated on 2025-10-31 09:50:25 CET.
| Flavor | Version | Tinstall | Tcheck | Ttotal | Status | Flags | 
|---|---|---|---|---|---|---|
| r-devel-linux-x86_64-debian-clang | 0.1.0 | 2.10 | 23.92 | 26.02 | NOTE | |
| r-devel-linux-x86_64-debian-gcc | 0.1.0 | 1.65 | 18.54 | 20.19 | NOTE | |
| r-devel-linux-x86_64-fedora-clang | 0.1.0 | 36.73 | NOTE | |||
| r-devel-linux-x86_64-fedora-gcc | 0.1.0 | 34.38 | NOTE | |||
| r-devel-windows-x86_64 | 0.1.0 | 3.00 | 48.00 | 51.00 | OK | |
| r-patched-linux-x86_64 | 0.1.0 | 2.06 | 21.61 | 23.67 | OK | |
| r-release-linux-x86_64 | 0.1.0 | 1.87 | 21.91 | 23.78 | OK | |
| r-release-macos-arm64 | 0.1.0 | 1.00 | 15.00 | 16.00 | OK | |
| r-release-macos-x86_64 | 0.1.0 | 2.00 | 23.00 | 25.00 | OK | |
| r-release-windows-x86_64 | 0.1.0 | 3.00 | 42.00 | 45.00 | OK | |
| r-oldrel-macos-arm64 | 0.1.0 | 1.00 | 15.00 | 16.00 | OK | |
| r-oldrel-macos-x86_64 | 0.1.0 | 2.00 | 19.00 | 21.00 | OK | |
| r-oldrel-windows-x86_64 | 0.1.0 | 3.00 | 47.00 | 50.00 | OK | 
Version: 0.1.0
Check: CRAN incoming feasibility
Result: NOTE
  Maintainer: ‘Seong Hyun Hwang <krshh1412@gmail.com>’
  
  No Authors@R field in DESCRIPTION.
  Please add one, modifying
    Authors@R: c(person(given = c("Seong", "Hyun"),
                        family = "Hwang",
                        role = c("aut", "cre"),
                        email = "krshh1412@gmail.com"),
                 person(given = c("Rachel", "Myoung"),
                        family = "Moon",
                        role = "aut"))
  as necessary.
Flavors: r-devel-linux-x86_64-debian-clang, r-devel-linux-x86_64-debian-gcc
Version: 0.1.0
Check: dependencies in R code
Result: NOTE
  Namespace in Imports field not imported from: ‘graphics’
    All declared Imports should be used.
Flavors: r-devel-linux-x86_64-fedora-clang, r-devel-linux-x86_64-fedora-gcc