Last updated on 2025-10-22 09:50:44 CEST.
Flavor | Version | Tinstall | Tcheck | Ttotal | Status | Flags |
---|---|---|---|---|---|---|
r-devel-linux-x86_64-debian-clang | 1.0.1 | 1.88 | 21.46 | 23.34 | NOTE | |
r-devel-linux-x86_64-debian-gcc | 1.0.1 | 1.35 | 17.81 | 19.16 | NOTE | |
r-devel-linux-x86_64-fedora-clang | 1.0.1 | 33.16 | OK | |||
r-devel-linux-x86_64-fedora-gcc | 1.0.1 | 32.14 | OK | |||
r-devel-windows-x86_64 | 1.0.1 | 3.00 | 43.00 | 46.00 | OK | |
r-patched-linux-x86_64 | 1.0.1 | 1.82 | 20.34 | 22.16 | OK | |
r-release-linux-x86_64 | 1.0.1 | 1.69 | 20.28 | 21.97 | OK | |
r-release-macos-arm64 | 1.0.1 | 1.00 | 15.00 | 16.00 | OK | |
r-release-macos-x86_64 | 1.0.1 | 2.00 | 26.00 | 28.00 | OK | |
r-release-windows-x86_64 | 1.0.1 | 3.00 | 42.00 | 45.00 | OK | |
r-oldrel-macos-arm64 | 1.0.1 | 1.00 | 15.00 | 16.00 | OK | |
r-oldrel-macos-x86_64 | 1.0.1 | 3.00 | 30.00 | 33.00 | OK | |
r-oldrel-windows-x86_64 | 1.0.1 | 4.00 | 46.00 | 50.00 | OK |
Version: 1.0.1
Check: HTML version of manual
Result: NOTE
Found the following HTML validation problems:
pci_info.html:85:1 (pci_info.Rd:46): Warning: missing </ul> before </div>
Flavors: r-devel-linux-x86_64-debian-clang, r-devel-linux-x86_64-debian-gcc