Last updated on 2025-10-31 09:50:26 CET.
| Flavor | Version | Tinstall | Tcheck | Ttotal | Status | Flags | 
|---|---|---|---|---|---|---|
| r-devel-linux-x86_64-debian-clang | 0.2.0 | 5.59 | 111.51 | 117.10 | NOTE | |
| r-devel-linux-x86_64-debian-gcc | 0.2.0 | 3.99 | 74.81 | 78.80 | NOTE | |
| r-devel-linux-x86_64-fedora-clang | 0.2.0 | 11.00 | 163.73 | 174.73 | OK | |
| r-devel-linux-x86_64-fedora-gcc | 0.2.0 | 13.00 | 170.02 | 183.02 | OK | |
| r-devel-windows-x86_64 | 0.2.0 | 6.00 | 152.00 | 158.00 | NOTE | |
| r-patched-linux-x86_64 | 0.2.0 | 6.33 | 106.02 | 112.35 | NOTE | |
| r-release-linux-x86_64 | 0.2.0 | 4.63 | 105.41 | 110.04 | NOTE | |
| r-release-macos-arm64 | 0.2.0 | 3.00 | 61.00 | 64.00 | OK | |
| r-release-macos-x86_64 | 0.2.0 | 7.00 | 141.00 | 148.00 | OK | |
| r-release-windows-x86_64 | 0.2.0 | 7.00 | 152.00 | 159.00 | NOTE | |
| r-oldrel-macos-arm64 | 0.2.0 | 2.00 | 56.00 | 58.00 | OK | |
| r-oldrel-macos-x86_64 | 0.2.0 | 3.00 | 109.00 | 112.00 | OK | |
| r-oldrel-windows-x86_64 | 0.2.0 | 7.00 | 186.00 | 193.00 | OK | 
Version: 0.2.0
Check: Rd cross-references
Result: NOTE
  Found the following Rd file(s) with Rd \link{} targets missing package
  anchors:
    api5l3t.Rd: assert_character, assert_double
    b31crvl.Rd: assert_double, assert_numeric, assert_logical
    b31gacd.Rd: assert_double
    b31gacl.Rd: assert_double
    b31gafr.Rd: assert_double
    b31gdata.Rd: assert_double, assert_numeric, assert_logical
    b31gdep.Rd: assert_double
    b31gmodpf.Rd: assert_double
    b31gops.Rd: assert_double, assert_numeric, assert_subset
    b31gpf.Rd: assert_double
    b31gsap.Rd: assert_double
    celsius.Rd: assert_double
    dnvpf.Rd: assert_double
    dropg.Rd: assert_double, assert_list
    dropp.Rd: assert_double, assert_choice
    dropt.Rd: assert_double
    fahrenheit.Rd: assert_double
    flowls.Rd: assert_flag, assert_list
    flux.Rd: assert_double
    fric_buzelli.Rd: assert_double, assert_flag
    fric_romeo.Rd: assert_double, assert_flag
    fric_vatankhan.Rd: assert_double, assert_flag
    geodist.Rd: assert_double, assert_numeric
    inch_mm.Rd: assert_double
    kelvin.Rd: assert_double
    kgf_mpa.Rd: assert_double
    m278hlair.Rd: assert_double
    m278hlcha.Rd: assert_double
    m278hlund.Rd: assert_double
    m278insdata.Rd: assert_integerish, assert_character, assert_integer
    m278inshcm.Rd: assert_double, assert_subset
    m278soildata.Rd: assert_character, assert_double
    m325beta.Rd: assert_subset, assert_double
    m325nhl.Rd: assert_integerish, assert_subset, assert_logical,
      assert_integer, assert_double, assert_choice
    m325nhldata.Rd: assert_character, assert_integer, assert_logical,
      assert_integerish, assert_double
    m325testbench.Rd: assert_double, assert_integerish, assert_character,
      assert_logical
    m325tracebw.Rd: assert_double, assert_integerish, assert_subset,
      assert_logical, assert_choice, assert_flag, assert_character,
      assert_count, assert_data_frame
    m325tracefw.Rd: assert_double, assert_integerish, assert_subset,
      assert_logical, assert_number, assert_choice, assert_flag,
      assert_character, assert_count, assert_data_frame
    m325traceline.Rd: assert_number, assert_double, assert_integerish,
      assert_numeric, assert_subset, assert_character, assert_logical,
      assert_choice, assert_flag, assert_list
    mepof.Rd: assert_double, assert_function, assert_int, assert_number,
      assert_choice, assert_count
    meteos.Rd: assert_integer, assert_character, assert_double,
      assert_data_frame
    mgtdh-iface.Rd: assert_integer, assert_count, assert_posixct,
      assert_number, assert_double, assert_flag
    mm_inch.Rd: assert_double
    mpa_kgf.Rd: assert_double
    mpa_psi.Rd: assert_double
    pcorrcpf.Rd: assert_double
    psi_mpa.Rd: assert_double
    reynolds.Rd: assert_double
    shell92pf.Rd: assert_double
    strderate.Rd: assert_double
    tracebw.Rd: assert_double, assert_choice, assert_flag,
      assert_character, assert_logical, assert_count, assert_data_frame
    tracefw.Rd: assert_double, assert_number, assert_choice, assert_flag,
      assert_character, assert_logical, assert_count, assert_data_frame
    traceline.Rd: assert_number, assert_double, assert_choice,
      assert_flag, assert_list
    wth_d.Rd: assert_double
  Please provide package anchors for all Rd \link{} targets not in the
  package itself and the base packages.
Flavors: r-devel-linux-x86_64-debian-clang, r-devel-linux-x86_64-debian-gcc, r-devel-windows-x86_64, r-patched-linux-x86_64, r-release-linux-x86_64, r-release-windows-x86_64