Last updated on 2025-10-24 09:50:12 CEST.
| Flavor | Version | Tinstall | Tcheck | Ttotal | Status | Flags |
|---|---|---|---|---|---|---|
| r-devel-linux-x86_64-debian-clang | 0.1.5 | 4.87 | 52.13 | 57.00 | OK | |
| r-devel-linux-x86_64-debian-gcc | 0.1.5 | 3.51 | 38.86 | 42.37 | OK | |
| r-devel-linux-x86_64-fedora-clang | 0.1.5 | 11.00 | 75.63 | 86.63 | OK | |
| r-devel-linux-x86_64-fedora-gcc | 0.1.5 | 12.00 | 71.80 | 83.80 | OK | |
| r-devel-windows-x86_64 | 0.1.5 | 7.00 | 62.00 | 69.00 | OK | |
| r-patched-linux-x86_64 | 0.1.5 | 4.92 | 48.18 | 53.10 | OK | |
| r-release-linux-x86_64 | 0.1.5 | 5.26 | 47.39 | 52.65 | OK | |
| r-release-macos-arm64 | 0.1.5 | 2.00 | 22.00 | 24.00 | OK | |
| r-release-macos-x86_64 | 0.1.5 | 4.00 | 32.00 | 36.00 | OK | |
| r-release-windows-x86_64 | 0.1.5 | 8.00 | 62.00 | 70.00 | OK | |
| r-oldrel-macos-arm64 | 0.1.5 | 2.00 | 22.00 | 24.00 | NOTE | |
| r-oldrel-macos-x86_64 | 0.1.5 | 3.00 | 31.00 | 34.00 | NOTE | |
| r-oldrel-windows-x86_64 | 0.1.5 | 9.00 | 75.00 | 84.00 | NOTE |
Version: 0.1.5
Check: LazyData
Result: NOTE
'LazyData' is specified without a 'data' directory
Flavors: r-oldrel-macos-arm64, r-oldrel-macos-x86_64, r-oldrel-windows-x86_64