Last updated on 2025-11-02 11:50:31 CET.
| Flavor | Version | Tinstall | Tcheck | Ttotal | Status | Flags |
|---|---|---|---|---|---|---|
| r-devel-linux-x86_64-debian-clang | 0.0.2 | 1.59 | 18.64 | 20.23 | OK | |
| r-devel-linux-x86_64-debian-gcc | 0.0.2 | 1.39 | 15.41 | 16.80 | OK | |
| r-devel-linux-x86_64-fedora-clang | 0.0.2 | 28.94 | OK | |||
| r-devel-linux-x86_64-fedora-gcc | 0.0.2 | 28.40 | OK | |||
| r-devel-windows-x86_64 | 0.0.2 | 6.00 | 38.00 | 44.00 | OK | |
| r-patched-linux-x86_64 | 0.0.2 | 1.48 | 17.83 | 19.31 | OK | |
| r-release-linux-x86_64 | 0.0.2 | 1.38 | 17.48 | 18.86 | OK | |
| r-release-macos-arm64 | 0.0.2 | 1.00 | 14.00 | 15.00 | OK | |
| r-release-macos-x86_64 | 0.0.2 | 1.00 | 22.00 | 23.00 | OK | |
| r-release-windows-x86_64 | 0.0.2 | 5.00 | 38.00 | 43.00 | OK | |
| r-oldrel-macos-arm64 | 0.0.2 | 1.00 | 18.00 | 19.00 | NOTE | |
| r-oldrel-macos-x86_64 | 0.0.2 | 1.00 | 18.00 | 19.00 | NOTE | |
| r-oldrel-windows-x86_64 | 0.0.2 | 6.00 | 43.00 | 49.00 | NOTE |
Version: 0.0.2
Check: LazyData
Result: NOTE
'LazyData' is specified without a 'data' directory
Flavors: r-oldrel-macos-arm64, r-oldrel-macos-x86_64, r-oldrel-windows-x86_64