Last updated on 2025-10-30 09:49:59 CET.
| Flavor | Version | Tinstall | Tcheck | Ttotal | Status | Flags | 
|---|---|---|---|---|---|---|
| r-devel-linux-x86_64-debian-clang | 0.2 | 1.84 | 26.35 | 28.19 | NOTE | |
| r-devel-linux-x86_64-debian-gcc | 0.2 | 1.49 | 21.65 | 23.14 | NOTE | |
| r-devel-linux-x86_64-fedora-clang | 0.2 | 41.81 | OK | |||
| r-devel-linux-x86_64-fedora-gcc | 0.2 | 58.32 | OK | |||
| r-devel-windows-x86_64 | 0.2 | 3.00 | 53.00 | 56.00 | OK | |
| r-patched-linux-x86_64 | 0.2 | 1.74 | 25.07 | 26.81 | OK | |
| r-release-linux-x86_64 | 0.2 | 1.85 | 25.00 | 26.85 | OK | |
| r-release-macos-arm64 | 0.2 | 1.00 | 22.00 | 23.00 | OK | |
| r-release-macos-x86_64 | 0.2 | 2.00 | 61.00 | 63.00 | OK | |
| r-release-windows-x86_64 | 0.2 | 4.00 | 54.00 | 58.00 | OK | |
| r-oldrel-macos-arm64 | 0.2 | 1.00 | 22.00 | 23.00 | OK | |
| r-oldrel-macos-x86_64 | 0.2 | 1.00 | 38.00 | 39.00 | OK | |
| r-oldrel-windows-x86_64 | 0.2 | 5.00 | 59.00 | 64.00 | OK | 
Version: 0.2
Check: CRAN incoming feasibility
Result: NOTE
  Maintainer: ‘Obinna Obianom <idonshayo@gmail.com>’
  
  No Authors@R field in DESCRIPTION.
  Please add one, modifying
    Authors@R: person(given = "Obinna",
                      family = "Obianom",
                      role = c("aut", "cre"),
                      email = "idonshayo@gmail.com")
  as necessary.
  
  The BugReports field in DESCRIPTION has
    https://github.com/oobianom/r2shortcode
  which should likely be
    https://github.com/oobianom/r2shortcode/issues
  instead.
Flavors: r-devel-linux-x86_64-debian-clang, r-devel-linux-x86_64-debian-gcc