Last updated on 2025-10-30 09:49:59 CET.
| Flavor | Version | Tinstall | Tcheck | Ttotal | Status | Flags | 
|---|---|---|---|---|---|---|
| r-devel-linux-x86_64-debian-clang | 0.0.2 | 3.82 | 137.92 | 141.74 | NOTE | |
| r-devel-linux-x86_64-debian-gcc | 0.0.2 | 2.04 | 85.18 | 87.22 | NOTE | |
| r-devel-linux-x86_64-fedora-clang | 0.0.2 | 213.96 | OK | |||
| r-devel-linux-x86_64-fedora-gcc | 0.0.2 | 17.00 | 217.01 | 234.01 | OK | |
| r-devel-windows-x86_64 | 0.0.2 | 8.00 | 140.00 | 148.00 | OK | |
| r-patched-linux-x86_64 | 0.0.2 | 4.56 | 129.26 | 133.82 | OK | |
| r-release-linux-x86_64 | 0.0.2 | 3.79 | 129.52 | 133.31 | OK | |
| r-release-macos-arm64 | 0.0.2 | 2.00 | 62.00 | 64.00 | OK | |
| r-release-macos-x86_64 | 0.0.2 | 3.00 | 156.00 | 159.00 | OK | |
| r-release-windows-x86_64 | 0.0.2 | 8.00 | 144.00 | 152.00 | OK | |
| r-oldrel-macos-arm64 | 0.0.2 | 2.00 | 65.00 | 67.00 | NOTE | |
| r-oldrel-macos-x86_64 | 0.0.2 | 3.00 | 128.00 | 131.00 | NOTE | |
| r-oldrel-windows-x86_64 | 0.0.2 | 10.00 | 193.00 | 203.00 | NOTE | 
Version: 0.0.2
Check: CRAN incoming feasibility
Result: NOTE
  Maintainer: ‘Sam Wilks <sw463@cam.ac.uk>’
  
  No Authors@R field in DESCRIPTION.
  Please add one, modifying
    Authors@R: person(given = "Sam",
                      family = "Wilks",
                      role = c("aut", "cre"),
                      email = "sw463@cam.ac.uk")
  as necessary.
Flavors: r-devel-linux-x86_64-debian-clang, r-devel-linux-x86_64-debian-gcc
Version: 0.0.2
Check: installed package size
Result: NOTE
    installed size is  7.3Mb
    sub-directories of 1Mb or more:
      doc           5.3Mb
      htmlwidgets   1.8Mb
Flavors: r-oldrel-macos-arm64, r-oldrel-macos-x86_64, r-oldrel-windows-x86_64