Last updated on 2025-10-30 09:49:59 CET.
| Flavor | Version | Tinstall | Tcheck | Ttotal | Status | Flags | 
|---|---|---|---|---|---|---|
| r-devel-linux-x86_64-debian-clang | 1.0.4 | 2.05 | 26.01 | 28.06 | NOTE | |
| r-devel-linux-x86_64-debian-gcc | 1.0.4 | 1.72 | 20.95 | 22.67 | NOTE | |
| r-devel-linux-x86_64-fedora-clang | 1.0.4 | 12.00 | 31.39 | 43.39 | OK | |
| r-devel-linux-x86_64-fedora-gcc | 1.0.4 | 39.53 | OK | |||
| r-devel-windows-x86_64 | 1.0.4 | 3.00 | 46.00 | 49.00 | OK | |
| r-patched-linux-x86_64 | 1.0.4 | 2.33 | 25.00 | 27.33 | OK | |
| r-release-linux-x86_64 | 1.0.4 | 1.96 | 25.22 | 27.18 | OK | |
| r-release-macos-arm64 | 1.0.4 | 1.00 | 15.00 | 16.00 | OK | |
| r-release-macos-x86_64 | 1.0.4 | 2.00 | 26.00 | 28.00 | OK | |
| r-release-windows-x86_64 | 1.0.4 | 3.00 | 49.00 | 52.00 | OK | |
| r-oldrel-macos-arm64 | 1.0.4 | 1.00 | 17.00 | 18.00 | OK | |
| r-oldrel-macos-x86_64 | 1.0.4 | 2.00 | 21.00 | 23.00 | OK | |
| r-oldrel-windows-x86_64 | 1.0.4 | 3.00 | 54.00 | 57.00 | OK | 
Version: 1.0.4
Check: CRAN incoming feasibility
Result: NOTE
  Maintainer: ‘Joseph J. Lee <joseph.j.lee@post.harvard.edu>’
  
  No Authors@R field in DESCRIPTION.
  Please add one, modifying
    Authors@R: c(person(given = c("Joseph", "J."),
                        family = "Lee",
                        role = c("aut", "cre"),
                        email = "joseph.j.lee@post.harvard.edu"),
                 person(given = "Tirthankar",
                        family = "Dasgupta",
                        role = "aut"))
  as necessary.
Flavors: r-devel-linux-x86_64-debian-clang, r-devel-linux-x86_64-debian-gcc