Last updated on 2025-10-30 09:49:59 CET.
| Flavor | Version | Tinstall | Tcheck | Ttotal | Status | Flags | 
|---|---|---|---|---|---|---|
| r-devel-linux-x86_64-debian-clang | 0.0.1 | 1.60 | 18.23 | 19.83 | NOTE | |
| r-devel-linux-x86_64-debian-gcc | 0.0.1 | 1.26 | 14.99 | 16.25 | NOTE | |
| r-devel-linux-x86_64-fedora-clang | 0.0.1 | 28.75 | OK | |||
| r-devel-linux-x86_64-fedora-gcc | 0.0.1 | 27.41 | OK | |||
| r-devel-windows-x86_64 | 0.0.1 | 3.00 | 38.00 | 41.00 | OK | |
| r-patched-linux-x86_64 | 0.0.1 | 1.75 | 17.03 | 18.78 | OK | |
| r-release-linux-x86_64 | 0.0.1 | 1.58 | 17.23 | 18.81 | OK | |
| r-release-macos-arm64 | 0.0.1 | 1.00 | 13.00 | 14.00 | OK | |
| r-release-macos-x86_64 | 0.0.1 | 1.00 | 24.00 | 25.00 | OK | |
| r-release-windows-x86_64 | 0.0.1 | 3.00 | 38.00 | 41.00 | OK | |
| r-oldrel-macos-arm64 | 0.0.1 | 1.00 | 11.00 | 12.00 | NOTE | |
| r-oldrel-macos-x86_64 | 0.0.1 | 2.00 | 19.00 | 21.00 | NOTE | |
| r-oldrel-windows-x86_64 | 0.0.1 | 3.00 | 42.00 | 45.00 | NOTE | 
Version: 0.0.1
Check: CRAN incoming feasibility
Result: NOTE
  Maintainer: ‘Billy Buchanan <Billy.Buchanan@fayette.kyschools.us>’
  
  No Authors@R field in DESCRIPTION.
  Please add one, modifying
    Authors@R: person(given = "Billy",
                      family = "Buchanan",
                      role = c("aut", "cre"),
                      email = "billy.buchanan@fayette.kyschools.us")
  as necessary.
Flavors: r-devel-linux-x86_64-debian-clang, r-devel-linux-x86_64-debian-gcc
Version: 0.0.1
Check: LazyData
Result: NOTE
    'LazyData' is specified without a 'data' directory
Flavors: r-oldrel-macos-arm64, r-oldrel-macos-x86_64, r-oldrel-windows-x86_64