Last updated on 2025-10-31 09:50:28 CET.
| Flavor | Version | Tinstall | Tcheck | Ttotal | Status | Flags | 
|---|---|---|---|---|---|---|
| r-devel-linux-x86_64-debian-clang | 0.1.0 | 3.04 | 25.31 | 28.35 | NOTE | |
| r-devel-linux-x86_64-debian-gcc | 0.1.0 | 2.44 | 21.07 | 23.51 | NOTE | |
| r-devel-linux-x86_64-fedora-clang | 0.1.0 | 39.47 | OK | |||
| r-devel-linux-x86_64-fedora-gcc | 0.1.0 | 38.03 | OK | |||
| r-devel-windows-x86_64 | 0.1.0 | 5.00 | 45.00 | 50.00 | OK | |
| r-patched-linux-x86_64 | 0.1.0 | 3.26 | 23.41 | 26.67 | OK | |
| r-release-linux-x86_64 | 0.1.0 | 3.27 | 22.78 | 26.05 | OK | |
| r-release-macos-arm64 | 0.1.0 | 2.00 | 18.00 | 20.00 | OK | |
| r-release-macos-x86_64 | 0.1.0 | 3.00 | 26.00 | 29.00 | OK | |
| r-release-windows-x86_64 | 0.1.0 | 6.00 | 46.00 | 52.00 | OK | |
| r-oldrel-macos-arm64 | 0.1.0 | 2.00 | 15.00 | 17.00 | OK | |
| r-oldrel-macos-x86_64 | 0.1.0 | 3.00 | 21.00 | 24.00 | OK | |
| r-oldrel-windows-x86_64 | 0.1.0 | 7.00 | 47.00 | 54.00 | OK | 
Version: 0.1.0
Check: CRAN incoming feasibility
Result: NOTE
  Maintainer: ‘Scott Chamberlain <myrmecocystus@gmail.com>’
  
  Found the following (possibly) invalid file URI:
    URI: CONDUCT.md
      From: README.md
Flavors: r-devel-linux-x86_64-debian-clang, r-devel-linux-x86_64-debian-gcc