Last updated on 2025-10-31 09:50:29 CET.
| Flavor | Version | Tinstall | Tcheck | Ttotal | Status | Flags | 
|---|---|---|---|---|---|---|
| r-devel-linux-x86_64-debian-clang | 0.1.2 | 3.10 | 34.19 | 37.29 | NOTE | |
| r-devel-linux-x86_64-debian-gcc | 0.1.2 | 2.16 | 25.19 | 27.35 | NOTE | |
| r-devel-linux-x86_64-fedora-clang | 0.1.2 | 57.40 | NOTE | |||
| r-devel-linux-x86_64-fedora-gcc | 0.1.2 | 55.95 | NOTE | |||
| r-devel-windows-x86_64 | 0.1.2 | 4.00 | 50.00 | 54.00 | NOTE | |
| r-patched-linux-x86_64 | 0.1.2 | 2.62 | 32.90 | 35.52 | NOTE | |
| r-release-linux-x86_64 | 0.1.2 | 2.16 | 33.17 | 35.33 | NOTE | |
| r-release-macos-arm64 | 0.1.2 | 2.00 | 19.00 | 21.00 | NOTE | |
| r-release-macos-x86_64 | 0.1.2 | 3.00 | 34.00 | 37.00 | NOTE | |
| r-release-windows-x86_64 | 0.1.2 | 4.00 | 54.00 | 58.00 | NOTE | |
| r-oldrel-macos-arm64 | 0.1.2 | 2.00 | 19.00 | 21.00 | NOTE | |
| r-oldrel-macos-x86_64 | 0.1.2 | 2.00 | 27.00 | 29.00 | NOTE | |
| r-oldrel-windows-x86_64 | 0.1.2 | 5.00 | 57.00 | 62.00 | NOTE | 
Version: 0.1.2
Check: CRAN incoming feasibility
Result: NOTE
  Maintainer: ‘Parker Holzer <parker.holzer@yale.edu>’
  
  No Authors@R field in DESCRIPTION.
  Please add one, modifying
    Authors@R: person(given = "Parker",
                      family = "Holzer",
                      role = c("aut", "cre"),
                      email = "parker.holzer@yale.edu")
  as necessary.
  
  The Description field contains
    <arXiv:2005.14083>, which is a particular application of the radial
    al. (2020) <arXiv:2005.14083> when publishing results that use this
  Please refer to arXiv e-prints via their arXiv DOI <doi:10.48550/arXiv.YYMM.NNNNN>.
Flavors: r-devel-linux-x86_64-debian-clang, r-devel-linux-x86_64-debian-gcc
Version: 0.1.2
Check: package subdirectories
Result: NOTE
  Problems with news in ‘NEWS.md’:
  No news entries found.
Flavors: r-devel-linux-x86_64-debian-clang, r-devel-linux-x86_64-debian-gcc, r-devel-linux-x86_64-fedora-clang, r-devel-linux-x86_64-fedora-gcc, r-devel-windows-x86_64, r-patched-linux-x86_64, r-release-linux-x86_64, r-release-macos-arm64, r-release-macos-x86_64, r-release-windows-x86_64, r-oldrel-macos-arm64, r-oldrel-macos-x86_64, r-oldrel-windows-x86_64