Last updated on 2025-10-31 09:50:30 CET.
| Flavor | Version | Tinstall | Tcheck | Ttotal | Status | Flags | 
|---|---|---|---|---|---|---|
| r-devel-linux-x86_64-debian-clang | 1.0.5 | 1.52 | 20.42 | 21.94 | NOTE | |
| r-devel-linux-x86_64-debian-gcc | 1.0.5 | 1.45 | 16.78 | 18.23 | NOTE | |
| r-devel-linux-x86_64-fedora-clang | 1.0.5 | 30.70 | NOTE | |||
| r-devel-linux-x86_64-fedora-gcc | 1.0.5 | 30.66 | NOTE | |||
| r-devel-windows-x86_64 | 1.0.5 | 4.00 | 38.00 | 42.00 | OK | |
| r-patched-linux-x86_64 | 1.0.5 | 1.63 | 18.23 | 19.86 | OK | |
| r-release-linux-x86_64 | 1.0.5 | 1.66 | 18.10 | 19.76 | OK | |
| r-release-macos-arm64 | 1.0.5 | 1.00 | 13.00 | 14.00 | OK | |
| r-release-macos-x86_64 | 1.0.5 | 1.00 | 19.00 | 20.00 | OK | |
| r-release-windows-x86_64 | 1.0.5 | 4.00 | 40.00 | 44.00 | OK | |
| r-oldrel-macos-arm64 | 1.0.5 | 1.00 | 13.00 | 14.00 | NOTE | |
| r-oldrel-macos-x86_64 | 1.0.5 | 2.00 | 19.00 | 21.00 | NOTE | |
| r-oldrel-windows-x86_64 | 1.0.5 | 4.00 | 42.00 | 46.00 | NOTE | 
Version: 1.0.5
Check: CRAN incoming feasibility
Result: NOTE
  Maintainer: ‘Joe Wandy <joe.wandy@glasgow.ac.uk>’
  
  No Authors@R field in DESCRIPTION.
  Please add one, modifying
    Authors@R: person(given = "Joe",
                      family = "Wandy",
                      role = c("aut", "cre"),
                      email = "joe.wandy@glasgow.ac.uk")
  as necessary.
Flavors: r-devel-linux-x86_64-debian-clang, r-devel-linux-x86_64-debian-gcc
Version: 1.0.5
Check: dependencies in R code
Result: NOTE
  Namespaces in Imports field not imported from:
    ‘KGode’ ‘XML’ ‘ggplot2’ ‘gridExtra’ ‘mvtnorm’ ‘reshape2’ ‘shinyjs’
    All declared Imports should be used.
Flavors: r-devel-linux-x86_64-fedora-clang, r-devel-linux-x86_64-fedora-gcc
Version: 1.0.5
Check: LazyData
Result: NOTE
    'LazyData' is specified without a 'data' directory
Flavors: r-oldrel-macos-arm64, r-oldrel-macos-x86_64, r-oldrel-windows-x86_64