Last updated on 2025-11-02 11:50:36 CET.
| Flavor | Version | Tinstall | Tcheck | Ttotal | Status | Flags |
|---|---|---|---|---|---|---|
| r-devel-linux-x86_64-debian-clang | 1.8.0 | 1.91 | 29.38 | 31.29 | OK | |
| r-devel-linux-x86_64-debian-gcc | 1.8.0 | 1.48 | 22.81 | 24.29 | OK | |
| r-devel-linux-x86_64-fedora-clang | 1.8.0 | 46.09 | OK | |||
| r-devel-linux-x86_64-fedora-gcc | 1.8.0 | 44.70 | OK | |||
| r-devel-windows-x86_64 | 1.8.0 | 6.00 | 45.00 | 51.00 | OK | |
| r-patched-linux-x86_64 | 1.8.0 | 2.02 | 26.02 | 28.04 | OK | |
| r-release-linux-x86_64 | 1.8.0 | 1.88 | 26.40 | 28.28 | OK | |
| r-release-macos-arm64 | 1.8.0 | 1.00 | 20.00 | 21.00 | OK | |
| r-release-macos-x86_64 | 1.8.0 | 2.00 | 33.00 | 35.00 | OK | |
| r-release-windows-x86_64 | 1.8.0 | 6.00 | 43.00 | 49.00 | OK | |
| r-oldrel-macos-arm64 | 1.8.0 | 1.00 | 18.00 | 19.00 | NOTE | |
| r-oldrel-macos-x86_64 | 1.8.0 | 2.00 | 26.00 | 28.00 | NOTE | |
| r-oldrel-windows-x86_64 | 1.8.0 | 5.00 | 52.00 | 57.00 | NOTE |
Version: 1.8.0
Check: package dependencies
Result: NOTE
Package suggested but not available for checking: ‘cmdstanr’
Flavors: r-oldrel-macos-arm64, r-oldrel-macos-x86_64, r-oldrel-windows-x86_64