Last updated on 2025-10-31 09:50:30 CET.
| Flavor | Version | Tinstall | Tcheck | Ttotal | Status | Flags | 
|---|---|---|---|---|---|---|
| r-devel-linux-x86_64-debian-clang | 1.1.0 | 6.49 | 83.32 | 89.81 | OK | |
| r-devel-linux-x86_64-debian-gcc | 1.1.0 | 4.53 | 62.54 | 67.07 | OK | |
| r-devel-linux-x86_64-fedora-clang | 1.1.0 | 14.00 | 117.22 | 131.22 | NOTE | |
| r-devel-linux-x86_64-fedora-gcc | 1.1.0 | 19.00 | 109.11 | 128.11 | NOTE | |
| r-devel-windows-x86_64 | 1.1.0 | 12.00 | 185.00 | 197.00 | OK | |
| r-patched-linux-x86_64 | 1.1.0 | 6.58 | 80.12 | 86.70 | OK | |
| r-release-linux-x86_64 | 1.1.0 | 5.31 | 80.52 | 85.83 | OK | |
| r-release-macos-arm64 | 1.1.0 | 3.00 | 41.00 | 44.00 | OK | |
| r-release-macos-x86_64 | 1.1.0 | 5.00 | 89.00 | 94.00 | OK | |
| r-release-windows-x86_64 | 1.1.0 | 14.00 | 104.00 | 118.00 | OK | |
| r-oldrel-macos-arm64 | 1.1.0 | 3.00 | 43.00 | 46.00 | NOTE | |
| r-oldrel-macos-x86_64 | 1.1.0 | 5.00 | 64.00 | 69.00 | NOTE | |
| r-oldrel-windows-x86_64 | 1.1.0 | 15.00 | 125.00 | 140.00 | NOTE | 
Version: 1.1.0
Check: dependencies in R code
Result: NOTE
  Namespace in Imports field not imported from: ‘shinydashboard’
    All declared Imports should be used.
Flavors: r-devel-linux-x86_64-fedora-clang, r-devel-linux-x86_64-fedora-gcc
Version: 1.1.0
Check: installed package size
Result: NOTE
    installed size is  5.6Mb
    sub-directories of 1Mb or more:
      shinymgr    1.4Mb
      tutorials   3.6Mb
Flavors: r-oldrel-macos-arm64, r-oldrel-macos-x86_64, r-oldrel-windows-x86_64