Last updated on 2025-10-30 09:50:03 CET.
| Flavor | Version | Tinstall | Tcheck | Ttotal | Status | Flags | 
|---|---|---|---|---|---|---|
| r-devel-linux-x86_64-debian-clang | 1.0.3 | 2.00 | 32.58 | 34.58 | NOTE | |
| r-devel-linux-x86_64-debian-gcc | 1.0.3 | 1.89 | 25.16 | 27.05 | NOTE | |
| r-devel-linux-x86_64-fedora-clang | 1.0.3 | 51.31 | OK | |||
| r-devel-linux-x86_64-fedora-gcc | 1.0.3 | 49.92 | OK | |||
| r-devel-windows-x86_64 | 1.0.3 | 4.00 | 56.00 | 60.00 | OK | |
| r-patched-linux-x86_64 | 1.0.3 | 2.99 | 30.27 | 33.26 | OK | |
| r-release-linux-x86_64 | 1.0.3 | 2.85 | 30.18 | 33.03 | OK | |
| r-release-macos-arm64 | 1.0.3 | 2.00 | 22.00 | 24.00 | OK | |
| r-release-macos-x86_64 | 1.0.3 | 2.00 | 32.00 | 34.00 | OK | |
| r-release-windows-x86_64 | 1.0.3 | 5.00 | 52.00 | 57.00 | OK | |
| r-oldrel-macos-arm64 | 1.0.3 | 1.00 | 19.00 | 20.00 | OK | |
| r-oldrel-macos-x86_64 | 1.0.3 | 2.00 | 26.00 | 28.00 | OK | |
| r-oldrel-windows-x86_64 | 1.0.3 | 5.00 | 60.00 | 65.00 | OK | 
Version: 1.0.3
Check: CRAN incoming feasibility
Result: NOTE
  Maintainer: ‘Anthony Christidis <anthony.christidis@stat.ubc.ca>’
  
  No Authors@R field in DESCRIPTION.
  Please add one, modifying
    Authors@R: c(person(given = "Anthony",
                        family = "Christidis",
                        role = c("aut", "cre"),
                        email = "anthony.christidis@stat.ubc.ca"),
                 person(given = "Stefan",
                        family = "Van Aelst",
                        role = "aut",
                        email = "stefan.vanaelst@kuleuven.be"),
                 person(given = "Ruben",
                        family = "Zamar",
                        role = "aut",
                        email = "ruben@stat.ubc.ca"))
  as necessary.
  
  The Description field contains
    Christidis, Van Aelst and Zamar (2019) <arXiv:1812.05678>.
  Please refer to arXiv e-prints via their arXiv DOI <doi:10.48550/arXiv.YYMM.NNNNN>.
Flavors: r-devel-linux-x86_64-debian-clang, r-devel-linux-x86_64-debian-gcc