Last updated on 2025-10-30 09:50:03 CET.
| Flavor | Version | Tinstall | Tcheck | Ttotal | Status | Flags | 
|---|---|---|---|---|---|---|
| r-devel-linux-x86_64-debian-clang | 1.4.8 | 2.70 | 33.02 | 35.72 | NOTE | |
| r-devel-linux-x86_64-debian-gcc | 1.4.8 | 2.19 | 26.44 | 28.63 | NOTE | |
| r-devel-linux-x86_64-fedora-clang | 1.4.8 | 52.65 | NOTE | |||
| r-devel-linux-x86_64-fedora-gcc | 1.4.8 | 48.49 | NOTE | |||
| r-devel-windows-x86_64 | 1.4.8 | 4.00 | 68.00 | 72.00 | NOTE | |
| r-patched-linux-x86_64 | 1.4.8 | 3.45 | 29.98 | 33.43 | NOTE | |
| r-release-linux-x86_64 | 1.4.8 | 2.81 | 30.36 | 33.17 | NOTE | |
| r-release-macos-arm64 | 1.4.8 | 1.00 | 17.00 | 18.00 | NOTE | |
| r-release-macos-x86_64 | 1.4.8 | 3.00 | 47.00 | 50.00 | NOTE | |
| r-release-windows-x86_64 | 1.4.8 | 4.00 | 54.00 | 58.00 | NOTE | |
| r-oldrel-macos-arm64 | 1.4.8 | 1.00 | 17.00 | 18.00 | NOTE | |
| r-oldrel-macos-x86_64 | 1.4.8 | 2.00 | 30.00 | 32.00 | NOTE | |
| r-oldrel-windows-x86_64 | 1.4.8 | 6.00 | 61.00 | 67.00 | NOTE | 
Version: 1.4.8
Check: CRAN incoming feasibility
Result: NOTE
  Maintainer: ‘Ananda Mahto <mrdwab@gmail.com>’
  
  No Authors@R field in DESCRIPTION.
  Please add one, modifying
    Authors@R: person(given = "Ananda",
                      family = "Mahto",
                      role = c("aut", "cre"),
                      email = "mrdwab@gmail.com")
  as necessary.
Flavors: r-devel-linux-x86_64-debian-clang, r-devel-linux-x86_64-debian-gcc
Version: 1.4.8
Check: package subdirectories
Result: NOTE
  Problems with news in ‘NEWS.md’:
    Cannot extract version info from the following section titles:
      Feature Changes
Flavors: r-devel-linux-x86_64-debian-clang, r-devel-linux-x86_64-debian-gcc, r-devel-linux-x86_64-fedora-clang, r-devel-linux-x86_64-fedora-gcc, r-devel-windows-x86_64, r-patched-linux-x86_64, r-release-linux-x86_64, r-release-macos-arm64, r-release-macos-x86_64, r-release-windows-x86_64, r-oldrel-macos-arm64, r-oldrel-macos-x86_64, r-oldrel-windows-x86_64