Last updated on 2025-10-30 09:50:03 CET.
| Flavor | Version | Tinstall | Tcheck | Ttotal | Status | Flags | 
|---|---|---|---|---|---|---|
| r-devel-linux-x86_64-debian-clang | 0.4-11 | 6.11 | 50.25 | 56.36 | NOTE | |
| r-devel-linux-x86_64-debian-gcc | 0.4-11 | 6.00 | 43.40 | 49.40 | NOTE | |
| r-devel-linux-x86_64-fedora-clang | 0.4-11 | 12.00 | 69.30 | 81.30 | NOTE | |
| r-devel-linux-x86_64-fedora-gcc | 0.4-11 | 14.00 | 65.45 | 79.45 | NOTE | |
| r-devel-windows-x86_64 | 0.4-11 | 6.00 | 59.00 | 65.00 | NOTE | |
| r-patched-linux-x86_64 | 0.4-11 | 6.10 | 44.00 | 50.10 | NOTE | |
| r-release-linux-x86_64 | 0.4-11 | 5.91 | 44.65 | 50.56 | NOTE | |
| r-release-macos-arm64 | 0.4-11 | 8.00 | 47.00 | 55.00 | NOTE | |
| r-release-macos-x86_64 | 0.4-11 | 23.00 | 133.00 | 156.00 | NOTE | |
| r-release-windows-x86_64 | 0.4-11 | 8.00 | 61.00 | 69.00 | NOTE | |
| r-oldrel-macos-arm64 | 0.4-11 | 5.00 | 28.00 | 33.00 | NOTE | |
| r-oldrel-macos-x86_64 | 0.4-11 | 5.00 | 38.00 | 43.00 | NOTE | |
| r-oldrel-windows-x86_64 | 0.4-11 | 10.00 | 70.00 | 80.00 | NOTE | 
Version: 0.4-11
Check: CRAN incoming feasibility
Result: NOTE
  Maintainer: ‘G. Grothendieck <ggrothendieck@gmail.com>’
  
  No Authors@R field in DESCRIPTION.
  Please add one, modifying
    Authors@R: person(given = "G.",
                      family = "Grothendieck",
                      role = c("aut", "cre"),
                      email = "ggrothendieck@gmail.com")
  as necessary.
Flavors: r-devel-linux-x86_64-debian-clang, r-devel-linux-x86_64-debian-gcc
Version: 0.4-11
Check: Rd files
Result: NOTE
  checkRd: (-1) sqldf.Rd:248: Lost braces
     248 | and code{port} arguments of sqldf.
         |         ^
Flavors: r-devel-linux-x86_64-debian-clang, r-devel-linux-x86_64-debian-gcc, r-devel-linux-x86_64-fedora-clang, r-devel-linux-x86_64-fedora-gcc, r-devel-windows-x86_64, r-patched-linux-x86_64, r-release-linux-x86_64, r-release-macos-arm64, r-release-macos-x86_64, r-release-windows-x86_64, r-oldrel-macos-arm64, r-oldrel-macos-x86_64, r-oldrel-windows-x86_64