CRAN Package Check Results for Package transx

Last updated on 2025-11-25 11:52:08 CET.

Flavor Version Tinstall Tcheck Ttotal Status Flags
r-devel-linux-x86_64-debian-clang 0.0.1 3.30 54.46 57.76 OK
r-devel-linux-x86_64-debian-gcc 0.0.1 2.28 41.90 44.18 OK
r-devel-linux-x86_64-fedora-clang 0.0.1 88.82 OK
r-devel-linux-x86_64-fedora-gcc 0.0.1 98.00 OK
r-devel-windows-x86_64 0.0.1 6.00 81.00 87.00 OK
r-patched-linux-x86_64 0.0.1 3.73 51.56 55.29 OK
r-release-linux-x86_64 0.0.1 2.99 51.45 54.44 OK
r-release-macos-arm64 0.0.1 OK
r-release-macos-x86_64 0.0.1 3.00 61.00 64.00 OK
r-release-windows-x86_64 0.0.1 5.00 93.00 98.00 OK
r-oldrel-macos-arm64 0.0.1 NOTE
r-oldrel-macos-x86_64 0.0.1 2.00 47.00 49.00 NOTE
r-oldrel-windows-x86_64 0.0.1 7.00 96.00 103.00 NOTE

Check Details

Version: 0.0.1
Check: LazyData
Result: NOTE 'LazyData' is specified without a 'data' directory Flavors: r-oldrel-macos-arm64, r-oldrel-macos-x86_64, r-oldrel-windows-x86_64