Back to the "Multiple platform build/check report"
| Package 7/48 | Hostname | OS | Arch | BUILD | CHECK | BUILD BIN | 
CCl41.0.5Audrey KauffmannLast Changed Date: 2007-08-09 15:01:50 -0700 Last Changed Rev: 411  | lamb1 | Linux (SUSE 10.1) | x86_64 | [ ERROR ] | skipped | |
| lemming | Windows Server 2003 (32-bit) | x64 | ERROR | skipped | skipped | 
| Package: CCl4 | 
| Version: 1.0.5 | 
| Command: /home/biocbuild/bbs-2.0-bioc/R/bin/R CMD build CCl4 | 
| RetCode: 1 | 
| Time: 12.8 seconds | 
| Status: ERROR | 
| PackageFile: None | 
* checking for file 'CCl4/DESCRIPTION' ... OK
* preparing 'CCl4':
* checking DESCRIPTION meta-information ... OK
* installing the package to re-build vignettes
* Installing *source* package 'CCl4' ...
** data
** inst
** help
 >>> Building/Updating help pages for package 'CCl4'
     Formats: text html latex example 
  CCl4                              text    html    latex   example
** building package indices ...
* DONE (CCl4)
* creating vignettes ... ERROR
Welcome to Bioconductor
  Vignettes contain introductory material. To view, type
  'openVignette()'. To cite Bioconductor, see
  'citation("Biobase")' and for packages 'citation(pkgname)'.
Error: processing vignette 'CCl4.Rnw' failed with diagnostics:
 chunk 1 (label=loadlibs) 
Error : package 'Biobase' 1.14.1 is loaded, but >= 1.15.13 is required by 'CCl4'
Execution halted