Back to the "Multiple platform build/check report"
| Package 5/48 | Hostname | OS | Arch | BUILD | CHECK | BUILD BIN |
beta70.6.0Jean YangLast Changed Date: 2006-09-28 18:17:09 -0700 Last Changed Rev: 142 | lamb1 | Linux (SUSE 10.1) | x86_64 | OK | [ WARNINGS ] | |
| lemming | Windows Server 2003 (32-bit) | x64 | OK | WARNINGS | OK |
| Package: beta7 |
| Version: 0.6.0 |
| Command: /home/biocbuild/bbs-2.0-bioc/R/bin/R CMD check beta7_0.6.0.tar.gz |
| RetCode: 0 |
| Time: 14.5 seconds |
| Status: WARNINGS |
| CheckDir: beta7.Rcheck |
| Warnings: 1 |
* checking for working latex ... OK * using log directory '/home/biocbuild/bbs-2.0-data-experiment/meat/beta7.Rcheck' * using R version 2.5.1 (2007-06-27) * checking for file 'beta7/DESCRIPTION' ... OK * this is package 'beta7' version '0.6.0' * checking package dependencies ... OK * checking if this is a source package ... OK * checking whether package 'beta7' can be installed ... OK * checking package directory ... OK * checking for portable file names ... OK * checking for sufficient/correct file permissions ... OK * checking DESCRIPTION meta-information ... OK * checking top-level files ... OK * checking index information ... OK * checking package subdirectories ... WARNING Subdirectory 'data' contains no data sets. * checking whether the package can be loaded ... OK * checking whether the package can be loaded with stated dependencies ... OK * checking Rd files ... OK * checking Rd cross-references ... OK * checking for missing documentation entries ... OK * checking for code/documentation mismatches ... OK * checking Rd \usage sections ... OK * checking data for non-ASCII characters ... OK * creating beta7-Ex.R ... OK * checking examples ... OK * creating beta7-manual.tex ... OK * checking beta7-manual.tex ... OK WARNING: There was 1 warning, see /home/biocbuild/bbs-2.0-data-experiment/meat/beta7.Rcheck/00check.log for details
beta7.Rcheck/00install.out:
* Installing *source* package 'beta7' ...
** data
** inst
** help
>>> Building/Updating help pages for package 'beta7'
Formats: text html latex example
beta7 text html latex example
** building package indices ...
* DONE (beta7)