Back to the "Multiple platform build/check report"
| Package 39/48 | Hostname | OS | Arch | BUILD | CHECK | BUILD BIN |
rfcdmin1.6.3N. Le MeurLast Changed Date: 2007-05-07 11:57:58 -0700 Last Changed Rev: 292 | lamb1 | Linux (SUSE 10.1) | x86_64 | OK | [ WARNINGS ] | |
| lemming | Windows Server 2003 (32-bit) | x64 | OK | WARNINGS | OK |
| Package: rfcdmin |
| Version: 1.6.3 |
| Command: /home/biocbuild/bbs-2.0-bioc/R/bin/R CMD check rfcdmin_1.6.3.tar.gz |
| RetCode: 0 |
| Time: 76.5 seconds |
| Status: WARNINGS |
| CheckDir: rfcdmin.Rcheck |
| Warnings: 1 |
* checking for working latex ... OK * using log directory '/home/biocbuild/bbs-2.0-data-experiment/meat/rfcdmin.Rcheck' * using R version 2.5.1 (2007-06-27) * checking for file 'rfcdmin/DESCRIPTION' ... OK * this is package 'rfcdmin' version '1.6.3' * checking package dependencies ... OK * checking if this is a source package ... OK * checking whether package 'rfcdmin' can be installed ... OK * checking package directory ... OK * checking for portable file names ... OK * checking for sufficient/correct file permissions ... OK * checking DESCRIPTION meta-information ... OK * checking top-level files ... OK * checking index information ... OK * checking package subdirectories ... OK * checking whether the package can be loaded ... OK * checking whether the package can be loaded with stated dependencies ... OK * checking Rd files ... OK * checking Rd cross-references ... OK * checking for missing documentation entries ... OK * checking for code/documentation mismatches ... OK * checking Rd \usage sections ... OK * checking data for non-ASCII characters ... WARNING Warning: found non-ASCII string(s) 'CELLQuest<aa> 3.1' 'CELLQuest<aa> 3.3' Portable packages use only ASCII characters in their datasets. * creating rfcdmin-Ex.R ... OK * checking examples ... OK * creating rfcdmin-manual.tex ... OK * checking rfcdmin-manual.tex ... OK WARNING: There was 1 warning, see /home/biocbuild/bbs-2.0-data-experiment/meat/rfcdmin.Rcheck/00check.log for details
rfcdmin.Rcheck/00install.out:
* Installing *source* package 'rfcdmin' ...
** data
** inst
** help
>>> Building/Updating help pages for package 'rfcdmin'
Formats: text html latex example
FCSRobj.currentmin text html latex example
FCSRobjmin text html latex example
MC.053min text html latex example
PRIM.example.data text html latex example
PRIM.real.data.min text html latex example
PerPosROCmin text html latex example
SEB-NP22.fcs text html latex example
VRCmin text html latex example
facscan256.fcs text html latex example
flowcyt.data text html latex example
flowcyt.fcs text html latex example
flowcyt.fluors text html latex example
** building package indices ...
Loading required package: rflowcyt
Loading required package: survival
Loading required package: stats
Loading required package: graphics
Loading required package: splines
Loading required package: xtable
Loading required package: KernSmooth
KernSmooth 2.22 installed
Copyright M. P. Wand 1997
Loading required package: MASS
Loading required package: grDevices
Loading required package: grid
Loading required package: methods
Loading required package: hexbin
Loading required package: lattice
Loading required package: rfcdmin
Loading required package: fields
Loading required package: locfit
Loading required package: akima
Loading required package: splancs
Loading required package: sp
* DONE (rfcdmin)