MAQCsubsetILM 1.0.8 Laurent Gatto
 | Snapshot Date: 2013-03-24 09:15:27 -0700 (Sun, 24 Mar 2013) |  | URL: https://hedgehog.fhcrc.org/bioc-data/trunk/experiment/pkgs/MAQCsubsetILM |  | Last Changed Rev: 2286 / Revision: 2286 |  | Last Changed Date: 2013-03-22 14:43:41 -0700 (Fri, 22 Mar 2013) |  
  | lamb1  | Linux (openSUSE 12.1) / x86_64  | [ ERROR ] |  skipped  |  | 
| moscato1  | Windows Server 2008 R2 Enterprise SP1 (64-bit) / x64  |  ERROR  |  skipped  |  skipped  | 
| perceval  | Mac OS X Leopard (10.5.8) / i386  |  OK  |  OK  |  OK  | 
* checking for file ‘MAQCsubsetILM/DESCRIPTION’ ... OK
* preparing ‘MAQCsubsetILM’:
* checking DESCRIPTION meta-information ... OK
* installing the package to re-build vignettes
* creating vignettes ... ERROR
Loading required package: Biobase
Loading required package: BiocGenerics
Attaching package: ‘BiocGenerics’
The following object(s) are masked from ‘package:stats’:
    xtabs
The following object(s) are masked from ‘package:base’:
    Filter, Find, Map, Position, Reduce, anyDuplicated, cbind,
    colnames, duplicated, eval, get, intersect, lapply, mapply, mget,
    order, paste, pmax, pmax.int, pmin, pmin.int, rbind, rep.int,
    rownames, sapply, setdiff, table, tapply, union, unique
Welcome to Bioconductor
    Vignettes contain introductory material; view with
    ‘browseVignettes()’. To cite Bioconductor, see
    ‘citation("Biobase")’, and for packages ‘citation("pkgname")’.
Loading required package: lumi
Loading required package: nleqslv
Warning: replacing previous import ‘image’ when loading ‘graphics’
KernSmooth 2.23 loaded
Copyright M. P. Wand 1997-2009
Error in texi2dvi(file = file, pdf = TRUE, clean = clean, quiet = quiet,  : 
  Running ‘texi2dvi’ on ‘MAQCsubsetILM.tex’ failed.
LaTeX errors:
! LaTeX Error: You have run the document with pdflatex, but PSTricks
               requires latex->dvips->ps2pdf or alternatively the use
               of the package `auto-pst-pdf‘. Then you can run
                 `pdflatex -shell-escape <file>’ (TeX Live) 
               or
Calls: <Anonymous> -> texi2pdf -> texi2dvi
Execution halted