geneLenDataBase 0.99.7 Matthew Young
 | Snapshot Date: 2011-04-06 12:27:26 -0700 (Wed, 06 Apr 2011) |  | URL: https://hedgehog.fhcrc.org/bioc-data/trunk/experiment/pkgs/geneLenDataBase |  | Last Changed Rev: 1487 / Revision: 1510 |  | Last Changed Date: 2011-03-29 20:53:14 -0700 (Tue, 29 Mar 2011) |  
  | lamb2  | Linux (openSUSE 11.2) / x86_64  |  OK  | [ ERROR ] |  | 
| gewurz  | Windows Server 2008 R2 Enterprise (64-bit) / x64  |  OK  |  ERROR  |  ERROR  | 
| petty  | Mac OS X Snow Leopard (10.6.6) / i386  |  OK  |  ERROR  |  ERROR  | 
* using log directory ‘/loc/home/biocbuild/bbs-2.7-data-experiment/meat/geneLenDataBase.Rcheck’
* using R version 2.12.2 (2011-02-25)
* using platform: x86_64-unknown-linux-gnu (64-bit)
* using session charset: UTF-8
* using option ‘--no-vignettes’
* checking for file ‘geneLenDataBase/DESCRIPTION’ ... OK
* this is package ‘geneLenDataBase’ version ‘0.99.7’
* checking package name space information ... OK
* checking package dependencies ... ERROR
Package required and available but unsuitable version: GenomicFeatures
See the information on DESCRIPTION files in the chapter 'Creating R
packages' of the 'Writing R Extensions' manual.