| Back to Build/check report for BioC 3.10 experimental data |
This page was generated on 2020-04-14 17:46:25 -0400 (Tue, 14 Apr 2020).
| Package 87/384 | Hostname | OS / Arch | INSTALL | BUILD | CHECK | ||||||
| DAPARdata 1.16.0 Samuel Wieczorek
| malbec1 | Linux (Ubuntu 18.04.4 LTS) / x86_64 | OK | OK | [ WARNINGS ] |
| Package: DAPARdata |
| Version: 1.16.0 |
| Command: /home/biocbuild/bbs-3.10-bioc/R/bin/R CMD check --install=check:DAPARdata.install-out.txt --library=/home/biocbuild/bbs-3.10-bioc/R/library --no-vignettes --timings DAPARdata_1.16.0.tar.gz |
| StartedAt: 2020-04-14 13:36:06 -0400 (Tue, 14 Apr 2020) |
| EndedAt: 2020-04-14 13:38:04 -0400 (Tue, 14 Apr 2020) |
| EllapsedTime: 118.7 seconds |
| RetCode: 0 |
| Status: WARNINGS |
| CheckDir: DAPARdata.Rcheck |
| Warnings: 1 |
##############################################################################
##############################################################################
###
### Running command:
###
### /home/biocbuild/bbs-3.10-bioc/R/bin/R CMD check --install=check:DAPARdata.install-out.txt --library=/home/biocbuild/bbs-3.10-bioc/R/library --no-vignettes --timings DAPARdata_1.16.0.tar.gz
###
##############################################################################
##############################################################################
* using log directory ‘/home/biocbuild/bbs-3.10-data-experiment/meat/DAPARdata.Rcheck’
* using R version 3.6.3 (2020-02-29)
* using platform: x86_64-pc-linux-gnu (64-bit)
* using session charset: UTF-8
* using option ‘--no-vignettes’
* checking for file ‘DAPARdata/DESCRIPTION’ ... OK
* checking extension type ... Package
* this is package ‘DAPARdata’ version ‘1.16.0’
* checking package namespace information ... OK
* checking package dependencies ... OK
* checking if this is a source package ... OK
* checking if there is a namespace ... OK
* checking for hidden files and directories ... OK
* checking for portable file names ... OK
* checking for sufficient/correct file permissions ... OK
* checking whether package ‘DAPARdata’ can be installed ... OK
* checking installed package size ... NOTE
installed size is 50.4Mb
sub-directories of 1Mb or more:
data 10.4Mb
extdata 39.1Mb
* checking package directory ... OK
* checking DESCRIPTION meta-information ... OK
* checking top-level files ... OK
* checking for left-over files ... OK
* checking index information ... OK
* checking package subdirectories ... OK
* checking R files for non-ASCII characters ... OK
* checking R files for syntax errors ... OK
* checking whether the package can be loaded ... OK
* checking whether the package can be loaded with stated dependencies ... OK
* checking whether the package can be unloaded cleanly ... OK
* checking whether the namespace can be loaded with stated dependencies ... OK
* checking whether the namespace can be unloaded cleanly ... OK
* checking dependencies in R code ... OK
* checking S3 generic/method consistency ... OK
* checking replacement functions ... OK
* checking foreign function calls ... OK
* checking R code for possible problems ... OK
* checking Rd files ... OK
* checking Rd metadata ... OK
* checking Rd cross-references ... OK
* checking for missing documentation entries ... OK
* checking for code/documentation mismatches ... OK
* checking Rd \usage sections ... OK
* checking Rd contents ... OK
* checking for unstated dependencies in examples ... OK
* checking contents of ‘data’ directory ... OK
* checking data for non-ASCII characters ... OK
* checking data for ASCII and uncompressed saves ... WARNING
Note: significantly better compression could be obtained
by using R CMD build --resave-data
old_size new_size compress
Exp1_R25_pept.RData 2.3Mb 1.3Mb xz
Exp1_R25_prot.RData 1.1Mb 592Kb xz
Exp1_R2_pept.RData 1.3Mb 875Kb xz
Exp1_R2_prot.RData 1.1Mb 573Kb xz
Exp2_R100_pept.RData 1.0Mb 572Kb xz
Exp2_R100_prot.RData 558Kb 262Kb xz
Exp2_R10_pept.RData 1.0Mb 569Kb xz
Exp2_R10_prot.RData 563Kb 263Kb xz
Exp2_R2_pept.RData 1007Kb 555Kb xz
Exp2_R2_prot.RData 564Kb 259Kb xz
* checking installed files from ‘inst/doc’ ... OK
* checking examples ... OK
* checking PDF version of manual ... OK
* DONE
Status: 1 WARNING, 1 NOTE
See
‘/home/biocbuild/bbs-3.10-data-experiment/meat/DAPARdata.Rcheck/00check.log’
for details.
DAPARdata.Rcheck/00install.out
############################################################################## ############################################################################## ### ### Running command: ### ### /home/biocbuild/bbs-3.10-bioc/R/bin/R CMD INSTALL DAPARdata ### ############################################################################## ############################################################################## * installing to library ‘/home/biocbuild/bbs-3.10-bioc/R/library’ * installing *source* package ‘DAPARdata’ ... ** using staged installation ** R ** data ** inst ** byte-compile and prepare package for lazy loading ** help *** installing help indices ** building package indices ** testing if installed package can be loaded from temporary location ** testing if installed package can be loaded from final location ** testing if installed package keeps a record of temporary installation path * DONE (DAPARdata)
DAPARdata.Rcheck/DAPARdata-Ex.timings
| name | user | system | elapsed | |
| DAPARdata | 0.004 | 0.012 | 0.094 | |