| Back to Build/check report for BioC 3.13 experimental data |
|
This page was generated on 2021-10-16 15:58:42 -0400 (Sat, 16 Oct 2021).
|
To the developers/maintainers of the MSstatsBioData package: Make sure to use the following settings in order to reproduce any error or warning you see on this page. |
| Package 253/406 | Hostname | OS / Arch | INSTALL | BUILD | CHECK | ||||||||
| MSstatsBioData 1.14.0 (landing page) Meena Choi
| malbec2 | Linux (Ubuntu 20.04.2 LTS) / x86_64 | OK | ERROR | skipped | ||||||||
| Package: MSstatsBioData |
| Version: 1.14.0 |
| Command: /home/biocbuild/bbs-3.13-bioc/R/bin/R CMD build --keep-empty-dirs --no-resave-data MSstatsBioData |
| StartedAt: 2021-10-16 12:23:30 -0400 (Sat, 16 Oct 2021) |
| EndedAt: 2021-10-16 12:23:36 -0400 (Sat, 16 Oct 2021) |
| EllapsedTime: 6.5 seconds |
| RetCode: 1 |
| Status: ERROR |
| PackageFile: None |
| PackageFileSize: NA |
##############################################################################
##############################################################################
###
### Running command:
###
### /home/biocbuild/bbs-3.13-bioc/R/bin/R CMD build --keep-empty-dirs --no-resave-data MSstatsBioData
###
##############################################################################
##############################################################################
* checking for file ‘MSstatsBioData/DESCRIPTION’ ... OK
* preparing ‘MSstatsBioData’:
* checking DESCRIPTION meta-information ... OK
* installing the package to build vignettes
* creating vignettes ... ERROR
--- re-building ‘MSstatsBioData.Rmd’ using knitr
Loading required package: MSstatsBioData
Loading required package: MSstats
Attaching package: 'MSstats'
The following object is masked from 'package:grDevices':
savePlot
Quitting from lines 83-91 (MSstatsBioData.Rmd)
Error: processing vignette 'MSstatsBioData.Rmd' failed with diagnostics:
unused argument (cutoffCensored = "minFeature")
--- failed re-building ‘MSstatsBioData.Rmd’
SUMMARY: processing the following file failed:
‘MSstatsBioData.Rmd’
Error: Vignette re-building failed.
Execution halted