| Back to Build/check report for BioC 3.14 experimental data |
|
This page was generated on 2022-04-13 14:50:25 -0400 (Wed, 13 Apr 2022).
| Hostname | OS | Arch (*) | R version | Installed pkgs |
|---|---|---|---|---|
| nebbiolo2 | Linux (Ubuntu 20.04.4 LTS) | x86_64 | 4.1.3 (2022-03-10) -- "One Push-Up" | 4324 |
| Click on any hostname to see more info about the system (e.g. compilers) (*) as reported by 'uname -p', except on Windows and Mac OS X | ||||
|
To the developers/maintainers of the scRNAseq package: Make sure to use the following settings in order to reproduce any error or warning you see on this page. |
| Package 340/408 | Hostname | OS / Arch | INSTALL | BUILD | CHECK | ||||||||
| scRNAseq 2.8.0 (landing page) Aaron Lun
| nebbiolo2 | Linux (Ubuntu 20.04.4 LTS) / x86_64 | OK | OK | WARNINGS | ||||||||
| Package: scRNAseq |
| Version: 2.8.0 |
| Command: /home/biocbuild/bbs-3.14-bioc/R/bin/R CMD check --install=check:scRNAseq.install-out.txt --library=/home/biocbuild/bbs-3.14-bioc/R/library --no-vignettes --timings scRNAseq_2.8.0.tar.gz |
| StartedAt: 2022-04-13 11:48:07 -0400 (Wed, 13 Apr 2022) |
| EndedAt: 2022-04-13 12:14:04 -0400 (Wed, 13 Apr 2022) |
| EllapsedTime: 1557.1 seconds |
| RetCode: 0 |
| Status: WARNINGS |
| CheckDir: scRNAseq.Rcheck |
| Warnings: 1 |
##############################################################################
##############################################################################
###
### Running command:
###
### /home/biocbuild/bbs-3.14-bioc/R/bin/R CMD check --install=check:scRNAseq.install-out.txt --library=/home/biocbuild/bbs-3.14-bioc/R/library --no-vignettes --timings scRNAseq_2.8.0.tar.gz
###
##############################################################################
##############################################################################
* using log directory ‘/home/biocbuild/bbs-3.14-data-experiment/meat/scRNAseq.Rcheck’
* using R version 4.1.3 (2022-03-10)
* using platform: x86_64-pc-linux-gnu (64-bit)
* using session charset: UTF-8
* using option ‘--no-vignettes’
* checking for file ‘scRNAseq/DESCRIPTION’ ... OK
* this is package ‘scRNAseq’ version ‘2.8.0’
* package encoding: UTF-8
* checking package namespace information ... OK
* checking package dependencies ... OK
* checking if this is a source package ... OK
* checking if there is a namespace ... OK
* checking for hidden files and directories ... NOTE
Found the following hidden files and directories:
.BBSoptions
These were most likely included in error. See section ‘Package
structure’ in the ‘Writing R Extensions’ manual.
* checking for portable file names ... OK
* checking for sufficient/correct file permissions ... OK
* checking whether package ‘scRNAseq’ can be installed ... OK
* checking installed package size ... OK
* checking package directory ... OK
* checking ‘build’ directory ... OK
* checking DESCRIPTION meta-information ... OK
* checking top-level files ... OK
* checking for left-over files ... OK
* checking index information ... OK
* checking package subdirectories ... WARNING
Problems with news in ‘inst/NEWS.Rd’:
inst/NEWS.Rd:35: unexpected section header '\section'
inst/NEWS.Rd:51: unexpected section header '\section'
inst/NEWS.Rd:59: unexpected section header '\section'
inst/NEWS.Rd:67: unexpected section header '\section'
inst/NEWS.Rd:70: unexpected END_OF_INPUT '
'
* checking R files for non-ASCII characters ... OK
* checking R files for syntax errors ... OK
* checking whether the package can be loaded ... OK
* checking whether the package can be loaded with stated dependencies ... OK
* checking whether the package can be unloaded cleanly ... OK
* checking whether the namespace can be loaded with stated dependencies ... OK
* checking whether the namespace can be unloaded cleanly ... OK
* checking dependencies in R code ... OK
* checking S3 generic/method consistency ... OK
* checking replacement functions ... OK
* checking foreign function calls ... OK
* checking R code for possible problems ... OK
* checking Rd files ... OK
* checking Rd metadata ... OK
* checking Rd cross-references ... OK
* checking for missing documentation entries ... OK
* checking for code/documentation mismatches ... OK
* checking Rd \usage sections ... OK
* checking Rd contents ... OK
* checking for unstated dependencies in examples ... OK
* checking files in ‘vignettes’ ... OK
* checking examples ... OK
Examples with CPU (user + system) or elapsed time > 5s
user system elapsed
HeOrganAtlasData 74.916 13.518 91.605
ZeiselNervousData 31.232 3.128 35.607
BhaduriOrganoidData 27.303 2.599 30.422
JessaBrainData 21.174 4.663 26.918
LunSpikeInData 23.151 1.531 27.394
LaMannoBrainData 21.738 1.682 25.758
BacherTCellData 18.927 3.296 23.125
GiladiHSCData 18.483 3.657 23.147
ErnstSpermatogenesisData 19.714 1.917 22.683
StoeckiusHashingData 16.461 1.795 20.325
BuettnerESCData 13.949 1.276 16.573
ZhaoImmuneLiverData 12.871 1.284 14.814
MessmerESCData 12.589 1.103 15.059
ZilionisLungData 12.083 0.837 14.023
BachMammaryData 11.320 0.998 13.701
BunisHSPCData 10.719 1.053 12.649
ReprocessedData 10.803 0.716 12.581
BaronPancreasData 10.463 0.927 12.671
NestorowaHSCData 9.154 1.333 11.503
RichardTCellData 9.789 0.680 11.937
AztekinTailData 9.387 0.936 10.938
ZeiselBrainData 9.317 0.758 11.262
MairPBMCData 9.459 0.524 10.680
KolodziejczykESCData 9.014 0.751 10.865
KotliarovPBMCData 8.875 0.684 10.067
SegerstolpePancreasData 8.731 0.663 10.726
TasicBrainData 8.165 0.656 9.619
FletcherOlfactoryData 7.583 0.837 9.028
CampbellBrainData 7.491 0.633 8.485
HuCortexData 6.642 0.613 8.205
HermannSpermatogenesisData 6.850 0.337 7.732
ChenBrainData 6.497 0.633 7.842
NowakowskiCortexData 6.376 0.412 7.683
MacoskoRetinaData 6.252 0.519 7.230
UsoskinBrainData 6.299 0.386 7.322
GrunPancreasData 6.151 0.469 7.194
XinPancreasData 6.191 0.423 7.168
DarmanisBrainData 5.545 0.615 6.656
ShekharRetinaData 5.651 0.509 6.836
RomanovBrainData 5.201 0.789 6.524
LedergorMyelomaData 5.541 0.417 6.411
MarquesBrainData 5.011 0.803 6.235
MuraroPancreasData 4.902 0.484 5.878
PaulHSCData 4.747 0.448 5.712
LengESCData 4.424 0.195 5.112
ZhongPrefrontalData 4.297 0.271 5.295
* checking for unstated dependencies in ‘tests’ ... OK
* checking tests ...
Running ‘testthat.R’
OK
* checking for unstated dependencies in vignettes ... OK
* checking package vignettes in ‘inst/doc’ ... OK
* checking running R code from vignettes ... SKIPPED
* checking re-building of vignette outputs ... SKIPPED
* checking PDF version of manual ... OK
* DONE
Status: 1 WARNING, 1 NOTE
See
‘/home/biocbuild/bbs-3.14-data-experiment/meat/scRNAseq.Rcheck/00check.log’
for details.
scRNAseq.Rcheck/00install.out
############################################################################## ############################################################################## ### ### Running command: ### ### /home/biocbuild/bbs-3.14-bioc/R/bin/R CMD INSTALL scRNAseq ### ############################################################################## ############################################################################## * installing to library ‘/home/biocbuild/bbs-3.14-bioc/R/library’ * installing *source* package ‘scRNAseq’ ... ** using staged installation ** R ** inst ** byte-compile and prepare package for lazy loading ** help *** installing help indices ** building package indices ** installing vignettes ** testing if installed package can be loaded from temporary location ** testing if installed package can be loaded from final location ** testing if installed package keeps a record of temporary installation path * DONE (scRNAseq)
scRNAseq.Rcheck/tests/testthat.Rout
R version 4.1.3 (2022-03-10) -- "One Push-Up"
Copyright (C) 2022 The R Foundation for Statistical Computing
Platform: x86_64-pc-linux-gnu (64-bit)
R is free software and comes with ABSOLUTELY NO WARRANTY.
You are welcome to redistribute it under certain conditions.
Type 'license()' or 'licence()' for distribution details.
R is a collaborative project with many contributors.
Type 'contributors()' for more information and
'citation()' on how to cite R or R packages in publications.
Type 'demo()' for some demos, 'help()' for on-line help, or
'help.start()' for an HTML browser interface to help.
Type 'q()' to quit R.
> library(testthat)
> library(scRNAseq)
Loading required package: SingleCellExperiment
Loading required package: SummarizedExperiment
Loading required package: MatrixGenerics
Loading required package: matrixStats
Attaching package: 'MatrixGenerics'
The following objects are masked from 'package:matrixStats':
colAlls, colAnyNAs, colAnys, colAvgsPerRowSet, colCollapse,
colCounts, colCummaxs, colCummins, colCumprods, colCumsums,
colDiffs, colIQRDiffs, colIQRs, colLogSumExps, colMadDiffs,
colMads, colMaxs, colMeans2, colMedians, colMins, colOrderStats,
colProds, colQuantiles, colRanges, colRanks, colSdDiffs, colSds,
colSums2, colTabulates, colVarDiffs, colVars, colWeightedMads,
colWeightedMeans, colWeightedMedians, colWeightedSds,
colWeightedVars, rowAlls, rowAnyNAs, rowAnys, rowAvgsPerColSet,
rowCollapse, rowCounts, rowCummaxs, rowCummins, rowCumprods,
rowCumsums, rowDiffs, rowIQRDiffs, rowIQRs, rowLogSumExps,
rowMadDiffs, rowMads, rowMaxs, rowMeans2, rowMedians, rowMins,
rowOrderStats, rowProds, rowQuantiles, rowRanges, rowRanks,
rowSdDiffs, rowSds, rowSums2, rowTabulates, rowVarDiffs, rowVars,
rowWeightedMads, rowWeightedMeans, rowWeightedMedians,
rowWeightedSds, rowWeightedVars
Loading required package: GenomicRanges
Loading required package: stats4
Loading required package: BiocGenerics
Attaching package: 'BiocGenerics'
The following objects are masked from 'package:stats':
IQR, mad, sd, var, xtabs
The following objects are masked from 'package:base':
Filter, Find, Map, Position, Reduce, anyDuplicated, append,
as.data.frame, basename, cbind, colnames, dirname, do.call,
duplicated, eval, evalq, get, grep, grepl, intersect, is.unsorted,
lapply, mapply, match, mget, order, paste, pmax, pmax.int, pmin,
pmin.int, rank, rbind, rownames, sapply, setdiff, sort, table,
tapply, union, unique, unsplit, which.max, which.min
Loading required package: S4Vectors
Attaching package: 'S4Vectors'
The following objects are masked from 'package:base':
I, expand.grid, unname
Loading required package: IRanges
Loading required package: GenomeInfoDb
Loading required package: Biobase
Welcome to Bioconductor
Vignettes contain introductory material; view with
'browseVignettes()'. To cite Bioconductor, see
'citation("Biobase")', and for packages 'citation("pkgname")'.
Attaching package: 'Biobase'
The following object is masked from 'package:MatrixGenerics':
rowMedians
The following objects are masked from 'package:matrixStats':
anyMissing, rowMedians
> test_check("scRNAseq")
[ FAIL 0 | WARN 37 | SKIP 0 | PASS 120 ]
[ FAIL 0 | WARN 37 | SKIP 0 | PASS 120 ]
Warning message:
call dbDisconnect() when finished working with a connection
>
> proc.time()
user system elapsed
578.134 58.308 701.439
scRNAseq.Rcheck/scRNAseq-Ex.timings
| name | user | system | elapsed | |
| AztekinTailData | 9.387 | 0.936 | 10.938 | |
| BachMammaryData | 11.320 | 0.998 | 13.701 | |
| BacherTCellData | 18.927 | 3.296 | 23.125 | |
| BaronPancreasData | 10.463 | 0.927 | 12.671 | |
| BhaduriOrganoidData | 27.303 | 2.599 | 30.422 | |
| BuettnerESCData | 13.949 | 1.276 | 16.573 | |
| BunisHSPCData | 10.719 | 1.053 | 12.649 | |
| CampbellBrainData | 7.491 | 0.633 | 8.485 | |
| ChenBrainData | 6.497 | 0.633 | 7.842 | |
| DarmanisBrainData | 5.545 | 0.615 | 6.656 | |
| ERCCSpikeInConcentrations | 2.753 | 0.212 | 3.474 | |
| ErnstSpermatogenesisData | 19.714 | 1.917 | 22.683 | |
| FletcherOlfactoryData | 7.583 | 0.837 | 9.028 | |
| GiladiHSCData | 18.483 | 3.657 | 23.147 | |
| GrunHSCData | 3.908 | 0.532 | 4.834 | |
| GrunPancreasData | 6.151 | 0.469 | 7.194 | |
| HeOrganAtlasData | 74.916 | 13.518 | 91.605 | |
| HermannSpermatogenesisData | 6.850 | 0.337 | 7.732 | |
| HuCortexData | 6.642 | 0.613 | 8.205 | |
| JessaBrainData | 21.174 | 4.663 | 26.918 | |
| KolodziejczykESCData | 9.014 | 0.751 | 10.865 | |
| KotliarovPBMCData | 8.875 | 0.684 | 10.067 | |
| LaMannoBrainData | 21.738 | 1.682 | 25.758 | |
| LawlorPancreasData | 4.204 | 0.276 | 4.951 | |
| LedergorMyelomaData | 5.541 | 0.417 | 6.411 | |
| LengESCData | 4.424 | 0.195 | 5.112 | |
| LunSpikeInData | 23.151 | 1.531 | 27.394 | |
| MacoskoRetinaData | 6.252 | 0.519 | 7.230 | |
| MairPBMCData | 9.459 | 0.524 | 10.680 | |
| MarquesBrainData | 5.011 | 0.803 | 6.235 | |
| MessmerESCData | 12.589 | 1.103 | 15.059 | |
| MuraroPancreasData | 4.902 | 0.484 | 5.878 | |
| NestorowaHSCData | 9.154 | 1.333 | 11.503 | |
| NowakowskiCortexData | 6.376 | 0.412 | 7.683 | |
| PaulHSCData | 4.747 | 0.448 | 5.712 | |
| PollenGliaData | 3.963 | 0.169 | 4.553 | |
| ReprocessedData | 10.803 | 0.716 | 12.581 | |
| RichardTCellData | 9.789 | 0.680 | 11.937 | |
| RomanovBrainData | 5.201 | 0.789 | 6.524 | |
| SegerstolpePancreasData | 8.731 | 0.663 | 10.726 | |
| ShekharRetinaData | 5.651 | 0.509 | 6.836 | |
| StoeckiusHashingData | 16.461 | 1.795 | 20.325 | |
| TasicBrainData | 8.165 | 0.656 | 9.619 | |
| UsoskinBrainData | 6.299 | 0.386 | 7.322 | |
| WuKidneyData | 3.138 | 0.284 | 3.849 | |
| XinPancreasData | 6.191 | 0.423 | 7.168 | |
| ZeiselBrainData | 9.317 | 0.758 | 11.262 | |
| ZeiselNervousData | 31.232 | 3.128 | 35.607 | |
| ZhaoImmuneLiverData | 12.871 | 1.284 | 14.814 | |
| ZhongPrefrontalData | 4.297 | 0.271 | 5.295 | |
| ZilionisLungData | 12.083 | 0.837 | 14.023 | |
| listDatasets | 0.008 | 0.003 | 0.012 | |