| Back to Build/check report for BioC 3.17 experimental data |
|
This page was generated on 2023-10-12 14:51:35 -0400 (Thu, 12 Oct 2023).
| Hostname | OS | Arch (*) | R version | Installed pkgs |
|---|---|---|---|---|
| nebbiolo1 | Linux (Ubuntu 22.04.2 LTS) | x86_64 | 4.3.1 (2023-06-16) -- "Beagle Scouts" | 4626 |
| Click on any hostname to see more info about the system (e.g. compilers) (*) as reported by 'uname -p', except on Windows and Mac OS X | ||||
| Package 96/421 | Hostname | OS / Arch | INSTALL | BUILD | CHECK | ||||||||
| DLBCL 1.40.0 (landing page) Marcus Dittrich
| nebbiolo1 | Linux (Ubuntu 22.04.2 LTS) / x86_64 | OK | OK | ERROR | ||||||||
|
To the developers/maintainers of the DLBCL package: - Use the following Renviron settings to reproduce errors and warnings. - If 'R CMD check' started to fail recently on the Linux builder(s) over a missing dependency, add the missing dependency to 'Suggests:' in your DESCRIPTION file. See Renviron.bioc for more information. |
| Package: DLBCL |
| Version: 1.40.0 |
| Command: /home/biocbuild/bbs-3.17-bioc/R/bin/R CMD check --install=check:DLBCL.install-out.txt --library=/home/biocbuild/bbs-3.17-bioc/R/site-library --timings DLBCL_1.40.0.tar.gz |
| StartedAt: 2023-10-12 11:14:38 -0400 (Thu, 12 Oct 2023) |
| EndedAt: 2023-10-12 11:15:03 -0400 (Thu, 12 Oct 2023) |
| EllapsedTime: 24.6 seconds |
| RetCode: 1 |
| Status: ERROR |
| CheckDir: DLBCL.Rcheck |
| Warnings: NA |
##############################################################################
##############################################################################
###
### Running command:
###
### /home/biocbuild/bbs-3.17-bioc/R/bin/R CMD check --install=check:DLBCL.install-out.txt --library=/home/biocbuild/bbs-3.17-bioc/R/site-library --timings DLBCL_1.40.0.tar.gz
###
##############################################################################
##############################################################################
* using log directory ‘/home/biocbuild/bbs-3.17-data-experiment/meat/DLBCL.Rcheck’
* using R version 4.3.1 (2023-06-16)
* using platform: x86_64-pc-linux-gnu (64-bit)
* R was compiled by
gcc (Ubuntu 11.3.0-1ubuntu1~22.04.1) 11.3.0
GNU Fortran (Ubuntu 11.3.0-1ubuntu1~22.04.1) 11.3.0
* running under: Ubuntu 22.04.3 LTS
* using session charset: UTF-8
* checking for file ‘DLBCL/DESCRIPTION’ ... OK
* checking extension type ... Package
* this is package ‘DLBCL’ version ‘1.40.0’
* checking package namespace information ... OK
* checking package dependencies ... OK
* checking if this is a source package ... OK
* checking if there is a namespace ... OK
* checking for hidden files and directories ... OK
* checking for portable file names ... OK
* checking for sufficient/correct file permissions ... OK
* checking whether package ‘DLBCL’ can be installed ... OK
* checking installed package size ... NOTE
installed size is 5.7Mb
sub-directories of 1Mb or more:
data 5.6Mb
* checking package directory ... OK
* checking DESCRIPTION meta-information ... OK
* checking top-level files ... OK
* checking for left-over files ... OK
* checking index information ... OK
* checking package subdirectories ... OK
* checking whether the package can be loaded ... OK
* checking whether the package can be loaded with stated dependencies ... OK
* checking whether the package can be unloaded cleanly ... OK
* checking whether the namespace can be loaded with stated dependencies ... OK
* checking whether the namespace can be unloaded cleanly ... OK
* checking loading without being on the library search path ... OK
* checking Rd files ... OK
* checking Rd metadata ... OK
* checking Rd cross-references ... OK
* checking for missing documentation entries ... OK
* checking for code/documentation mismatches ... OK
* checking Rd \usage sections ... OK
* checking Rd contents ... OK
* checking for unstated dependencies in examples ... OK
* checking contents of ‘data’ directory ... OK
* checking data for non-ASCII characters ... WARNING
Error loading dataset 'interactome':
Error in .requirePackage(package) :
unable to find required package 'graph'
The dataset(s) may use package(s) not declared in Depends/Imports.
* checking data for ASCII and uncompressed saves ... WARNING
Note: significantly better compression could be obtained
by using R CMD build --resave-data
old_size new_size compress
exprLym.rda 4.3Mb 2.6Mb xz
interactome.rda 990Kb 519Kb xz
* checking examples ... ERROR
Running examples in ‘DLBCL-Ex.R’ failed
The error most likely occurred in:
> base::assign(".ptime", proc.time(), pos = "CheckExEnv")
> ### Name: interactome
> ### Title: Human protein-protein interaction network
> ### Aliases: interactome
> ### Keywords: datasets
>
> ### ** Examples
>
> data(interactome)
> interactome
Loading required package: graph
Warning in library(package, lib.loc = lib.loc, character.only = TRUE, logical.return = TRUE, :
there is no package called ‘graph’
Error in .requirePackage(package) :
unable to find required package ‘graph’
Calls: <Anonymous> ... .findInheritedMethods -> getClass -> getClassDef -> .requirePackage
Execution halted
* checking PDF version of manual ... OK
* DONE
Status: 1 ERROR, 2 WARNINGs, 1 NOTE
See
‘/home/biocbuild/bbs-3.17-data-experiment/meat/DLBCL.Rcheck/00check.log’
for details.
DLBCL.Rcheck/00install.out
############################################################################## ############################################################################## ### ### Running command: ### ### /home/biocbuild/bbs-3.17-bioc/R/bin/R CMD INSTALL DLBCL ### ############################################################################## ############################################################################## * installing to library ‘/home/biocbuild/bbs-3.17-bioc/R/site-library’ * installing *source* package ‘DLBCL’ ... ** using staged installation ** data ** help *** installing help indices ** building package indices ** testing if installed package can be loaded from temporary location ** testing if installed package can be loaded from final location ** testing if installed package keeps a record of temporary installation path * DONE (DLBCL)
DLBCL.Rcheck/DLBCL-Ex.timings
| name | user | system | elapsed | |
| dataLym | 0.074 | 0.000 | 0.074 | |
| exprLym | 0.054 | 0.016 | 0.070 | |