Back to Multiple platform build/check report for BioC 3.19: simplified long |
|
This page was generated on 2024-07-09 17:43 -0400 (Tue, 09 Jul 2024).
Hostname | OS | Arch (*) | R version | Installed pkgs |
---|---|---|---|---|
nebbiolo1 | Linux (Ubuntu 22.04.3 LTS) | x86_64 | 4.4.1 (2024-06-14) -- "Race for Your Life" | 4709 |
palomino7 | Windows Server 2022 Datacenter | x64 | 4.4.1 (2024-06-14 ucrt) -- "Race for Your Life" | 4483 |
merida1 | macOS 12.7.4 Monterey | x86_64 | 4.4.1 (2024-06-14) -- "Race for Your Life" | 4512 |
kjohnson1 | macOS 13.6.6 Ventura | arm64 | 4.4.1 (2024-06-14) -- "Race for Your Life" | 4461 |
Click on any hostname to see more info about the system (e.g. compilers) (*) as reported by 'uname -p', except on Windows and Mac OS X |
Package 906/2300 | Hostname | OS / Arch | INSTALL | BUILD | CHECK | BUILD BIN | ||||||||
GRaNIE 1.8.0 (landing page) Christian Arnold
| nebbiolo1 | Linux (Ubuntu 22.04.3 LTS) / x86_64 | OK | OK | WARNINGS | |||||||||
palomino7 | Windows Server 2022 Datacenter / x64 | OK | OK | WARNINGS | OK | |||||||||
merida1 | macOS 12.7.4 Monterey / x86_64 | OK | OK | WARNINGS | OK | |||||||||
kjohnson1 | macOS 13.6.6 Ventura / arm64 | OK | OK | WARNINGS | OK | |||||||||
To the developers/maintainers of the GRaNIE package: - Allow up to 24 hours (and sometimes 48 hours) for your latest push to git@git.bioconductor.org:packages/GRaNIE.git to reflect on this report. See Troubleshooting Build Report for more information. - Use the following Renviron settings to reproduce errors and warnings. - If 'R CMD check' started to fail recently on the Linux builder(s) over a missing dependency, add the missing dependency to 'Suggests:' in your DESCRIPTION file. See Renviron.bioc for more information. |
Package: GRaNIE |
Version: 1.8.0 |
Command: /Library/Frameworks/R.framework/Resources/bin/R CMD check --install=check:GRaNIE.install-out.txt --library=/Library/Frameworks/R.framework/Resources/library --no-vignettes --timings GRaNIE_1.8.0.tar.gz |
StartedAt: 2024-07-08 21:50:41 -0400 (Mon, 08 Jul 2024) |
EndedAt: 2024-07-08 21:59:34 -0400 (Mon, 08 Jul 2024) |
EllapsedTime: 533.1 seconds |
RetCode: 0 |
Status: WARNINGS |
CheckDir: GRaNIE.Rcheck |
Warnings: 1 |
############################################################################## ############################################################################## ### ### Running command: ### ### /Library/Frameworks/R.framework/Resources/bin/R CMD check --install=check:GRaNIE.install-out.txt --library=/Library/Frameworks/R.framework/Resources/library --no-vignettes --timings GRaNIE_1.8.0.tar.gz ### ############################################################################## ############################################################################## * using log directory ‘/Users/biocbuild/bbs-3.19-bioc/meat/GRaNIE.Rcheck’ * using R version 4.4.1 (2024-06-14) * using platform: aarch64-apple-darwin20 * R was compiled by Apple clang version 14.0.0 (clang-1400.0.29.202) GNU Fortran (GCC) 12.2.0 * running under: macOS Ventura 13.6.6 * using session charset: UTF-8 * using option ‘--no-vignettes’ * checking for file ‘GRaNIE/DESCRIPTION’ ... OK * this is package ‘GRaNIE’ version ‘1.8.0’ * package encoding: UTF-8 * checking package namespace information ... OK * checking package dependencies ... OK * checking if this is a source package ... OK * checking if there is a namespace ... OK * checking for hidden files and directories ... OK * checking for portable file names ... OK * checking for sufficient/correct file permissions ... OK * checking whether package ‘GRaNIE’ can be installed ... OK * checking installed package size ... OK * checking package directory ... OK * checking ‘build’ directory ... OK * checking DESCRIPTION meta-information ... OK * checking top-level files ... OK * checking for left-over files ... OK * checking index information ... OK * checking package subdirectories ... OK * checking code files for non-ASCII characters ... OK * checking R files for syntax errors ... OK * checking whether the package can be loaded ... OK * checking whether the package can be loaded with stated dependencies ... OK * checking whether the package can be unloaded cleanly ... OK * checking whether the namespace can be loaded with stated dependencies ... OK * checking whether the namespace can be unloaded cleanly ... OK * checking whether startup messages can be suppressed ... OK * checking dependencies in R code ... WARNING Missing or unexported object: 'AnnotationHub::getAnnotationHub' * checking S3 generic/method consistency ... OK * checking replacement functions ... OK * checking foreign function calls ... OK * checking R code for possible problems ... NOTE .getAnnotationHub: no visible global function definition for 'is' .performIHW: no visible binding for global variable 'adj_pvalue' .retrieveAnnotationData: no visible global function definition for 'is' Undefined global functions or variables: adj_pvalue is Consider adding importFrom("methods", "is") to your NAMESPACE file (and ensure that your DESCRIPTION Imports field contains 'methods'). * checking Rd files ... NOTE checkRd: (-1) addData.Rd:36: Lost braces; missing escapes or markup? 36 | The required format must be {chr}:{start}-{end}", with {chr} denoting the abbreviated chromosome name, and {start} and {end} the begin and end | ^ checkRd: (-1) addData.Rd:36: Lost braces; missing escapes or markup? 36 | The required format must be {chr}:{start}-{end}", with {chr} denoting the abbreviated chromosome name, and {start} and {end} the begin and end | ^ checkRd: (-1) addData.Rd:36: Lost braces; missing escapes or markup? 36 | The required format must be {chr}:{start}-{end}", with {chr} denoting the abbreviated chromosome name, and {start} and {end} the begin and end | ^ checkRd: (-1) addData.Rd:36: Lost braces; missing escapes or markup? 36 | The required format must be {chr}:{start}-{end}", with {chr} denoting the abbreviated chromosome name, and {start} and {end} the begin and end | ^ checkRd: (-1) addData.Rd:36: Lost braces; missing escapes or markup? 36 | The required format must be {chr}:{start}-{end}", with {chr} denoting the abbreviated chromosome name, and {start} and {end} the begin and end | ^ checkRd: (-1) addData.Rd:36: Lost braces; missing escapes or markup? 36 | The required format must be {chr}:{start}-{end}", with {chr} denoting the abbreviated chromosome name, and {start} and {end} the begin and end | ^ * checking Rd metadata ... OK * checking Rd cross-references ... OK * checking for missing documentation entries ... OK * checking for code/documentation mismatches ... OK * checking Rd \usage sections ... OK * checking Rd contents ... OK * checking for unstated dependencies in examples ... OK * checking files in ‘vignettes’ ... OK * checking examples ... OK Examples with CPU (user + system) or elapsed time > 5s user system elapsed generateStatsSummary 8.581 0.189 9.166 addSNPData 7.236 0.250 8.881 plotDiagnosticPlots_peakGene 6.874 0.128 7.486 addConnections_TF_peak 5.961 0.697 7.203 visualizeGRN 5.667 0.103 6.217 plotPCA_all 5.452 0.134 6.016 calculateCommunitiesEnrichment 5.376 0.118 5.992 getGRNSummary 5.031 0.087 5.518 plotCorrelations 4.733 0.091 5.202 plotCommunitiesEnrichment 4.490 0.132 5.011 * checking for unstated dependencies in vignettes ... OK * checking package vignettes ... OK * checking running R code from vignettes ... SKIPPED * checking re-building of vignette outputs ... SKIPPED * checking PDF version of manual ... OK * DONE Status: 1 WARNING, 2 NOTEs See ‘/Users/biocbuild/bbs-3.19-bioc/meat/GRaNIE.Rcheck/00check.log’ for details.
GRaNIE.Rcheck/00install.out
############################################################################## ############################################################################## ### ### Running command: ### ### /Library/Frameworks/R.framework/Resources/bin/R CMD INSTALL GRaNIE ### ############################################################################## ############################################################################## * installing to library ‘/Library/Frameworks/R.framework/Versions/4.4-arm64/Resources/library’ * installing *source* package ‘GRaNIE’ ... ** using staged installation ** R ** byte-compile and prepare package for lazy loading ** help *** installing help indices *** copying figures ** building package indices ** installing vignettes ** testing if installed package can be loaded from temporary location ** testing if installed package can be loaded from final location ** testing if installed package keeps a record of temporary installation path * DONE (GRaNIE)
GRaNIE.Rcheck/GRaNIE-Ex.timings
name | user | system | elapsed | |
AR_classification_wrapper | 0.000 | 0.000 | 0.001 | |
addConnections_TF_peak | 5.961 | 0.697 | 7.203 | |
addConnections_peak_gene | 4.103 | 0.066 | 4.607 | |
addData | 0 | 0 | 0 | |
addSNPData | 7.236 | 0.250 | 8.881 | |
addTFBS | 0 | 0 | 0 | |
add_TF_gene_correlation | 2.839 | 0.066 | 3.316 | |
add_featureVariation | 0 | 0 | 0 | |
build_eGRN_graph | 2.875 | 0.068 | 3.379 | |
calculateCommunitiesEnrichment | 5.376 | 0.118 | 5.992 | |
calculateCommunitiesStats | 2.883 | 0.073 | 3.357 | |
calculateGeneralEnrichment | 3.339 | 0.077 | 3.815 | |
calculateTFEnrichment | 3.522 | 0.060 | 3.971 | |
changeOutputDirectory | 4.172 | 0.064 | 4.731 | |
deleteIntermediateData | 2.856 | 0.052 | 3.323 | |
filterConnectionsForPlotting | 2.985 | 0.062 | 3.458 | |
filterData | 3.512 | 0.080 | 3.962 | |
filterGRNAndConnectGenes | 3.000 | 0.060 | 3.444 | |
generateStatsSummary | 8.581 | 0.189 | 9.166 | |
getCounts | 3.060 | 0.079 | 3.537 | |
getGRNConnections | 2.981 | 0.062 | 3.445 | |
getGRNSummary | 5.031 | 0.087 | 5.518 | |
getParameters | 2.870 | 0.055 | 3.321 | |
getTopNodes | 3.011 | 0.064 | 3.486 | |
initializeGRN | 0.018 | 0.002 | 0.020 | |
loadExampleObject | 2.987 | 0.064 | 3.430 | |
nGenes | 4.408 | 0.073 | 4.857 | |
nPeaks | 2.917 | 0.054 | 3.306 | |
nTFs | 2.981 | 0.069 | 3.424 | |
overlapPeaksAndTFBS | 2.848 | 0.052 | 3.287 | |
performAllNetworkAnalyses | 0.001 | 0.000 | 0.000 | |
plotCommunitiesEnrichment | 4.490 | 0.132 | 5.011 | |
plotCommunitiesStats | 4.161 | 0.069 | 4.599 | |
plotCorrelations | 4.733 | 0.091 | 5.202 | |
plotDiagnosticPlots_TFPeaks | 4.461 | 0.103 | 4.924 | |
plotDiagnosticPlots_peakGene | 6.874 | 0.128 | 7.486 | |
plotGeneralEnrichment | 3.215 | 0.068 | 3.644 | |
plotGeneralGraphStats | 3.981 | 0.071 | 4.454 | |
plotPCA_all | 5.452 | 0.134 | 6.016 | |
plotTFEnrichment | 3.739 | 0.077 | 4.168 | |
plot_stats_connectionSummary | 3.507 | 0.082 | 4.103 | |
visualizeGRN | 5.667 | 0.103 | 6.217 | |