Back to Multiple platform build/check report for BioC 3.19: simplified long |
|
This page was generated on 2024-08-06 17:39 -0400 (Tue, 06 Aug 2024).
Hostname | OS | Arch (*) | R version | Installed pkgs |
---|---|---|---|---|
nebbiolo1 | Linux (Ubuntu 22.04.3 LTS) | x86_64 | 4.4.1 (2024-06-14) -- "Race for Your Life" | 4756 |
palomino7 | Windows Server 2022 Datacenter | x64 | 4.4.1 (2024-06-14 ucrt) -- "Race for Your Life" | 4490 |
merida1 | macOS 12.7.5 Monterey | x86_64 | 4.4.1 (2024-06-14) -- "Race for Your Life" | 4519 |
kjohnson1 | macOS 13.6.6 Ventura | arm64 | 4.4.1 (2024-06-14) -- "Race for Your Life" | 4468 |
Click on any hostname to see more info about the system (e.g. compilers) (*) as reported by 'uname -p', except on Windows and Mac OS X |
Package 2138/2300 | Hostname | OS / Arch | INSTALL | BUILD | CHECK | BUILD BIN | ||||||||
TCGAbiolinks 2.32.0 (landing page) Tiago Chedraoui Silva
| nebbiolo1 | Linux (Ubuntu 22.04.3 LTS) / x86_64 | OK | OK | WARNINGS | |||||||||
palomino7 | Windows Server 2022 Datacenter / x64 | OK | OK | WARNINGS | OK | |||||||||
merida1 | macOS 12.7.5 Monterey / x86_64 | OK | OK | WARNINGS | OK | |||||||||
kjohnson1 | macOS 13.6.6 Ventura / arm64 | OK | ERROR | skipped | skipped | |||||||||
To the developers/maintainers of the TCGAbiolinks package: - Allow up to 24 hours (and sometimes 48 hours) for your latest push to git@git.bioconductor.org:packages/TCGAbiolinks.git to reflect on this report. See Troubleshooting Build Report for more information. - Use the following Renviron settings to reproduce errors and warnings. - If 'R CMD check' started to fail recently on the Linux builder(s) over a missing dependency, add the missing dependency to 'Suggests:' in your DESCRIPTION file. See Renviron.bioc for more information. |
Package: TCGAbiolinks |
Version: 2.32.0 |
Command: /home/biocbuild/bbs-3.19-bioc/R/bin/R CMD check --install=check:TCGAbiolinks.install-out.txt --library=/home/biocbuild/bbs-3.19-bioc/R/site-library --timings TCGAbiolinks_2.32.0.tar.gz |
StartedAt: 2024-08-05 04:56:09 -0400 (Mon, 05 Aug 2024) |
EndedAt: 2024-08-05 05:10:21 -0400 (Mon, 05 Aug 2024) |
EllapsedTime: 852.7 seconds |
RetCode: 0 |
Status: WARNINGS |
CheckDir: TCGAbiolinks.Rcheck |
Warnings: 2 |
############################################################################## ############################################################################## ### ### Running command: ### ### /home/biocbuild/bbs-3.19-bioc/R/bin/R CMD check --install=check:TCGAbiolinks.install-out.txt --library=/home/biocbuild/bbs-3.19-bioc/R/site-library --timings TCGAbiolinks_2.32.0.tar.gz ### ############################################################################## ############################################################################## * using log directory ‘/home/biocbuild/bbs-3.19-bioc/meat/TCGAbiolinks.Rcheck’ * using R version 4.4.1 (2024-06-14) * using platform: x86_64-pc-linux-gnu * R was compiled by gcc (Ubuntu 11.4.0-1ubuntu1~22.04) 11.4.0 GNU Fortran (Ubuntu 11.4.0-1ubuntu1~22.04) 11.4.0 * running under: Ubuntu 22.04.4 LTS * using session charset: UTF-8 * checking for file ‘TCGAbiolinks/DESCRIPTION’ ... OK * checking extension type ... Package * this is package ‘TCGAbiolinks’ version ‘2.32.0’ * package encoding: UTF-8 * checking package namespace information ... OK * checking package dependencies ... OK * checking if this is a source package ... OK * checking if there is a namespace ... OK * checking for hidden files and directories ... OK * checking for portable file names ... OK * checking for sufficient/correct file permissions ... OK * checking whether package ‘TCGAbiolinks’ can be installed ... OK * checking installed package size ... NOTE installed size is 6.3Mb sub-directories of 1Mb or more: R 1.6Mb data 4.3Mb * checking package directory ... OK * checking ‘build’ directory ... OK * checking DESCRIPTION meta-information ... OK * checking top-level files ... OK * checking for left-over files ... OK * checking index information ... OK * checking package subdirectories ... OK * checking code files for non-ASCII characters ... OK * checking R files for syntax errors ... OK * checking whether the package can be loaded ... OK * checking whether the package can be loaded with stated dependencies ... OK * checking whether the package can be unloaded cleanly ... OK * checking whether the namespace can be loaded with stated dependencies ... OK * checking whether the namespace can be unloaded cleanly ... OK * checking loading without being on the library search path ... OK * checking whether startup messages can be suppressed ... OK * checking dependencies in R code ... WARNING '::' or ':::' import not declared from: ‘dnet’ * checking S3 generic/method consistency ... WARNING print: function(x, ...) print.header: function(text, type) See section ‘Generic functions and methods’ in the ‘Writing R Extensions’ manual. * checking replacement functions ... OK * checking foreign function calls ... OK * checking R code for possible problems ... NOTE GDCprepare_clinic: no visible binding for global variable ‘bcr_patient_barcode’ GDCprepare_clinic: no visible binding for global variable ‘days_to_last_followup’ GDCprepare_clinic: no visible binding for global variable ‘vital_status’ GDCquery : <anonymous>: no visible binding for global variable ‘submitter_id’ GDCquery : <anonymous>: no visible binding for global variable ‘is_ffpe’ GDCquery_clinic : <anonymous>: no visible binding for global variable ‘submitter_id’ GDCquery_clinic : <anonymous>: no visible global function definition for ‘across’ GDCquery_clinic : <anonymous>: no visible global function definition for ‘everything’ TCGAanalyze_DEA: no visible binding for global variable ‘barcode’ TCGAanalyze_DEA: no visible binding for global variable ‘clinical’ TCGAquery_recount2: no visible binding for global variable ‘rse_gene’ TCGAtumor_purity: no visible binding for global variable ‘Tumor.purity’ TCGAvisualize_oncoprint: no visible binding for global variable ‘value’ TCGAvisualize_starburst: no visible binding for global variable ‘gene_name’ TCGAvisualize_starburst: no visible binding for global variable ‘geFDR2’ TCGAvisualize_starburst: no visible binding for global variable ‘logFC’ TCGAvisualize_starburst: no visible binding for global variable ‘meFDR2’ TCGAvisualize_starburst: no visible binding for global variable ‘threshold.starburst’ TCGAvisualize_starburst: no visible binding for global variable ‘starburst.status’ colDataPrepare: no visible binding for global variable ‘sample_submitter_id’ colDataPrepare: no visible binding for global variable ‘submitter_id’ readExonQuantification: no visible binding for global variable ‘exon’ readExonQuantification: no visible binding for global variable ‘coordinates’ readSingleCellAnalysis : <anonymous>: no visible global function definition for ‘Read10X’ read_gene_expression_quantification : <anonymous>: no visible binding for '<<-' assignment to ‘assay.list’ read_gene_expression_quantification: no visible binding for global variable ‘assay.list’ Undefined global functions or variables: Read10X Tumor.purity across assay.list barcode bcr_patient_barcode clinical coordinates days_to_last_followup everything exon geFDR2 gene_name is_ffpe logFC meFDR2 rse_gene sample_submitter_id starburst.status submitter_id threshold.starburst value vital_status * checking Rd files ... OK * checking Rd metadata ... OK * checking Rd cross-references ... OK * checking for missing documentation entries ... OK * checking for code/documentation mismatches ... OK * checking Rd \usage sections ... OK * checking Rd contents ... OK * checking for unstated dependencies in examples ... OK * checking contents of ‘data’ directory ... OK * checking data for non-ASCII characters ... OK * checking LazyData ... OK * checking data for ASCII and uncompressed saves ... OK * checking R/sysdata.rda ... OK * checking files in ‘vignettes’ ... OK * checking examples ... OK Examples with CPU (user + system) or elapsed time > 5s user system elapsed TCGAanalyze_DEA 9.237 0.332 9.570 getManifest 7.919 0.097 100.351 TCGAanalyze_LevelTab 5.020 0.152 5.171 GDCquery 1.817 0.047 10.074 matchedMetExp 1.598 0.145 10.979 GDCprepare_clinic 1.436 0.105 31.558 getResults 1.017 0.059 7.502 * checking for unstated dependencies in ‘tests’ ... OK * checking tests ... Running ‘testthat.R’ OK * checking for unstated dependencies in vignettes ... OK * checking package vignettes ... OK * checking re-building of vignette outputs ... OK * checking PDF version of manual ... OK * DONE Status: 2 WARNINGs, 2 NOTEs See ‘/home/biocbuild/bbs-3.19-bioc/meat/TCGAbiolinks.Rcheck/00check.log’ for details.
TCGAbiolinks.Rcheck/00install.out
############################################################################## ############################################################################## ### ### Running command: ### ### /home/biocbuild/bbs-3.19-bioc/R/bin/R CMD INSTALL TCGAbiolinks ### ############################################################################## ############################################################################## * installing to library ‘/home/biocbuild/bbs-3.19-bioc/R/site-library’ * installing *source* package ‘TCGAbiolinks’ ... ** using staged installation ** R ** data *** moving datasets to lazyload DB ** inst ** byte-compile and prepare package for lazy loading ** help *** installing help indices ** building package indices ** installing vignettes ** testing if installed package can be loaded from temporary location ** testing if installed package can be loaded from final location ** testing if installed package keeps a record of temporary installation path * DONE (TCGAbiolinks)
TCGAbiolinks.Rcheck/tests/testthat.Rout
R version 4.4.1 (2024-06-14) -- "Race for Your Life" Copyright (C) 2024 The R Foundation for Statistical Computing Platform: x86_64-pc-linux-gnu R is free software and comes with ABSOLUTELY NO WARRANTY. You are welcome to redistribute it under certain conditions. Type 'license()' or 'licence()' for distribution details. R is a collaborative project with many contributors. Type 'contributors()' for more information and 'citation()' on how to cite R or R packages in publications. Type 'demo()' for some demos, 'help()' for on-line help, or 'help.start()' for an HTML browser interface to help. Type 'q()' to quit R. > library(testthat) > library(TCGAbiolinks) > > test_check("TCGAbiolinks") | | 0% |========================== | 50% ~0 s remaining |====================================================|100% ~0 s remaining |====================================================|100% Completed after 0 s | | 0% |========================== | 50% ~0 s remaining |====================================================|100% ~0 s remaining |====================================================|100% Completed after 0 s [1] "I need about 1 minute to finish complete Enrichment analysis GO[BP,MF,CC] and Pathways... " [1] "GO Enrichment Analysis BP completed....done" [1] "GO Enrichment Analysis MF completed....done" [1] "GO Enrichment Analysis CC completed....done" [1] "Pathway Enrichment Analysis completed....done" [ FAIL 0 | WARN 0 | SKIP 24 | PASS 32 ] ══ Skipped tests (24) ══════════════════════════════════════════════════════════ • On Bioconductor (24): 'test-prepare-download.R:4:5', 'test-prepare-download.R:49:5', 'test-prepare-download.R:92:5', 'test-prepare-download.R:102:5', 'test-prepare-download.R:124:5', 'test-prepare-download.R:145:5', 'test-prepare-download.R:164:5', 'test-prepare-download.R:183:5', 'test-prepare-download.R:199:5', 'test-prepare-download.R:209:5', 'test-prepare-download.R:221:5', 'test-prepare-download.R:246:5', 'test-prepare-download.R:286:5', 'test-prepare-download.R:316:5', 'test-prepare-download.R:347:5', 'test-prepare-download.R:381:5', 'test-query-clinical.R:13:5', 'test-query-clinical.R:69:5', 'test-query.R:5:5', 'test-query.R:15:5', 'test-query.R:44:5', 'test-query.R:86:5', 'test-query.R:127:5', 'test-query.R:147:5' [ FAIL 0 | WARN 0 | SKIP 24 | PASS 32 ] > > proc.time() user system elapsed 42.271 1.417 43.679
TCGAbiolinks.Rcheck/TCGAbiolinks-Ex.timings
name | user | system | elapsed | |
GDCdownload | 0.001 | 0.000 | 0.000 | |
GDCprepare | 0.000 | 0.000 | 0.001 | |
GDCprepare_clinic | 1.436 | 0.105 | 31.558 | |
GDCquery | 1.817 | 0.047 | 10.074 | |
GDCquery_ATAC_seq | 0.516 | 0.011 | 1.501 | |
GDCquery_clinic | 1.023 | 0.012 | 4.049 | |
PanCancerAtlas_subtypes | 0.015 | 0.000 | 0.015 | |
TCGAVisualize_volcano | 0.253 | 0.020 | 0.274 | |
TCGA_MolecularSubtype | 0.286 | 0.007 | 0.293 | |
TCGAanalyze_DEA | 9.237 | 0.332 | 9.570 | |
TCGAanalyze_DEA_Affy | 0.000 | 0.000 | 0.001 | |
TCGAanalyze_DMC | 0.888 | 0.087 | 0.975 | |
TCGAanalyze_EA | 0.001 | 0.000 | 0.000 | |
TCGAanalyze_EAcomplete | 2.065 | 0.096 | 2.161 | |
TCGAanalyze_Filtering | 3.273 | 0.004 | 3.277 | |
TCGAanalyze_LevelTab | 5.020 | 0.152 | 5.171 | |
TCGAanalyze_Normalization | 1.301 | 0.007 | 1.309 | |
TCGAanalyze_Pathview | 0 | 0 | 0 | |
TCGAanalyze_Stemness | 1.464 | 0.020 | 1.485 | |
TCGAanalyze_SurvivalKM | 0.120 | 0.008 | 0.128 | |
TCGAanalyze_survival | 3.204 | 0.060 | 3.264 | |
TCGAprepare_Affy | 0 | 0 | 0 | |
TCGAquery_MatchedCoupledSampleTypes | 0.002 | 0.000 | 0.002 | |
TCGAquery_SampleTypes | 0.000 | 0.001 | 0.001 | |
TCGAquery_recount2 | 0 | 0 | 0 | |
TCGAquery_subtype | 0.005 | 0.002 | 0.007 | |
TCGAtumor_purity | 0.061 | 0.000 | 0.061 | |
TCGAvisualize_EAbarplot | 1.964 | 0.016 | 1.980 | |
TCGAvisualize_Heatmap | 1.689 | 0.024 | 1.713 | |
TCGAvisualize_PCA | 1.459 | 0.012 | 1.472 | |
TCGAvisualize_meanMethylation | 2.413 | 0.012 | 2.425 | |
TCGAvisualize_oncoprint | 0.000 | 0.001 | 0.000 | |
TCGAvisualize_starburst | 0.000 | 0.001 | 0.000 | |
UseRaw_afterFilter | 0 | 0 | 0 | |
colDataPrepare | 0.269 | 0.005 | 0.811 | |
dmc.non.parametric | 0.098 | 0.016 | 0.115 | |
dmc.non.parametric.se | 0.134 | 0.019 | 0.152 | |
gaiaCNVplot | 0.024 | 0.001 | 0.025 | |
geneInfoHT | 0.000 | 0.000 | 0.001 | |
getAdjacencyBiogrid | 0.001 | 0.000 | 0.002 | |
getDataCategorySummary | 0.909 | 0.008 | 2.519 | |
getGDCInfo | 0.064 | 0.000 | 0.188 | |
getGDCprojects | 0.094 | 0.000 | 0.247 | |
getLinkedOmicsData | 0.000 | 0.001 | 0.001 | |
getMC3MAF | 0 | 0 | 0 | |
getManifest | 7.919 | 0.097 | 100.351 | |
getNbCases | 0 | 0 | 0 | |
getNbFiles | 0.000 | 0.000 | 0.001 | |
getProjectSummary | 0.167 | 0.000 | 0.469 | |
getResults | 1.017 | 0.059 | 7.502 | |
getSampleFilesSummary | 0.502 | 0.013 | 2.149 | |
getTSS | 0.001 | 0.000 | 0.000 | |
gliomaClassifier | 0.000 | 0.000 | 0.001 | |
isServeOK | 0.071 | 0.008 | 0.200 | |
matchedMetExp | 1.598 | 0.145 | 10.979 | |