Back to Multiple platform build/check report for BioC 3.19: simplified long |
|
This page was generated on 2024-06-14 14:38 -0400 (Fri, 14 Jun 2024).
Hostname | OS | Arch (*) | R version | Installed pkgs |
---|---|---|---|---|
nebbiolo1 | Linux (Ubuntu 22.04.3 LTS) | x86_64 | 4.4.0 (2024-04-24) -- "Puppy Cup" | 4757 |
palomino3 | Windows Server 2022 Datacenter | x64 | 4.4.0 (2024-04-24 ucrt) -- "Puppy Cup" | 4491 |
Click on any hostname to see more info about the system (e.g. compilers) (*) as reported by 'uname -p', except on Windows and Mac OS X |
Package 1034/2300 | Hostname | OS / Arch | INSTALL | BUILD | CHECK | BUILD BIN | ||||||||
iNETgrate 1.2.0 (landing page) Habil Zare
| nebbiolo1 | Linux (Ubuntu 22.04.3 LTS) / x86_64 | OK | ERROR | skipped | |||||||||
palomino3 | Windows Server 2022 Datacenter / x64 | OK | ERROR | skipped | skipped | |||||||||
To the developers/maintainers of the iNETgrate package: - Allow up to 24 hours (and sometimes 48 hours) for your latest push to git@git.bioconductor.org:packages/iNETgrate.git to reflect on this report. See Troubleshooting Build Report for more information. - Use the following Renviron settings to reproduce errors and warnings. - If 'R CMD check' started to fail recently on the Linux builder(s) over a missing dependency, add the missing dependency to 'Suggests:' in your DESCRIPTION file. See Renviron.bioc for more information. |
Package: iNETgrate |
Version: 1.2.0 |
Command: chmod a+r iNETgrate -R && F:\biocbuild\bbs-3.19-bioc\R\bin\R.exe CMD build --keep-empty-dirs --no-resave-data iNETgrate |
StartedAt: 2024-06-12 20:03:17 -0400 (Wed, 12 Jun 2024) |
EndedAt: 2024-06-12 20:08:31 -0400 (Wed, 12 Jun 2024) |
EllapsedTime: 314.2 seconds |
RetCode: 1 |
Status: ERROR |
PackageFile: None |
PackageFileSize: NA |
############################################################################## ############################################################################## ### ### Running command: ### ### chmod a+r iNETgrate -R && F:\biocbuild\bbs-3.19-bioc\R\bin\R.exe CMD build --keep-empty-dirs --no-resave-data iNETgrate ### ############################################################################## ############################################################################## * checking for file 'iNETgrate/DESCRIPTION' ... OK * preparing 'iNETgrate': * checking DESCRIPTION meta-information ... OK * installing the package to build vignettes * creating vignettes ... ERROR --- re-building 'iNETgrate_inference.Rnw' using knitr texify: major issue: User/administrator updates are out-of-sync. Warning in system(paste(shQuote(texi2dvi), if (quiet) "--quiet" else "", : running command '"C:\PROGRA~1\MiKTeX\miktex\bin\x64\texify.exe" --quiet --pdf "iNETgrate_inference.tex" --max-iterations=20 -I "F:/biocbuild/bbs-3.19-bioc/R/share/texmf/tex/latex" -I "F:/biocbuild/bbs-3.19-bioc/R/share/texmf/bibtex/bst"' had status 1 Error: processing vignette 'iNETgrate_inference.Rnw' failed with diagnostics: running 'texi2dvi' on 'iNETgrate_inference.tex' failed LaTeX errors: ttes/iNETgrate_inference.tex:200: Package xcolor Error: Undefined color `fgcolo r'. See the xcolor package documentation for explanation. Type H <return> for immediate help. ttes/iNETgrate_inference.tex:246: Package xcolor Error: Undefined color `fgcolo r'. See the xcolor package documentation for explanation. Type H <return> for immediate help. ttes/iNETgrate_inference.tex:267: Package xcolor Error: Undefined color `fgcolo r'. See the xcolor package documentation for explanation. Type H <return> for immediate help. ttes/iNETgrate_inference.tex:303: Package xcolor Error: Undefined color `fgcolo r'. See the xcolor package documentation for explanation. Type H <return> for immediate help. ttes/iNETgrate_inference.tex:325: Package xcolor Error: Undefined color `fgcolo r'. See the xcolor package documentation for explanation. Type H <return> for immediate help. ttes/iNETgrate_inference.tex:349: Package xcolor Error: Undefined color `fgcolo r'. See the xcolor package documentation for explanation. Type H <return> for immediate help. ttes/iNETgrate_inference.tex:387: Package xcolor Error: Undefined color `fgcolo r'. See the xcolor package documentation for explanation. Type H <return> for immediate help. ttes/iNETgrate_inference.tex:457: Package xcolor Error: Undefined color `fgcolo r'. See the xcolor package documentation for explanation. Type H <return> for immediate help. ttes/iNETgrate_inference.tex:487: Package xcolor Error: Undefined color `fgcolo r'. See the xcolor package documentation for explanation. Type H <return> for immediate help. ttes/iNETgrate_inference.tex:518: Package xcolor Error: Undefined color `fgcolo r'. See the xcolor package documentation for explanation. Type H <return> for immediate help. ttes/iNETgrate_inference.tex:564: Package xcolor Error: Undefined color `fgcolo r'. See the xcolor package documentation for explanation. Type H <return> for immediate help. ttes/iNETgrate_inference.tex:605: Package xcolor Error: Undefined color `fgcolo r'. See the xcolor package documentation for explanation. Type H <return> for immediate help. ttes/iNETgrate_inference.tex:626: Package xcolor Error: Undefined color `fgcolo r'. See the xcolor package documentation for explanation. Type H <return> for immediate help. --- failed re-building 'iNETgrate_inference.Rnw' SUMMARY: processing the following file failed: 'iNETgrate_inference.Rnw' Error: Vignette re-building failed. Execution halted