| Back to Build/check report for BioC 3.20 experimental data | 
  | 
This page was generated on 2025-04-01 15:41 -0400 (Tue, 01 Apr 2025).
| Hostname | OS | Arch (*) | R version | Installed pkgs | 
|---|---|---|---|---|
| nebbiolo2 | Linux (Ubuntu 24.04.1 LTS) | x86_64 | 4.4.3 (2025-02-28) -- "Trophy Case" | 4764 | 
| Click on any hostname to see more info about the system (e.g. compilers) (*) as reported by 'uname -p', except on Windows and Mac OS X | ||||
| Package 121/431 | Hostname | OS / Arch | INSTALL | BUILD | CHECK | ||||||||
| ewceData 1.14.0  (landing page) Alan Murphy 
  | nebbiolo2 | Linux (Ubuntu 24.04.1 LTS) / x86_64 | OK | ERROR | skipped | ||||||||
| 
To the developers/maintainers of the ewceData package: - Use the following Renviron settings to reproduce errors and warnings. - If 'R CMD check' started to fail recently on the Linux builder(s) over a missing dependency, add the missing dependency to 'Suggests:' in your DESCRIPTION file. See Renviron.bioc for more information.  | 
| Package: ewceData | 
| Version: 1.14.0 | 
| Command: /home/biocbuild/bbs-3.20-bioc/R/bin/R CMD build --keep-empty-dirs --no-resave-data ewceData | 
| StartedAt: 2025-04-01 11:14:58 -0400 (Tue, 01 Apr 2025) | 
| EndedAt: 2025-04-01 11:15:46 -0400 (Tue, 01 Apr 2025) | 
| EllapsedTime: 47.5 seconds | 
| RetCode: 1 | 
| Status: ERROR | 
| PackageFile: None | 
| PackageFileSize: NA | 
##############################################################################
##############################################################################
###
### Running command:
###
###   /home/biocbuild/bbs-3.20-bioc/R/bin/R CMD build --keep-empty-dirs --no-resave-data ewceData
###
##############################################################################
##############################################################################
* checking for file ‘ewceData/DESCRIPTION’ ... OK
* preparing ‘ewceData’:
* checking DESCRIPTION meta-information ... OK
* installing the package to build vignettes
* creating vignettes ... ERROR
--- re-building ‘ewceData.Rmd’ using knitr
Error: processing vignette 'ewceData.Rmd' failed with diagnostics:
19:48: unexpected symbol
18:           person(family = "Codeluppi", given = c("Simone")),
19:           person(family = "L{\\{}{\\backslash}"o
                                                   ^
--- failed re-building ‘ewceData.Rmd’
SUMMARY: processing the following file failed:
  ‘ewceData.Rmd’
Error: Vignette re-building failed.
Execution halted