Back to Build/check report for BioC 3.22 annotations
AB[C]DEFGHIJKLMNOPQRSTUVWXYZ

This page was generated on 2025-11-19 06:45 -0500 (Wed, 19 Nov 2025).

HostnameOSArch (*)R versionInstalled pkgs
nebbiolo2Linux (Ubuntu 24.04.3 LTS)x86_644.5.2 (2025-10-31) -- "[Not] Part in a Rumble" 4858
Click on any hostname to see more info about the system (e.g. compilers)      (*) as reported by 'uname -p', except on Windows and Mac OS X

Package 14/49HostnameOS / ArchINSTALLBUILDCHECK
cadd.v1.6.hg38 3.18.1  (landing page)
Robert Castelo
Snapshot Date: 2025-11-19 05:45 -0500 (Wed, 19 Nov 2025)
git_url: https://git.bioconductor.org/packages/cadd.v1.6.hg38
git_branch: RELEASE_3_22
git_last_commit: 73d9029
git_last_commit_date: 2023-10-19 13:24:34 -0500 (Thu, 19 Oct 2023)
nebbiolo2Linux (Ubuntu 24.04.3 LTS) / x86_64  OK    ERROR  skipped


BUILD results for cadd.v1.6.hg38 on nebbiolo2

To the developers/maintainers of the cadd.v1.6.hg38 package:
- Use the following Renviron settings to reproduce errors and warnings.
- If 'R CMD check' started to fail recently on the Linux builder(s) over a missing dependency, add the missing dependency to 'Suggests:' in your DESCRIPTION file. See Renviron.bioc for more information.

raw results


Summary

Package: cadd.v1.6.hg38
Version: 3.18.1
Command: /home/biocbuild/bbs-3.22-bioc/R/bin/R CMD build --keep-empty-dirs --no-resave-data cadd.v1.6.hg38
StartedAt: 2025-11-19 05:56:27 -0500 (Wed, 19 Nov 2025)
EndedAt: 2025-11-19 05:57:50 -0500 (Wed, 19 Nov 2025)
EllapsedTime: 82.7 seconds
RetCode: 1
Status:   ERROR  
PackageFile: None
PackageFileSize: NA

Command output

##############################################################################
##############################################################################
###
### Running command:
###
###   /home/biocbuild/bbs-3.22-bioc/R/bin/R CMD build --keep-empty-dirs --no-resave-data cadd.v1.6.hg38
###
##############################################################################
##############################################################################


* checking for file ‘cadd.v1.6.hg38/DESCRIPTION’ ... OK
* preparing ‘cadd.v1.6.hg38’:
* checking DESCRIPTION meta-information ... OK
* installing the package to build vignettes
* creating vignettes ... ERROR
--- re-building ‘cadd.v1.6.hg38.Rmd’ using rmarkdown

Quitting from cadd.v1.6.hg38.Rmd:71-75 [retrieve3]
~~~~~~~~~~~~~~~~~~~~~~~~~~~~~~~~~~~~~~~~~~~~~~~~~~~~~~~~~~~~~~~~~~~~~~~~~~~~~~~~
<error/rlang_error>
Error:
! 24 resources failed to download
---
Backtrace:
     ▆
  1. └─GenomicScores::getGScores("cadd.v1.6.hg38")
  2.   ├─AnnotationHub::cache(ah[ahids])
  3.   └─AnnotationHub::cache(ah[ahids])
  4.     └─AnnotationHub (local) .local(x, ...)
  5.       ├─methods::callNextMethod(...)
  6.       │ └─base::eval(call, callEnv)
  7.       │   └─base::eval(call, callEnv)
  8.       └─AnnotationHub (local) .nextMethod(...)
  9.         └─AnnotationHub (local) .local(x, ...)
 10.           └─AnnotationHub:::.cache_internal(...)
~~~~~~~~~~~~~~~~~~~~~~~~~~~~~~~~~~~~~~~~~~~~~~~~~~~~~~~~~~~~~~~~~~~~~~~~~~~~~~~~

Error: processing vignette 'cadd.v1.6.hg38.Rmd' failed with diagnostics:
24 resources failed to download
--- failed re-building ‘cadd.v1.6.hg38.Rmd’

SUMMARY: processing the following file failed:
  ‘cadd.v1.6.hg38.Rmd’

Error: Vignette re-building failed.
Execution halted