| Back to Build/check report for BioC 3.22 experimental data |
|
This page was generated on 2025-10-21 15:41 -0400 (Tue, 21 Oct 2025).
| Hostname | OS | Arch (*) | R version | Installed pkgs |
|---|---|---|---|---|
| nebbiolo2 | Linux (Ubuntu 24.04.3 LTS) | x86_64 | 4.5.1 Patched (2025-08-23 r88802) -- "Great Square Root" | 4888 |
| Click on any hostname to see more info about the system (e.g. compilers) (*) as reported by 'uname -p', except on Windows and Mac OS X | ||||
| Package 267/435 | Hostname | OS / Arch | INSTALL | BUILD | CHECK | ||||||||
| mtbls2 1.39.1 (landing page) Steffen Neumann
| nebbiolo2 | Linux (Ubuntu 24.04.3 LTS) / x86_64 | OK | OK | WARNINGS | ||||||||
|
To the developers/maintainers of the mtbls2 package: - Use the following Renviron settings to reproduce errors and warnings. - If 'R CMD check' started to fail recently on the Linux builder(s) over a missing dependency, add the missing dependency to 'Suggests:' in your DESCRIPTION file. See Renviron.bioc for more information. |
| Package: mtbls2 |
| Version: 1.39.1 |
| Command: /home/biocbuild/bbs-3.22-bioc/R/bin/R CMD check --install=check:mtbls2.install-out.txt --library=/home/biocbuild/bbs-3.22-bioc/R/site-library --timings mtbls2_1.39.1.tar.gz |
| StartedAt: 2025-10-21 12:47:08 -0400 (Tue, 21 Oct 2025) |
| EndedAt: 2025-10-21 12:51:05 -0400 (Tue, 21 Oct 2025) |
| EllapsedTime: 237.9 seconds |
| RetCode: 0 |
| Status: WARNINGS |
| CheckDir: mtbls2.Rcheck |
| Warnings: 1 |
##############################################################################
##############################################################################
###
### Running command:
###
### /home/biocbuild/bbs-3.22-bioc/R/bin/R CMD check --install=check:mtbls2.install-out.txt --library=/home/biocbuild/bbs-3.22-bioc/R/site-library --timings mtbls2_1.39.1.tar.gz
###
##############################################################################
##############################################################################
* using log directory ‘/home/biocbuild/bbs-3.22-data-experiment/meat/mtbls2.Rcheck’
* using R version 4.5.1 Patched (2025-08-23 r88802)
* using platform: x86_64-pc-linux-gnu
* R was compiled by
gcc (Ubuntu 13.3.0-6ubuntu2~24.04) 13.3.0
GNU Fortran (Ubuntu 13.3.0-6ubuntu2~24.04) 13.3.0
* running under: Ubuntu 24.04.3 LTS
* using session charset: UTF-8
* checking for file ‘mtbls2/DESCRIPTION’ ... OK
* this is package ‘mtbls2’ version ‘1.39.1’
* package encoding: UTF-8
* checking package namespace information ... OK
* checking package dependencies ... OK
* checking if this is a source package ... OK
* checking if there is a namespace ... OK
* checking for hidden files and directories ... OK
* checking for portable file names ... OK
* checking for sufficient/correct file permissions ... OK
* checking whether package ‘mtbls2’ can be installed ... OK
* checking installed package size ... INFO
installed size is 510.7Mb
sub-directories of 1Mb or more:
R 4.4Mb
data 3.0Mb
mzData 185.6Mb
mzML 313.4Mb
* checking package directory ... OK
* checking DESCRIPTION meta-information ... OK
* checking top-level files ... OK
* checking for left-over files ... OK
* checking index information ... OK
* checking package subdirectories ... OK
* checking code files for non-ASCII characters ... OK
* checking R files for syntax errors ... OK
* checking whether the package can be loaded ... OK
* checking whether the package can be loaded with stated dependencies ... OK
* checking whether the package can be unloaded cleanly ... OK
* checking whether the namespace can be loaded with stated dependencies ... OK
* checking whether the namespace can be unloaded cleanly ... OK
* checking loading without being on the library search path ... OK
* checking whether startup messages can be suppressed ... OK
* checking dependencies in R code ... OK
* checking S3 generic/method consistency ... OK
* checking replacement functions ... OK
* checking foreign function calls ... OK
* checking R code for possible problems ... OK
* checking Rd files ... OK
* checking Rd metadata ... OK
* checking Rd cross-references ... OK
* checking for missing documentation entries ... OK
* checking for code/documentation mismatches ... OK
* checking Rd \usage sections ... OK
* checking Rd contents ... OK
* checking for unstated dependencies in examples ... OK
* checking contents of ‘data’ directory ... OK
* checking data for non-ASCII characters ... OK
* checking data for ASCII and uncompressed saves ... OK
* checking files in ‘vignettes’ ... WARNING
Files in the 'vignettes' directory but no files in 'inst/doc':
‘MTBLS2-xcms3.Rmd-disable’ ‘MTBLS2.Rmd-disable’ ‘MTBLS2.Rmd-disabled’
‘MTBLS2.bib’ ‘mtbls2diffreport_box/001.png’
‘mtbls2diffreport_box/002.png’ ‘mtbls2diffreport_box/003.png’
‘mtbls2diffreport_box/004.png’ ‘mtbls2diffreport_box/005.png’
‘mtbls2diffreport_box/006.png’ ‘mtbls2diffreport_box/007.png’
‘mtbls2diffreport_box/008.png’ ‘mtbls2diffreport_box/009.png’
‘mtbls2diffreport_box/010.png’ ‘mtbls2diffreport_box/011.png’
‘mtbls2diffreport_box/012.png’ ‘mtbls2diffreport_box/013.png’
‘mtbls2diffreport_box/014.png’ ‘mtbls2diffreport_box/015.png’
‘mtbls2diffreport_box/016.png’ ‘mtbls2diffreport_box/017.png’
‘mtbls2diffreport_box/018.png’ ‘mtbls2diffreport_box/019.png’
‘mtbls2diffreport_box/020.png’ ‘mtbls2diffreport_eic/001.png’
‘mtbls2diffreport_eic/002.png’ ‘mtbls2diffreport_eic/003.png’
‘mtbls2diffreport_eic/004.png’ ‘mtbls2diffreport_eic/005.png’
‘mtbls2diffreport_eic/006.png’ ‘mtbls2diffreport_eic/007.png’
‘mtbls2diffreport_eic/008.png’ ‘mtbls2diffreport_eic/009.png’
‘mtbls2diffreport_eic/010.png’ ‘mtbls2diffreport_eic/011.png’
‘mtbls2diffreport_eic/012.png’ ‘mtbls2diffreport_eic/013.png’
‘mtbls2diffreport_eic/014.png’ ‘mtbls2diffreport_eic/015.png’
‘mtbls2diffreport_eic/016.png’ ‘mtbls2diffreport_eic/017.png’
‘mtbls2diffreport_eic/018.png’ ‘mtbls2diffreport_eic/019.png’
‘mtbls2diffreport_eic/020.png’
* checking examples ... OK
* checking package vignettes ... NOTE
Package has ‘vignettes’ subdirectory but apparently no vignettes.
Perhaps the ‘VignetteBuilder’ information is missing from the
DESCRIPTION file?
* checking PDF version of manual ... OK
* DONE
Status: 1 WARNING, 1 NOTE
See
‘/home/biocbuild/bbs-3.22-data-experiment/meat/mtbls2.Rcheck/00check.log’
for details.
mtbls2.Rcheck/00install.out
############################################################################## ############################################################################## ### ### Running command: ### ### /home/biocbuild/bbs-3.22-bioc/R/bin/R CMD INSTALL mtbls2 ### ############################################################################## ############################################################################## * installing to library ‘/home/biocbuild/bbs-3.22-bioc/R/site-library’ * installing *source* package ‘mtbls2’ ... ** this is package ‘mtbls2’ version ‘1.39.1’ ** using staged installation ** R ** data ** inst ** byte-compile and prepare package for lazy loading ** help *** installing help indices ** building package indices ** installing vignettes ** testing if installed package can be loaded from temporary location ** testing if installed package can be loaded from final location ** testing if installed package keeps a record of temporary installation path * DONE (mtbls2)
mtbls2.Rcheck/mtbls2-Ex.timings
| name | user | system | elapsed | |
| mtbls2 | 0.348 | 0.020 | 0.368 | |