Back to Multiple platform build/check report for BioC 3.23:   simplified   long
A[B]CDEFGHIJKLMNOPQRSTUVWXYZ

This page was generated on 2025-11-19 10:13 -0500 (Wed, 19 Nov 2025).

HostnameOSArch (*)R versionInstalled pkgs
nebbiolo1Linux (Ubuntu 24.04.3 LTS)x86_64R Under development (unstable) (2025-10-20 r88955) -- "Unsuffered Consequences" 4827
lconwaymacOS 12.7.6 Montereyx86_64R Under development (unstable) (2025-10-21 r88958) -- "Unsuffered Consequences" 4600
kjohnson3macOS 13.7.7 Venturaarm64R Under development (unstable) (2025-11-04 r88984) -- "Unsuffered Consequences" 4564
Click on any hostname to see more info about the system (e.g. compilers)      (*) as reported by 'uname -p', except on Windows and Mac OS X

Package 221/2325HostnameOS / ArchINSTALLBUILDCHECKBUILD BIN
BioTIP 1.25.0  (landing page)
Felix Yu and X Holly Yang
Snapshot Date: 2025-11-18 13:40 -0500 (Tue, 18 Nov 2025)
git_url: https://git.bioconductor.org/packages/BioTIP
git_branch: devel
git_last_commit: ba9af28
git_last_commit_date: 2025-10-29 10:54:37 -0500 (Wed, 29 Oct 2025)
nebbiolo1Linux (Ubuntu 24.04.3 LTS) / x86_64  OK    OK    WARNINGS  UNNEEDED, same version is already published
lconwaymacOS 12.7.6 Monterey / x86_64  OK    ERROR  skippedskipped
kjohnson3macOS 13.7.7 Ventura / arm64  OK    ERROR  skippedskipped


BUILD results for BioTIP on lconway

To the developers/maintainers of the BioTIP package:
- Allow up to 24 hours (and sometimes 48 hours) for your latest push to git@git.bioconductor.org:packages/BioTIP.git to reflect on this report. See Troubleshooting Build Report for more information.
- Use the following Renviron settings to reproduce errors and warnings.
- If 'R CMD check' started to fail recently on the Linux builder(s) over a missing dependency, add the missing dependency to 'Suggests:' in your DESCRIPTION file. See Renviron.bioc for more information.

raw results


Summary

Package: BioTIP
Version: 1.25.0
Command: /Library/Frameworks/R.framework/Resources/bin/R CMD build --keep-empty-dirs --no-resave-data BioTIP
StartedAt: 2025-11-18 16:14:33 -0500 (Tue, 18 Nov 2025)
EndedAt: 2025-11-18 16:15:24 -0500 (Tue, 18 Nov 2025)
EllapsedTime: 50.4 seconds
RetCode: 1
Status:   ERROR  
PackageFile: None
PackageFileSize: NA

Command output

##############################################################################
##############################################################################
###
### Running command:
###
###   /Library/Frameworks/R.framework/Resources/bin/R CMD build --keep-empty-dirs --no-resave-data BioTIP
###
##############################################################################
##############################################################################


* checking for file ‘BioTIP/DESCRIPTION’ ... OK
* preparing ‘BioTIP’:
* checking DESCRIPTION meta-information ... OK
* installing the package (it is needed to build vignettes)
* creating vignettes ... ERROR
--- re-building ‘BioTIP.Rmd’ using rmarkdown
2025-11-18 16:14:58.267 R[16576:26039314] XType: Using static font registry.

Quitting from BioTIP.Rmd:331-371 [unnamed-chunk-26]
~~~~~~~~~~~~~~~~~~~~~~~~~~~~~~~~~~~~~~~~~~~~~~~~~~~~~~~~~~~~~~~~~~~~~~~~~~~~~~~~
<error/rlang_error>
Error in `open.connection()`:
! cannot open the connection to 'https://github.com/ysun98/BioTIPBigData/blob/master/data_Nestorowa.tsv?raw=true'
---
Backtrace:
    ▆
 1. └─utils::read.table(url(githuburl), head = T, sep = "\t", row.names = 1)
 2.   ├─base::open(file, "rt")
 3.   └─base::open.connection(file, "rt")
~~~~~~~~~~~~~~~~~~~~~~~~~~~~~~~~~~~~~~~~~~~~~~~~~~~~~~~~~~~~~~~~~~~~~~~~~~~~~~~~

Error: processing vignette 'BioTIP.Rmd' failed with diagnostics:
cannot open the connection to 'https://github.com/ysun98/BioTIPBigData/blob/master/data_Nestorowa.tsv?raw=true'
--- failed re-building ‘BioTIP.Rmd’

SUMMARY: processing the following file failed:
  ‘BioTIP.Rmd’

Error: Vignette re-building failed.
Execution halted