Back to Multiple platform build/check report for BioC 3.23:   simplified   long
AB[C]DEFGHIJKLMNOPQRSTUVWXYZ

This page was generated on 2025-11-19 10:12 -0500 (Wed, 19 Nov 2025).

HostnameOSArch (*)R versionInstalled pkgs
nebbiolo1Linux (Ubuntu 24.04.3 LTS)x86_64R Under development (unstable) (2025-10-20 r88955) -- "Unsuffered Consequences" 4827
lconwaymacOS 12.7.6 Montereyx86_64R Under development (unstable) (2025-10-21 r88958) -- "Unsuffered Consequences" 4600
kjohnson3macOS 13.7.7 Venturaarm64R Under development (unstable) (2025-11-04 r88984) -- "Unsuffered Consequences" 4564
Click on any hostname to see more info about the system (e.g. compilers)      (*) as reported by 'uname -p', except on Windows and Mac OS X

Package 354/2325HostnameOS / ArchINSTALLBUILDCHECKBUILD BIN
ChromSCape 1.21.0  (landing page)
Pacome Prompsy
Snapshot Date: 2025-11-18 13:40 -0500 (Tue, 18 Nov 2025)
git_url: https://git.bioconductor.org/packages/ChromSCape
git_branch: devel
git_last_commit: 47d0ff7
git_last_commit_date: 2025-10-29 11:02:56 -0500 (Wed, 29 Oct 2025)
nebbiolo1Linux (Ubuntu 24.04.3 LTS) / x86_64  OK    OK    WARNINGS  UNNEEDED, same version is already published
lconwaymacOS 12.7.6 Monterey / x86_64  OK    OK    WARNINGS    OK  NO, package depends on 'rtracklayer' which is only available as a source package that needs compilation
kjohnson3macOS 13.7.7 Ventura / arm64  OK    OK    WARNINGS    OK  NO, package depends on 'rtracklayer' which is only available as a source package that needs compilation


CHECK results for ChromSCape on nebbiolo1

To the developers/maintainers of the ChromSCape package:
- Allow up to 24 hours (and sometimes 48 hours) for your latest push to git@git.bioconductor.org:packages/ChromSCape.git to reflect on this report. See Troubleshooting Build Report for more information.
- Use the following Renviron settings to reproduce errors and warnings.
- If 'R CMD check' started to fail recently on the Linux builder(s) over a missing dependency, add the missing dependency to 'Suggests:' in your DESCRIPTION file. See Renviron.bioc for more information.

raw results


Summary

Package: ChromSCape
Version: 1.21.0
Command: /home/biocbuild/bbs-3.23-bioc/R/bin/R CMD check --install=check:ChromSCape.install-out.txt --library=/home/biocbuild/bbs-3.23-bioc/R/site-library --timings ChromSCape_1.21.0.tar.gz
StartedAt: 2025-11-18 22:53:51 -0500 (Tue, 18 Nov 2025)
EndedAt: 2025-11-18 23:07:18 -0500 (Tue, 18 Nov 2025)
EllapsedTime: 807.1 seconds
RetCode: 0
Status:   WARNINGS  
CheckDir: ChromSCape.Rcheck
Warnings: 1

Command output

##############################################################################
##############################################################################
###
### Running command:
###
###   /home/biocbuild/bbs-3.23-bioc/R/bin/R CMD check --install=check:ChromSCape.install-out.txt --library=/home/biocbuild/bbs-3.23-bioc/R/site-library --timings ChromSCape_1.21.0.tar.gz
###
##############################################################################
##############################################################################


* using log directory ‘/home/biocbuild/bbs-3.23-bioc/meat/ChromSCape.Rcheck’
* using R Under development (unstable) (2025-10-20 r88955)
* using platform: x86_64-pc-linux-gnu
* R was compiled by
    gcc (Ubuntu 13.3.0-6ubuntu2~24.04) 13.3.0
    GNU Fortran (Ubuntu 13.3.0-6ubuntu2~24.04) 13.3.0
* running under: Ubuntu 24.04.3 LTS
* using session charset: UTF-8
* checking for file ‘ChromSCape/DESCRIPTION’ ... OK
* this is package ‘ChromSCape’ version ‘1.21.0’
* package encoding: UTF-8
* checking package namespace information ... OK
* checking package dependencies ... INFO
Imports includes 51 non-default packages.
Importing from so many packages makes the package vulnerable to any of
them becoming unavailable.  Move as many as possible to Suggests and
use conditionally.
* checking if this is a source package ... OK
* checking if there is a namespace ... OK
* checking for hidden files and directories ... NOTE
Found the following hidden files and directories:
  .BBSoptions
These were most likely included in error. See section ‘Package
structure’ in the ‘Writing R Extensions’ manual.
* checking for portable file names ... OK
* checking for sufficient/correct file permissions ... OK
* checking whether package ‘ChromSCape’ can be installed ... OK
* used C++ compiler: ‘g++ (Ubuntu 13.3.0-6ubuntu2~24.04) 13.3.0’
* checking installed package size ... INFO
  installed size is  5.2Mb
  sub-directories of 1Mb or more:
    data   1.7Mb
    www    2.2Mb
* checking package directory ... OK
* checking ‘build’ directory ... OK
* checking DESCRIPTION meta-information ... OK
* checking top-level files ... OK
* checking for left-over files ... OK
* checking index information ... OK
* checking package subdirectories ... OK
* checking code files for non-ASCII characters ... OK
* checking R files for syntax errors ... OK
* checking whether the package can be loaded ... OK
* checking whether the package can be loaded with stated dependencies ... OK
* checking whether the package can be unloaded cleanly ... OK
* checking whether the namespace can be loaded with stated dependencies ... OK
* checking whether the namespace can be unloaded cleanly ... OK
* checking loading without being on the library search path ... OK
* checking whether startup messages can be suppressed ... OK
* checking dependencies in R code ... WARNING
'loadNamespace' or 'requireNamespace' call not declared from: ‘flexdashboard’
* checking S3 generic/method consistency ... OK
* checking replacement functions ... OK
* checking foreign function calls ... OK
* checking R code for possible problems ... NOTE
bams_to_matrix_indexes: no visible binding for global variable
  ‘files_dir_list’
enrich_TF_ChEA3_genes: no visible binding for global variable
  ‘CheA3_TF_nTargets’
filter_correlated_cell_scExp: no visible binding for global variable
  ‘run_tsne’
generate_analysis: no visible global function definition for ‘head’
generate_analysis: no visible binding for global variable ‘k’
generate_analysis: no visible binding for global variable
  ‘clusterConsensus’
get_most_variable_cyto: no visible binding for global variable
  ‘cytoBand’
get_most_variable_cyto: no visible binding for global variable
  ‘Fri_cyto’
num_cell_after_QC_filt_scExp: no visible binding for global variable
  ‘sample_id’
num_cell_after_QC_filt_scExp: no visible binding for global variable
  ‘total_counts’
num_cell_scExp: no visible binding for global variable ‘sample_id’
num_cell_scExp: no visible binding for global variable ‘total_counts’
plot_correlation_PCA_scExp: no visible binding for global variable
  ‘Component’
plot_coverage_BigWig: no visible binding for global variable ‘molecule’
plot_coverage_BigWig: no visible binding for global variable
  ‘orientation’
plot_coverage_BigWig: no visible binding for global variable ‘Gene’
plot_gain_or_loss_barplots: no visible binding for global variable
  ‘Gain_or_Loss’
plot_gain_or_loss_barplots: no visible binding for global variable
  ‘ncells’
plot_gain_or_loss_barplots: no visible binding for global variable
  ‘cytoBand’
plot_most_contributing_features: no visible binding for global variable
  ‘genes’
plot_percent_active_feature_scExp: no visible binding for global
  variable ‘group’
plot_percent_active_feature_scExp: no visible binding for global
  variable ‘percent_active’
plot_pie_most_contributing_chr: no visible binding for global variable
  ‘absolute_value’
plot_reduced_dim_scExp: no visible binding for global variable ‘V1’
plot_reduced_dim_scExp: no visible binding for global variable ‘V2’
plot_reduced_dim_scExp: no visible binding for global variable
  ‘cluster’
plot_top_TF_scExp: no visible binding for global variable ‘TF’
rebin_helper: no visible binding for global variable ‘new_row’
rebin_helper: no visible binding for global variable ‘origin_value’
rebin_matrix: no visible binding for global variable ‘group’
subset_bam_call_peaks: no visible binding for global variable
  ‘merged_bam’
Undefined global functions or variables:
  CheA3_TF_nTargets Component Fri_cyto Gain_or_Loss Gene TF V1 V2
  absolute_value cluster clusterConsensus cytoBand files_dir_list genes
  group head k merged_bam molecule ncells new_row orientation
  origin_value percent_active run_tsne sample_id total_counts
Consider adding
  importFrom("utils", "head")
to your NAMESPACE file.
* checking Rd files ... OK
* checking Rd metadata ... OK
* checking Rd cross-references ... OK
* checking for missing documentation entries ... OK
* checking for code/documentation mismatches ... OK
* checking Rd \usage sections ... OK
* checking Rd contents ... OK
* checking for unstated dependencies in examples ... OK
* checking contents of ‘data’ directory ... OK
* checking data for non-ASCII characters ... OK
* checking data for ASCII and uncompressed saves ... OK
* checking line endings in C/C++/Fortran sources/headers ... OK
* checking compiled code ... INFO
Note: information on .o files is not available
* checking files in ‘vignettes’ ... OK
* checking examples ... OK
Examples with CPU (user + system) or elapsed time > 5s
                                        user system elapsed
get_pathway_mat_scExp                 72.609  3.098  75.711
plot_gain_or_loss_barplots            50.794  0.417  51.212
calculate_CNA                         22.754  2.504  25.259
plot_reduced_dim_scExp_CNA            24.066  0.232  24.301
get_most_variable_cyto                22.599  1.168  23.772
calculate_cyto_mat                    22.453  0.987  23.441
calculate_gain_or_loss                21.985  1.286  23.273
calculate_logRatio_CNA                21.611  1.413  23.035
get_cyto_features                     19.339  0.482  19.821
num_cell_after_cor_filt_scExp         13.525  0.117  13.623
preprocessing_filtering_and_reduction  9.895  0.140  10.029
filter_correlated_cell_scExp           9.745  0.171   9.901
rebin_matrix                           8.363  0.044  24.633
import_scExp                           8.296  0.089   8.386
create_scDataset_raw                   6.587  0.377   6.965
CompareWilcox                          6.227  0.345   6.516
differential_activation                5.187  0.078   5.266
enrich_TF_ChEA3_scExp                  1.113  0.057   5.173
* checking for unstated dependencies in ‘tests’ ... OK
* checking tests ...
  Running ‘testthat.R’
 OK
* checking for unstated dependencies in vignettes ... OK
* checking package vignettes ... OK
* checking re-building of vignette outputs ... OK
* checking PDF version of manual ... OK
* DONE

Status: 1 WARNING, 2 NOTEs
See
  ‘/home/biocbuild/bbs-3.23-bioc/meat/ChromSCape.Rcheck/00check.log’
for details.


Installation output

ChromSCape.Rcheck/00install.out

##############################################################################
##############################################################################
###
### Running command:
###
###   /home/biocbuild/bbs-3.23-bioc/R/bin/R CMD INSTALL ChromSCape
###
##############################################################################
##############################################################################


* installing to library ‘/home/biocbuild/bbs-3.23-bioc/R/site-library’
* installing *source* package ‘ChromSCape’ ...
** this is package ‘ChromSCape’ version ‘1.21.0’
** using staged installation
** libs
using C++ compiler: ‘g++ (Ubuntu 13.3.0-6ubuntu2~24.04) 13.3.0’
g++ -std=gnu++17 -I"/home/biocbuild/bbs-3.23-bioc/R/include" -DNDEBUG  -I'/home/biocbuild/bbs-3.23-bioc/R/site-library/Rcpp/include' -I/usr/local/include    -fpic  -g -O2  -Wall -Werror=format-security  -c RcppExports.cpp -o RcppExports.o
g++ -std=gnu++17 -I"/home/biocbuild/bbs-3.23-bioc/R/include" -DNDEBUG  -I'/home/biocbuild/bbs-3.23-bioc/R/site-library/Rcpp/include' -I/usr/local/include    -fpic  -g -O2  -Wall -Werror=format-security  -c as_dist.cpp -o as_dist.o
g++ -std=gnu++17 -shared -L/home/biocbuild/bbs-3.23-bioc/R/lib -L/usr/local/lib -o ChromSCape.so RcppExports.o as_dist.o -L/home/biocbuild/bbs-3.23-bioc/R/lib -lR
installing to /home/biocbuild/bbs-3.23-bioc/R/site-library/00LOCK-ChromSCape/00new/ChromSCape/libs
** R
** data
** inst
** byte-compile and prepare package for lazy loading
** help
*** installing help indices
** building package indices
** installing vignettes
** testing if installed package can be loaded from temporary location
** checking absolute paths in shared objects and dynamic libraries
** testing if installed package can be loaded from final location
** testing if installed package keeps a record of temporary installation path
* DONE (ChromSCape)

Tests output

ChromSCape.Rcheck/tests/testthat.Rout


R Under development (unstable) (2025-10-20 r88955) -- "Unsuffered Consequences"
Copyright (C) 2025 The R Foundation for Statistical Computing
Platform: x86_64-pc-linux-gnu

R is free software and comes with ABSOLUTELY NO WARRANTY.
You are welcome to redistribute it under certain conditions.
Type 'license()' or 'licence()' for distribution details.

R is a collaborative project with many contributors.
Type 'contributors()' for more information and
'citation()' on how to cite R or R packages in publications.

Type 'demo()' for some demos, 'help()' for on-line help, or
'help.start()' for an HTML browser interface to help.
Type 'q()' to quit R.

> library(testthat)
> library(ChromSCape)
> 
> test_check("ChromSCape")
[ FAIL 0 | WARN 2 | SKIP 0 | PASS 11 ]

[ FAIL 0 | WARN 2 | SKIP 0 | PASS 11 ]
> 
> proc.time()
   user  system elapsed 
 39.764   2.612  42.151 

Example timings

ChromSCape.Rcheck/ChromSCape-Ex.timings

nameusersystemelapsed
CheA3_TF_nTargets0.0070.0010.007
CompareWilcox6.2270.3456.516
CompareedgeRGLM4.4490.3114.570
annotToCol20.8460.0870.934
calculate_CNA22.754 2.50425.259
calculate_cyto_mat22.453 0.98723.441
calculate_gain_or_loss21.985 1.28623.273
calculate_logRatio_CNA21.611 1.41323.035
choose_cluster_scExp3.2140.1543.445
colors_scExp0.2690.0020.271
consensus_clustering_scExp3.7800.2394.013
correlation_and_hierarchical_clust_scExp0.3010.0030.297
create_project_folder0.0010.0010.001
create_scDataset_raw6.5870.3776.965
create_scExp0.4490.0050.454
define_feature0.1650.0040.169
detect_samples1.2240.1331.265
differential_activation5.1870.0785.266
differential_analysis_scExp2.7740.0652.841
enrich_TF_ChEA3_genes0.4680.1151.791
enrich_TF_ChEA3_scExp1.1130.0575.173
exclude_features_scExp0.4310.0200.452
feature_annotation_scExp1.3470.0911.438
filter_correlated_cell_scExp9.7450.1719.901
filter_scExp0.5110.0110.521
find_clusters_louvain_scExp0.2980.0050.301
find_top_features0.3100.0050.315
gene_set_enrichment_analysis_scExp0.2060.0090.215
generate_analysis0.0000.0000.001
generate_coverage_tracks000
generate_report000
getExperimentNames0.2260.0070.232
getMainExperiment0.2640.0060.270
get_cyto_features19.339 0.48219.821
get_genomic_coordinates0.4110.0450.457
get_most_variable_cyto22.599 1.16823.772
get_pathway_mat_scExp72.609 3.09875.711
has_genomic_coordinates0.6310.0040.635
import_scExp8.2960.0898.386
inter_correlation_scExp0.3440.0060.351
intra_correlation_scExp0.3460.0050.351
launchApp000
normalize_scExp0.4210.0120.433
num_cell_after_QC_filt_scExp0.4430.0030.447
num_cell_after_cor_filt_scExp13.525 0.11713.623
num_cell_before_cor_filt_scExp0.2080.0030.211
num_cell_in_cluster_scExp0.3890.0100.391
num_cell_scExp0.3490.0010.351
plot_cluster_consensus_scExp1.0760.0031.079
plot_correlation_PCA_scExp1.2910.0021.293
plot_coverage_BigWig0.2010.0030.205
plot_differential_summary_scExp0.2300.0010.231
plot_differential_volcano_scExp0.3160.0030.318
plot_distribution_scExp0.4480.0030.452
plot_gain_or_loss_barplots50.794 0.41751.212
plot_heatmap_scExp0.2970.0040.301
plot_inter_correlation_scExp0.6420.0040.646
plot_intra_correlation_scExp0.6160.0000.616
plot_most_contributing_features0.4590.0000.460
plot_percent_active_feature_scExp0.5060.0000.507
plot_pie_most_contributing_chr0.2730.0030.276
plot_reduced_dim_scExp1.6290.0091.639
plot_reduced_dim_scExp_CNA24.066 0.23224.301
plot_top_TF_scExp0.6330.0020.635
plot_violin_feature_scExp0.6710.0120.683
preprocess_CPM0.4220.0310.454
preprocess_RPKM0.4320.0320.464
preprocess_TFIDF0.4160.0250.440
preprocess_TPM0.4680.0250.494
preprocess_feature_size_only0.3990.0140.413
preprocessing_filtering_and_reduction 9.895 0.14010.029
read_sparse_matrix000
rebin_matrix 8.363 0.04424.633
reduce_dims_scExp1.6130.0211.633
scExp1.0890.0041.095
subsample_scExp0.5670.0000.569
subset_bam_call_peaks000
summary_DA0.2310.0010.233
swapAltExp_sameColData0.3060.0010.307
table_enriched_genes_scExp0.2110.0020.213
wrapper_Signac_FeatureMatrix0.0000.0000.001