| Back to Multiple platform build/check report for BioC 3.23: simplified long |
|
This page was generated on 2025-11-19 10:13 -0500 (Wed, 19 Nov 2025).
| Hostname | OS | Arch (*) | R version | Installed pkgs |
|---|---|---|---|---|
| nebbiolo1 | Linux (Ubuntu 24.04.3 LTS) | x86_64 | R Under development (unstable) (2025-10-20 r88955) -- "Unsuffered Consequences" | 4827 |
| lconway | macOS 12.7.6 Monterey | x86_64 | R Under development (unstable) (2025-10-21 r88958) -- "Unsuffered Consequences" | 4600 |
| kjohnson3 | macOS 13.7.7 Ventura | arm64 | R Under development (unstable) (2025-11-04 r88984) -- "Unsuffered Consequences" | 4564 |
| Click on any hostname to see more info about the system (e.g. compilers) (*) as reported by 'uname -p', except on Windows and Mac OS X | ||||
| Package 1287/2325 | Hostname | OS / Arch | INSTALL | BUILD | CHECK | BUILD BIN | ||||||||
| mina 1.19.0 (landing page) Rui Guan
| nebbiolo1 | Linux (Ubuntu 24.04.3 LTS) / x86_64 | OK | OK | WARNINGS | |||||||||
| lconway | macOS 12.7.6 Monterey / x86_64 | OK | OK | WARNINGS | OK | |||||||||
| kjohnson3 | macOS 13.7.7 Ventura / arm64 | OK | OK | WARNINGS | OK | |||||||||
|
To the developers/maintainers of the mina package: - Allow up to 24 hours (and sometimes 48 hours) for your latest push to git@git.bioconductor.org:packages/mina.git to reflect on this report. See Troubleshooting Build Report for more information. - Use the following Renviron settings to reproduce errors and warnings. - If 'R CMD check' started to fail recently on the Linux builder(s) over a missing dependency, add the missing dependency to 'Suggests:' in your DESCRIPTION file. See Renviron.bioc for more information. |
| Package: mina |
| Version: 1.19.0 |
| Command: /Library/Frameworks/R.framework/Resources/bin/R CMD check --install=check:mina.install-out.txt --library=/Library/Frameworks/R.framework/Resources/library --no-vignettes --timings mina_1.19.0.tar.gz |
| StartedAt: 2025-11-18 22:19:41 -0500 (Tue, 18 Nov 2025) |
| EndedAt: 2025-11-18 22:24:01 -0500 (Tue, 18 Nov 2025) |
| EllapsedTime: 260.5 seconds |
| RetCode: 0 |
| Status: WARNINGS |
| CheckDir: mina.Rcheck |
| Warnings: 1 |
##############################################################################
##############################################################################
###
### Running command:
###
### /Library/Frameworks/R.framework/Resources/bin/R CMD check --install=check:mina.install-out.txt --library=/Library/Frameworks/R.framework/Resources/library --no-vignettes --timings mina_1.19.0.tar.gz
###
##############################################################################
##############################################################################
* using log directory ‘/Users/biocbuild/bbs-3.23-bioc/meat/mina.Rcheck’
* using R Under development (unstable) (2025-10-21 r88958)
* using platform: x86_64-apple-darwin20
* R was compiled by
Apple clang version 14.0.0 (clang-1400.0.29.202)
GNU Fortran (GCC) 14.2.0
* running under: macOS Ventura 13.7.8
* using session charset: UTF-8
* using option ‘--no-vignettes’
* checking for file ‘mina/DESCRIPTION’ ... OK
* this is package ‘mina’ version ‘1.19.0’
* package encoding: UTF-8
* checking package namespace information ... OK
* checking package dependencies ... OK
* checking if this is a source package ... OK
* checking if there is a namespace ... OK
* checking for hidden files and directories ... OK
* checking for portable file names ... OK
* checking for sufficient/correct file permissions ... OK
* checking whether package ‘mina’ can be installed ... OK
* used C++ compiler: ‘Apple clang version 14.0.3 (clang-1403.0.22.14.1)’
* used SDK: ‘MacOSX11.3.1.sdk’
* checking installed package size ... INFO
installed size is 8.2Mb
sub-directories of 1Mb or more:
data 7.6Mb
* checking package directory ... OK
* checking ‘build’ directory ... OK
* checking DESCRIPTION meta-information ... OK
* checking top-level files ... OK
* checking for left-over files ... OK
* checking index information ... OK
* checking package subdirectories ... OK
* checking code files for non-ASCII characters ... OK
* checking R files for syntax errors ... OK
* checking whether the package can be loaded ... OK
* checking whether the package can be loaded with stated dependencies ... OK
* checking whether the package can be unloaded cleanly ... OK
* checking whether the namespace can be loaded with stated dependencies ... OK
* checking whether the namespace can be unloaded cleanly ... OK
* checking dependencies in R code ... OK
* checking S3 generic/method consistency ... OK
* checking replacement functions ... OK
* checking foreign function calls ... OK
* checking R code for possible problems ... NOTE
sparcc: no visible binding for global variable ‘i’
net_dis_pcoa,character: no visible binding for global variable ‘y’
net_dis_pcoa,character: no visible binding for global variable ‘Group’
net_dis_plot,mina: no visible binding for global variable ‘Group1’
net_dis_plot,mina: no visible binding for global variable ‘Group2’
net_dis_plot,mina: no visible binding for global variable ‘Distance’
net_dis_plot,mina: no visible binding for global variable ‘Sig’
Undefined global functions or variables:
Distance Group Group1 Group2 Sig i y
* checking Rd files ... NOTE
checkRd: (-1) re_format_AP.Rd:10: Lost braces; missing escapes or markup?
10 | \item{x}{an {APResult} object from \pkg{apcluster}.}
| ^
* checking Rd metadata ... OK
* checking Rd cross-references ... OK
* checking for missing documentation entries ... OK
* checking for code/documentation mismatches ... OK
* checking Rd \usage sections ... OK
* checking Rd contents ... OK
* checking for unstated dependencies in examples ... OK
* checking contents of ‘data’ directory ... OK
* checking data for non-ASCII characters ... OK
* checking LazyData ... WARNING
LazyData DB of 7.6 MB without LazyDataCompression set
See §1.1.6 of 'Writing R Extensions'
* checking data for ASCII and uncompressed saves ... OK
* checking line endings in C/C++/Fortran sources/headers ... OK
* checking compiled code ... INFO
Note: information on .o files is not available
* checking files in ‘vignettes’ ... OK
* checking examples ... OK
Examples with CPU (user + system) or elapsed time > 5s
user system elapsed
net_dis_plot 34.277 38.320 35.358
net_dis-mina 16.951 21.973 17.557
dis_stat_accessor 14.143 16.529 14.409
bs_pm-mina 8.488 18.114 6.955
net_cls-mina 18.763 0.549 18.942
com_plot-mina 12.297 4.340 2.090
net_cls-matrix 6.724 0.444 6.728
net_cls 6.447 0.699 6.624
get_net_cls_tab 4.947 0.409 4.904
net_dis 2.172 3.010 2.260
get_net_cls_tab-matrix-data.frame-method 4.677 0.491 4.691
bs_pm 2.200 2.927 2.178
* checking for unstated dependencies in vignettes ... OK
* checking package vignettes ... OK
* checking running R code from vignettes ... SKIPPED
* checking re-building of vignette outputs ... SKIPPED
* checking PDF version of manual ... OK
* DONE
Status: 1 WARNING, 2 NOTEs
See
‘/Users/biocbuild/bbs-3.23-bioc/meat/mina.Rcheck/00check.log’
for details.
mina.Rcheck/00install.out
############################################################################## ############################################################################## ### ### Running command: ### ### /Library/Frameworks/R.framework/Resources/bin/R CMD INSTALL mina ### ############################################################################## ############################################################################## * installing to library ‘/Library/Frameworks/R.framework/Versions/4.6-x86_64/Resources/library’ * installing *source* package ‘mina’ ... ** this is package ‘mina’ version ‘1.19.0’ ** using staged installation ** libs using C++ compiler: ‘Apple clang version 14.0.3 (clang-1403.0.22.14.1)’ using SDK: ‘MacOSX11.3.1.sdk’ clang++ -arch x86_64 -std=gnu++17 -I"/Library/Frameworks/R.framework/Resources/include" -DNDEBUG -I'/Library/Frameworks/R.framework/Versions/4.6-x86_64/Resources/library/Rcpp/include' -I'/Library/Frameworks/R.framework/Versions/4.6-x86_64/Resources/library/RcppParallel/include' -I'/Library/Frameworks/R.framework/Versions/4.6-x86_64/Resources/library/RcppArmadillo/include' -I/opt/R/x86_64/include -fPIC -falign-functions=64 -Wall -g -O2 -c RcppExports.cpp -o RcppExports.o clang++ -arch x86_64 -std=gnu++17 -I"/Library/Frameworks/R.framework/Resources/include" -DNDEBUG -I'/Library/Frameworks/R.framework/Versions/4.6-x86_64/Resources/library/Rcpp/include' -I'/Library/Frameworks/R.framework/Versions/4.6-x86_64/Resources/library/RcppParallel/include' -I'/Library/Frameworks/R.framework/Versions/4.6-x86_64/Resources/library/RcppArmadillo/include' -I/opt/R/x86_64/include -fPIC -falign-functions=64 -Wall -g -O2 -c cp_cor.cpp -o cp_cor.o clang++ -arch x86_64 -std=gnu++17 -dynamiclib -Wl,-headerpad_max_install_names -undefined dynamic_lookup -L/Library/Frameworks/R.framework/Resources/lib -L/opt/R/x86_64/lib -o mina.so RcppExports.o cp_cor.o -F/Library/Frameworks/R.framework/.. -framework R installing to /Library/Frameworks/R.framework/Versions/4.6-x86_64/Resources/library/00LOCK-mina/00new/mina/libs ** R ** data *** moving datasets to lazyload DB ** byte-compile and prepare package for lazy loading Creating a new generic function for ‘norm’ in package ‘mina’ ** help *** installing help indices ** building package indices ** installing vignettes ** testing if installed package can be loaded from temporary location ** checking absolute paths in shared objects and dynamic libraries ** testing if installed package can be loaded from final location ** testing if installed package keeps a record of temporary installation path * DONE (mina)
mina.Rcheck/mina-Ex.timings
| name | user | system | elapsed | |
| adj-matrix | 0.640 | 0.162 | 0.383 | |
| adj-mina | 0.944 | 0.220 | 0.696 | |
| adj | 0.889 | 0.063 | 0.632 | |
| adj_method_list | 0.079 | 0.199 | 0.174 | |
| bs_pm-mina | 8.488 | 18.114 | 6.955 | |
| bs_pm | 2.200 | 2.927 | 2.178 | |
| check_mina | 0.059 | 0.025 | 0.084 | |
| check_mina_de | 0.057 | 0.022 | 0.079 | |
| check_mina_qu | 0.053 | 0.022 | 0.077 | |
| cls_tab | 0.062 | 0.056 | 0.119 | |
| com_dis-matrix | 0.453 | 0.047 | 0.227 | |
| com_dis-mina | 0.299 | 0.196 | 0.068 | |
| com_dis | 0.464 | 0.132 | 0.239 | |
| com_dis_list | 0.125 | 0.147 | 0.193 | |
| com_plot-mina | 12.297 | 4.340 | 2.090 | |
| com_plot | 0.235 | 0.211 | 0.236 | |
| com_r2-mina | 0.738 | 0.191 | 0.513 | |
| com_r2 | 0.891 | 0.279 | 0.617 | |
| data-hmp | 0.001 | 0.002 | 0.004 | |
| data-maize | 0.001 | 0.002 | 0.003 | |
| des_accessor | 0.003 | 0.001 | 0.002 | |
| dis_accessor | 0.279 | 0.055 | 0.054 | |
| dis_stat_accessor | 14.143 | 16.529 | 14.409 | |
| dmr-matrix | 0.568 | 0.120 | 0.345 | |
| dmr-mina | 0.575 | 0.227 | 0.429 | |
| dmr | 0.544 | 0.160 | 0.321 | |
| dmr_accessor | 0.552 | 0.161 | 0.319 | |
| fit_tabs-mina | 0.689 | 0.225 | 0.926 | |
| fit_tabs | 1.089 | 0.295 | 1.395 | |
| get_net_cls_tab-matrix-data.frame-method | 4.677 | 0.491 | 4.691 | |
| get_net_cls_tab | 4.947 | 0.409 | 4.904 | |
| get_r2-mat | 0.682 | 0.138 | 0.457 | |
| get_r2 | 0.701 | 0.136 | 0.477 | |
| get_rep-matrix | 0.244 | 0.007 | 0.251 | |
| get_rep-mima | 0.693 | 0.112 | 0.811 | |
| hmp_des | 0.000 | 0.001 | 0.002 | |
| hmp_otu | 0.001 | 0.001 | 0.002 | |
| maize_asv | 0.001 | 0.002 | 0.002 | |
| maize_asv2 | 0.001 | 0.002 | 0.003 | |
| maize_des | 0.001 | 0.002 | 0.002 | |
| maize_des2 | 0.001 | 0.002 | 0.003 | |
| mina-class | 0.002 | 0.001 | 0.002 | |
| net_cls-matrix | 6.724 | 0.444 | 6.728 | |
| net_cls-mina | 18.763 | 0.549 | 18.942 | |
| net_cls | 6.447 | 0.699 | 6.624 | |
| net_cls_tab-mina-method | 1.577 | 0.258 | 1.300 | |
| net_cls_tab | 4.172 | 0.488 | 4.123 | |
| net_dis-mina | 16.951 | 21.973 | 17.557 | |
| net_dis | 2.172 | 3.010 | 2.260 | |
| net_dis_indi | 0.000 | 0.001 | 0.001 | |
| net_dis_pcoa | 0.000 | 0.001 | 0.001 | |
| net_dis_plot | 34.277 | 38.320 | 35.358 | |
| net_grp_cmp | 0.000 | 0.001 | 0.000 | |
| net_node_cmp | 0.000 | 0.001 | 0.001 | |
| norm_accessor | 0.029 | 0.001 | 0.030 | |
| norm_tab-matrix | 0.684 | 0.109 | 0.804 | |
| norm_tab-mina | 0.646 | 0.037 | 0.687 | |
| norm_tab | 0.029 | 0.001 | 0.029 | |
| norm_tab_method_list | 0.063 | 0.046 | 0.128 | |
| pcoa_plot | 1.316 | 0.451 | 0.881 | |
| sim_par | 0.001 | 0.000 | 0.001 | |
| sparcc | 0 | 0 | 0 | |
| tab_accessor | 0.000 | 0.000 | 0.001 | |
| tina-matrix-method | 0 | 0 | 0 | |
| tina | 0.000 | 0.001 | 0.001 | |